{"id":1244,"date":"2025-12-29T20:52:57","date_gmt":"2025-12-29T19:52:57","guid":{"rendered":"https:\/\/thomas-bedel.de\/patio\/?page_id=1244"},"modified":"2025-12-29T20:52:57","modified_gmt":"2025-12-29T19:52:57","slug":"attersee","status":"publish","type":"page","link":"https:\/\/thomas-bedel.de\/patio\/attersee\/","title":{"rendered":"Attersee"},"content":{"rendered":"<p>Sch\u00f6nheit &#8217;68. Dritter Teil<br \/>\nAttersee zum 1. Mal in Deutschland.<br \/>\nZur Er\u00f6ffnung lesen Gerhard R\u00fchm und Oswald Wiener.<\/p>\n","protected":false},"excerpt":{"rendered":"<p>Sch\u00f6nheit &#8217;68. Dritter Teil Attersee zum 1. Mal in Deutschland. Zur Er\u00f6ffnung lesen Gerhard R\u00fchm und Oswald Wiener.<\/p>\n","protected":false},"author":1,"featured_media":0,"parent":0,"menu_order":0,"comment_status":"closed","ping_status":"closed","template":"","meta":{"_coblocks_attr":"","_coblocks_dimensions":"","_coblocks_responsive_height":"","_coblocks_accordion_ie_support":"","_links_to":"","_links_to_target":""},"_links":{"self":[{"href":"https:\/\/thomas-bedel.de\/patio\/wp-json\/wp\/v2\/pages\/1244"}],"collection":[{"href":"https:\/\/thomas-bedel.de\/patio\/wp-json\/wp\/v2\/pages"}],"about":[{"href":"https:\/\/thomas-bedel.de\/patio\/wp-json\/wp\/v2\/types\/page"}],"author":[{"embeddable":true,"href":"https:\/\/thomas-bedel.de\/patio\/wp-json\/wp\/v2\/users\/1"}],"replies":[{"embeddable":true,"href":"https:\/\/thomas-bedel.de\/patio\/wp-json\/wp\/v2\/comments?post=1244"}],"version-history":[{"count":1,"href":"https:\/\/thomas-bedel.de\/patio\/wp-json\/wp\/v2\/pages\/1244\/revisions"}],"predecessor-version":[{"id":1245,"href":"https:\/\/thomas-bedel.de\/patio\/wp-json\/wp\/v2\/pages\/1244\/revisions\/1245"}],"wp:attachment":[{"href":"https:\/\/thomas-bedel.de\/patio\/wp-json\/wp\/v2\/media?parent=1244"}],"curies":[{"name":"wp","href":"https:\/\/api.w.org\/{rel}","templated":true}]}}

<p>Schönheit &#8217;68. Dritter Teil<br />
Attersee zum 1. Mal in Deutschland.<br />
Zur Eröffnung lesen Gerhard Rühm und Oswald Wiener.</p>

<p>Schönheit &#8217;68. Dritter Teil Attersee zum 1. Mal in Deutschland. Zur Eröffnung lesen Gerhard Rühm und Oswald Wiener.</p>
