{"id":127,"date":"2025-03-26T19:24:10","date_gmt":"2025-03-26T18:24:10","guid":{"rendered":"https:\/\/thomas-bedel.de\/patio\/?page_id=127"},"modified":"2025-12-30T23:32:00","modified_gmt":"2025-12-30T22:32:00","slug":"baechler","status":"publish","type":"page","link":"https:\/\/thomas-bedel.de\/patio\/baechler\/","title":{"rendered":"Don Baechler"},"content":{"rendered":"<p>&#8222;Totes Schwein and other nice objects&#8220;<br \/>\n1. Ausstellung Don Baechlers in Deutschland. M\u00f6glicherweise die erste Ausstellung eines \u201eNeuen Wilden&#8220; \u00fcberhaupt. Dazu Katalog in der Reihe<br \/>\nPA-RA-B\u00dc. Einf\u00fchrung: Gerhard Naschberger.<\/p>\n<p><a href=\"https:\/\/thomas-bedel.de\/patio\/wp-content\/uploads\/sites\/3\/2025\/03\/Baechler.jpg\"><img decoding=\"async\" loading=\"lazy\" class=\"aligncenter size-large wp-image-128\" src=\"https:\/\/thomas-bedel.de\/patio\/wp-content\/uploads\/sites\/3\/2025\/03\/Baechler-722x1024.jpg\" alt=\"\" width=\"722\" height=\"1024\" srcset=\"https:\/\/thomas-bedel.de\/patio\/wp-content\/uploads\/sites\/3\/2025\/03\/Baechler-722x1024.jpg 722w, https:\/\/thomas-bedel.de\/patio\/wp-content\/uploads\/sites\/3\/2025\/03\/Baechler-212x300.jpg 212w, https:\/\/thomas-bedel.de\/patio\/wp-content\/uploads\/sites\/3\/2025\/03\/Baechler-768x1089.jpg 768w, https:\/\/thomas-bedel.de\/patio\/wp-content\/uploads\/sites\/3\/2025\/03\/Baechler.jpg 1058w\" sizes=\"(max-width: 722px) 100vw, 722px\" \/><\/a><\/p>\n","protected":false},"excerpt":{"rendered":"<p>&#8222;Totes Schwein and other nice objects&#8220; 1. Ausstellung Don Baechlers in Deutschland. M\u00f6glicherweise die erste Ausstellung eines \u201eNeuen Wilden&#8220; \u00fcberhaupt. Dazu Katalog in der Reihe PA-RA-B\u00dc. Einf\u00fchrung: Gerhard Naschberger.<\/p>\n","protected":false},"author":1,"featured_media":0,"parent":0,"menu_order":0,"comment_status":"closed","ping_status":"closed","template":"","meta":{"_coblocks_attr":"","_coblocks_dimensions":"","_coblocks_responsive_height":"","_coblocks_accordion_ie_support":"","_links_to":"","_links_to_target":""},"_links":{"self":[{"href":"https:\/\/thomas-bedel.de\/patio\/wp-json\/wp\/v2\/pages\/127"}],"collection":[{"href":"https:\/\/thomas-bedel.de\/patio\/wp-json\/wp\/v2\/pages"}],"about":[{"href":"https:\/\/thomas-bedel.de\/patio\/wp-json\/wp\/v2\/types\/page"}],"author":[{"embeddable":true,"href":"https:\/\/thomas-bedel.de\/patio\/wp-json\/wp\/v2\/users\/1"}],"replies":[{"embeddable":true,"href":"https:\/\/thomas-bedel.de\/patio\/wp-json\/wp\/v2\/comments?post=127"}],"version-history":[{"count":3,"href":"https:\/\/thomas-bedel.de\/patio\/wp-json\/wp\/v2\/pages\/127\/revisions"}],"predecessor-version":[{"id":1367,"href":"https:\/\/thomas-bedel.de\/patio\/wp-json\/wp\/v2\/pages\/127\/revisions\/1367"}],"wp:attachment":[{"href":"https:\/\/thomas-bedel.de\/patio\/wp-json\/wp\/v2\/media?parent=127"}],"curies":[{"name":"wp","href":"https:\/\/api.w.org\/{rel}","templated":true}]}}

<p>&#8222;Totes Schwein and other nice objects&#8220;<br />
1. Ausstellung Don Baechlers in Deutschland. Möglicherweise die erste Ausstellung eines „Neuen Wilden&#8220; überhaupt. Dazu Katalog in der Reihe<br />
PA-RA-BÜ. Einführung: Gerhard Naschberger.</p>
<p><a href="https://thomas-bedel.de/patio/wp-content/uploads/sites/3/2025/03/Baechler.jpg"><img decoding="async" loading="lazy" class="aligncenter size-large wp-image-128" src="https://thomas-bedel.de/patio/wp-content/uploads/sites/3/2025/03/Baechler-722x1024.jpg" alt="" width="722" height="1024" srcset="https://thomas-bedel.de/patio/wp-content/uploads/sites/3/2025/03/Baechler-722x1024.jpg 722w, https://thomas-bedel.de/patio/wp-content/uploads/sites/3/2025/03/Baechler-212x300.jpg 212w, https://thomas-bedel.de/patio/wp-content/uploads/sites/3/2025/03/Baechler-768x1089.jpg 768w, https://thomas-bedel.de/patio/wp-content/uploads/sites/3/2025/03/Baechler.jpg 1058w" sizes="(max-width: 722px) 100vw, 722px" /></a></p>

<p>&#8222;Totes Schwein and other nice objects&#8220; 1. Ausstellung Don Baechlers in Deutschland. Möglicherweise die erste Ausstellung eines „Neuen Wilden&#8220; überhaupt. Dazu Katalog in der Reihe PA-RA-BÜ. Einführung: Gerhard Naschberger.</p>
