{"id":1349,"date":"2025-12-30T23:10:29","date_gmt":"2025-12-30T22:10:29","guid":{"rendered":"https:\/\/thomas-bedel.de\/patio\/?page_id=1349"},"modified":"2026-01-01T23:09:49","modified_gmt":"2026-01-01T22:09:49","slug":"patios-naturkunst","status":"publish","type":"page","link":"https:\/\/thomas-bedel.de\/patio\/patios-naturkunst\/","title":{"rendered":"Patios Naturkunst"},"content":{"rendered":"<p>Ausstellung zum Erscheinen der Tagebuchbl\u00e4tter von D.H. Thoreau im Patio-Verlag.<br \/>\nDie Galerie wird zu einem St\u00fcck Wald gestaltet. Kroe malt an die gro\u00dfe Wand eine illusionistische Landschaft, das Senckenberg-Museum leiht einige ausgestopfe Tiere aus, die Patioten schw\u00e4rmen in die W\u00e4lder aus, um B\u00e4umchen und Laub herbeizuholen, eine Blockh\u00fctte wird gebaut; geht es doch um den \u201eWalden&#8220;-Autor David Henry Thoreau, dessen Tagebuchausz\u00fcge gerade im Patio-Verlag, erschienen sind.<br \/>\nZur Ausstellungser\u00f6ffnung gibt es &#8218;baked beans&#8216; und ein sch\u00f6ner Film entsteht.<\/p>\n","protected":false},"excerpt":{"rendered":"<p>Ausstellung zum Erscheinen der Tagebuchbl\u00e4tter von D.H. Thoreau im Patio-Verlag. Die Galerie wird zu einem St\u00fcck Wald gestaltet. Kroe malt an die gro\u00dfe Wand eine illusionistische Landschaft, das Senckenberg-Museum leiht einige ausgestopfe Tiere aus, die Patioten schw\u00e4rmen in die W\u00e4lder aus, um B\u00e4umchen und Laub herbeizuholen, eine Blockh\u00fctte wird gebaut; geht es doch um den<\/p>\n","protected":false},"author":1,"featured_media":0,"parent":0,"menu_order":0,"comment_status":"closed","ping_status":"closed","template":"","meta":{"_coblocks_attr":"","_coblocks_dimensions":"","_coblocks_responsive_height":"","_coblocks_accordion_ie_support":"","_links_to":"","_links_to_target":""},"_links":{"self":[{"href":"https:\/\/thomas-bedel.de\/patio\/wp-json\/wp\/v2\/pages\/1349"}],"collection":[{"href":"https:\/\/thomas-bedel.de\/patio\/wp-json\/wp\/v2\/pages"}],"about":[{"href":"https:\/\/thomas-bedel.de\/patio\/wp-json\/wp\/v2\/types\/page"}],"author":[{"embeddable":true,"href":"https:\/\/thomas-bedel.de\/patio\/wp-json\/wp\/v2\/users\/1"}],"replies":[{"embeddable":true,"href":"https:\/\/thomas-bedel.de\/patio\/wp-json\/wp\/v2\/comments?post=1349"}],"version-history":[{"count":2,"href":"https:\/\/thomas-bedel.de\/patio\/wp-json\/wp\/v2\/pages\/1349\/revisions"}],"predecessor-version":[{"id":1392,"href":"https:\/\/thomas-bedel.de\/patio\/wp-json\/wp\/v2\/pages\/1349\/revisions\/1392"}],"wp:attachment":[{"href":"https:\/\/thomas-bedel.de\/patio\/wp-json\/wp\/v2\/media?parent=1349"}],"curies":[{"name":"wp","href":"https:\/\/api.w.org\/{rel}","templated":true}]}}

<p>Ausstellung zum Erscheinen der Tagebuchblätter von D.H. Thoreau im Patio-Verlag.<br />
Die Galerie wird zu einem Stück Wald gestaltet. Kroe malt an die große Wand eine illusionistische Landschaft, das Senckenberg-Museum leiht einige ausgestopfe Tiere aus, die Patioten schwärmen in die Wälder aus, um Bäumchen und Laub herbeizuholen, eine Blockhütte wird gebaut; geht es doch um den „Walden&#8220;-Autor David Henry Thoreau, dessen Tagebuchauszüge gerade im Patio-Verlag, erschienen sind.<br />
Zur Ausstellungseröffnung gibt es &#8218;baked beans&#8216; und ein schöner Film entsteht.</p>

<p>Ausstellung zum Erscheinen der Tagebuchblätter von D.H. Thoreau im Patio-Verlag. Die Galerie wird zu einem Stück Wald gestaltet. Kroe malt an die große Wand eine illusionistische Landschaft, das Senckenberg-Museum leiht einige ausgestopfe Tiere aus, die Patioten schwärmen in die Wälder aus, um Bäumchen und Laub herbeizuholen, eine Blockhütte wird gebaut; geht es doch um den</p>
