{"id":1380,"date":"2025-12-31T00:04:39","date_gmt":"2025-12-30T23:04:39","guid":{"rendered":"https:\/\/thomas-bedel.de\/patio\/?page_id=1380"},"modified":"2025-12-31T00:04:39","modified_gmt":"2025-12-30T23:04:39","slug":"accrochage-2","status":"publish","type":"page","link":"https:\/\/thomas-bedel.de\/patio\/accrochage-2\/","title":{"rendered":"Accrochage"},"content":{"rendered":"<p>Carl H\u00e4be, Peter Nettesheim, Walter Zimbrich, Nikolaus Jungwirth, Carmen Berr, Walter Kroe, Hermann Tomada, Manfred Linke, Renate Sautermeister, Annegret Soltau, Klaus M\u00fcnchschwander, Ulrich Bossmann, Franz-Josef Weber, Therese Traube, Suzan Hijab, Bernhard J\u00e4ger, Gabi Michel, G\u00fcnter Maniewski, Paulus B\u00f6hmer, Peter Engel, J\u00f6rg Stein, Annie Greiner, Karl Riha.<br \/>\n16.12. Lesung: Lore Wolf<\/p>\n","protected":false},"excerpt":{"rendered":"<p>Carl H\u00e4be, Peter Nettesheim, Walter Zimbrich, Nikolaus Jungwirth, Carmen Berr, Walter Kroe, Hermann Tomada, Manfred Linke, Renate Sautermeister, Annegret Soltau, Klaus M\u00fcnchschwander, Ulrich Bossmann, Franz-Josef Weber, Therese Traube, Suzan Hijab, Bernhard J\u00e4ger, Gabi Michel, G\u00fcnter Maniewski, Paulus B\u00f6hmer, Peter Engel, J\u00f6rg Stein, Annie Greiner, Karl Riha. 16.12. Lesung: Lore Wolf<\/p>\n","protected":false},"author":1,"featured_media":0,"parent":0,"menu_order":0,"comment_status":"closed","ping_status":"closed","template":"","meta":{"_coblocks_attr":"","_coblocks_dimensions":"","_coblocks_responsive_height":"","_coblocks_accordion_ie_support":"","_links_to":"","_links_to_target":""},"_links":{"self":[{"href":"https:\/\/thomas-bedel.de\/patio\/wp-json\/wp\/v2\/pages\/1380"}],"collection":[{"href":"https:\/\/thomas-bedel.de\/patio\/wp-json\/wp\/v2\/pages"}],"about":[{"href":"https:\/\/thomas-bedel.de\/patio\/wp-json\/wp\/v2\/types\/page"}],"author":[{"embeddable":true,"href":"https:\/\/thomas-bedel.de\/patio\/wp-json\/wp\/v2\/users\/1"}],"replies":[{"embeddable":true,"href":"https:\/\/thomas-bedel.de\/patio\/wp-json\/wp\/v2\/comments?post=1380"}],"version-history":[{"count":1,"href":"https:\/\/thomas-bedel.de\/patio\/wp-json\/wp\/v2\/pages\/1380\/revisions"}],"predecessor-version":[{"id":1381,"href":"https:\/\/thomas-bedel.de\/patio\/wp-json\/wp\/v2\/pages\/1380\/revisions\/1381"}],"wp:attachment":[{"href":"https:\/\/thomas-bedel.de\/patio\/wp-json\/wp\/v2\/media?parent=1380"}],"curies":[{"name":"wp","href":"https:\/\/api.w.org\/{rel}","templated":true}]}}

<p>Carl Häbe, Peter Nettesheim, Walter Zimbrich, Nikolaus Jungwirth, Carmen Berr, Walter Kroe, Hermann Tomada, Manfred Linke, Renate Sautermeister, Annegret Soltau, Klaus Münchschwander, Ulrich Bossmann, Franz-Josef Weber, Therese Traube, Suzan Hijab, Bernhard Jäger, Gabi Michel, Günter Maniewski, Paulus Böhmer, Peter Engel, Jörg Stein, Annie Greiner, Karl Riha.<br />
16.12. Lesung: Lore Wolf</p>

<p>Carl Häbe, Peter Nettesheim, Walter Zimbrich, Nikolaus Jungwirth, Carmen Berr, Walter Kroe, Hermann Tomada, Manfred Linke, Renate Sautermeister, Annegret Soltau, Klaus Münchschwander, Ulrich Bossmann, Franz-Josef Weber, Therese Traube, Suzan Hijab, Bernhard Jäger, Gabi Michel, Günter Maniewski, Paulus Böhmer, Peter Engel, Jörg Stein, Annie Greiner, Karl Riha. 16.12. Lesung: Lore Wolf</p>
