{"id":1383,"date":"2025-12-31T00:10:27","date_gmt":"2025-12-30T23:10:27","guid":{"rendered":"https:\/\/thomas-bedel.de\/patio\/?page_id=1383"},"modified":"2025-12-31T00:10:27","modified_gmt":"2025-12-30T23:10:27","slug":"1-patioffen","status":"publish","type":"page","link":"https:\/\/thomas-bedel.de\/patio\/1-patioffen\/","title":{"rendered":"1. PatiOffen"},"content":{"rendered":"<p>(Patio stellt R\u00e4ume und Mittel jungen K\u00fcnstlern zur Verf\u00fcgung, die eine Ausstellung in eigener Verantwortung durchf\u00fchren).<br \/>\nHans Br\u00fcckner, Paul Jakob, Ralf Kirchner<\/p>\n","protected":false},"excerpt":{"rendered":"<p>(Patio stellt R\u00e4ume und Mittel jungen K\u00fcnstlern zur Verf\u00fcgung, die eine Ausstellung in eigener Verantwortung durchf\u00fchren). Hans Br\u00fcckner, Paul Jakob, Ralf Kirchner<\/p>\n","protected":false},"author":1,"featured_media":0,"parent":0,"menu_order":0,"comment_status":"closed","ping_status":"closed","template":"","meta":{"_coblocks_attr":"","_coblocks_dimensions":"","_coblocks_responsive_height":"","_coblocks_accordion_ie_support":"","_links_to":"","_links_to_target":""},"_links":{"self":[{"href":"https:\/\/thomas-bedel.de\/patio\/wp-json\/wp\/v2\/pages\/1383"}],"collection":[{"href":"https:\/\/thomas-bedel.de\/patio\/wp-json\/wp\/v2\/pages"}],"about":[{"href":"https:\/\/thomas-bedel.de\/patio\/wp-json\/wp\/v2\/types\/page"}],"author":[{"embeddable":true,"href":"https:\/\/thomas-bedel.de\/patio\/wp-json\/wp\/v2\/users\/1"}],"replies":[{"embeddable":true,"href":"https:\/\/thomas-bedel.de\/patio\/wp-json\/wp\/v2\/comments?post=1383"}],"version-history":[{"count":1,"href":"https:\/\/thomas-bedel.de\/patio\/wp-json\/wp\/v2\/pages\/1383\/revisions"}],"predecessor-version":[{"id":1384,"href":"https:\/\/thomas-bedel.de\/patio\/wp-json\/wp\/v2\/pages\/1383\/revisions\/1384"}],"wp:attachment":[{"href":"https:\/\/thomas-bedel.de\/patio\/wp-json\/wp\/v2\/media?parent=1383"}],"curies":[{"name":"wp","href":"https:\/\/api.w.org\/{rel}","templated":true}]}}

<p>(Patio stellt Räume und Mittel jungen Künstlern zur Verfügung, die eine Ausstellung in eigener Verantwortung durchführen).<br />
Hans Brückner, Paul Jakob, Ralf Kirchner</p>

<p>(Patio stellt Räume und Mittel jungen Künstlern zur Verfügung, die eine Ausstellung in eigener Verantwortung durchführen). Hans Brückner, Paul Jakob, Ralf Kirchner</p>
