{"id":139,"date":"2025-03-26T20:04:55","date_gmt":"2025-03-26T19:04:55","guid":{"rendered":"https:\/\/thomas-bedel.de\/patio\/?page_id=139"},"modified":"2026-01-01T23:21:24","modified_gmt":"2026-01-01T22:21:24","slug":"olbrich","status":"publish","type":"page","link":"https:\/\/thomas-bedel.de\/patio\/olbrich\/","title":{"rendered":"J\u00fcrgen O. Olbrich"},"content":{"rendered":"<p>J\u00fcrgen O. Olbrich macht eine sch\u00f6ne Ausstellung und Aktion. F\u00fcr die Ausstellung klaut er in einem gro\u00dfen Umkreis um die Galerie s\u00e4mtliche Fu\u00dfabstreifer und Schuhkratzeisen zusammen. Die Veranstaltung, zu der sehr wohl Kenner von weither angereist kommen, findet kaum Beachtung.<\/p>\n<p>&nbsp;<\/p>\n<p><a href=\"https:\/\/thomas-bedel.de\/patio\/wp-content\/uploads\/sites\/3\/2025\/03\/Olbrich.jpg\"><img decoding=\"async\" loading=\"lazy\" class=\"aligncenter size-large wp-image-140\" src=\"https:\/\/thomas-bedel.de\/patio\/wp-content\/uploads\/sites\/3\/2025\/03\/Olbrich-1024x709.jpg\" alt=\"\" width=\"1024\" height=\"709\" srcset=\"https:\/\/thomas-bedel.de\/patio\/wp-content\/uploads\/sites\/3\/2025\/03\/Olbrich-1024x709.jpg 1024w, https:\/\/thomas-bedel.de\/patio\/wp-content\/uploads\/sites\/3\/2025\/03\/Olbrich-300x208.jpg 300w, https:\/\/thomas-bedel.de\/patio\/wp-content\/uploads\/sites\/3\/2025\/03\/Olbrich-768x532.jpg 768w, https:\/\/thomas-bedel.de\/patio\/wp-content\/uploads\/sites\/3\/2025\/03\/Olbrich.jpg 1500w\" sizes=\"(max-width: 1024px) 100vw, 1024px\" \/><\/a><\/p>\n","protected":false},"excerpt":{"rendered":"<p>J\u00fcrgen O. Olbrich macht eine sch\u00f6ne Ausstellung und Aktion. F\u00fcr die Ausstellung klaut er in einem gro\u00dfen Umkreis um die Galerie s\u00e4mtliche Fu\u00dfabstreifer und Schuhkratzeisen zusammen. Die Veranstaltung, zu der sehr wohl Kenner von weither angereist kommen, findet kaum Beachtung. &nbsp;<\/p>\n","protected":false},"author":1,"featured_media":0,"parent":0,"menu_order":0,"comment_status":"closed","ping_status":"closed","template":"","meta":{"_coblocks_attr":"","_coblocks_dimensions":"","_coblocks_responsive_height":"","_coblocks_accordion_ie_support":"","_links_to":"","_links_to_target":""},"_links":{"self":[{"href":"https:\/\/thomas-bedel.de\/patio\/wp-json\/wp\/v2\/pages\/139"}],"collection":[{"href":"https:\/\/thomas-bedel.de\/patio\/wp-json\/wp\/v2\/pages"}],"about":[{"href":"https:\/\/thomas-bedel.de\/patio\/wp-json\/wp\/v2\/types\/page"}],"author":[{"embeddable":true,"href":"https:\/\/thomas-bedel.de\/patio\/wp-json\/wp\/v2\/users\/1"}],"replies":[{"embeddable":true,"href":"https:\/\/thomas-bedel.de\/patio\/wp-json\/wp\/v2\/comments?post=139"}],"version-history":[{"count":4,"href":"https:\/\/thomas-bedel.de\/patio\/wp-json\/wp\/v2\/pages\/139\/revisions"}],"predecessor-version":[{"id":1397,"href":"https:\/\/thomas-bedel.de\/patio\/wp-json\/wp\/v2\/pages\/139\/revisions\/1397"}],"wp:attachment":[{"href":"https:\/\/thomas-bedel.de\/patio\/wp-json\/wp\/v2\/media?parent=139"}],"curies":[{"name":"wp","href":"https:\/\/api.w.org\/{rel}","templated":true}]}}

Jürgen O. Olbrich

<p>Jürgen O. Olbrich macht eine schöne Ausstellung und Aktion. Für die Ausstellung klaut er in einem großen Umkreis um die Galerie sämtliche Fußabstreifer und Schuhkratzeisen zusammen. Die Veranstaltung, zu der sehr wohl Kenner von weither angereist kommen, findet kaum Beachtung.</p>
<p>&nbsp;</p>
<p><a href="https://thomas-bedel.de/patio/wp-content/uploads/sites/3/2025/03/Olbrich.jpg"><img decoding="async" loading="lazy" class="aligncenter size-large wp-image-140" src="https://thomas-bedel.de/patio/wp-content/uploads/sites/3/2025/03/Olbrich-1024x709.jpg" alt="" width="1024" height="709" srcset="https://thomas-bedel.de/patio/wp-content/uploads/sites/3/2025/03/Olbrich-1024x709.jpg 1024w, https://thomas-bedel.de/patio/wp-content/uploads/sites/3/2025/03/Olbrich-300x208.jpg 300w, https://thomas-bedel.de/patio/wp-content/uploads/sites/3/2025/03/Olbrich-768x532.jpg 768w, https://thomas-bedel.de/patio/wp-content/uploads/sites/3/2025/03/Olbrich.jpg 1500w" sizes="(max-width: 1024px) 100vw, 1024px" /></a></p>

<p>Jürgen O. Olbrich macht eine schöne Ausstellung und Aktion. Für die Ausstellung klaut er in einem großen Umkreis um die Galerie sämtliche Fußabstreifer und Schuhkratzeisen zusammen. Die Veranstaltung, zu der sehr wohl Kenner von weither angereist kommen, findet kaum Beachtung. &nbsp;</p>
