{"id":1393,"date":"2026-01-01T23:16:50","date_gmt":"2026-01-01T22:16:50","guid":{"rendered":"https:\/\/thomas-bedel.de\/patio\/?page_id=1393"},"modified":"2026-01-01T23:16:50","modified_gmt":"2026-01-01T22:16:50","slug":"nikolaus-jungwirth","status":"publish","type":"page","link":"https:\/\/thomas-bedel.de\/patio\/nikolaus-jungwirth\/","title":{"rendered":"Nikolaus Jungwirth"},"content":{"rendered":"<p>Romantische M\u00f6bel<\/p>\n<p>Mit Nikolaus Jungwirths ,Romantischen M\u00f6beln&#8220; und dessen \u201eEinf\u00fchrungsrede \u00fcber Einf\u00fchrungsreden&#8220; irritiert Patio ein offenbar post-modern fixiertes journalistisches Greenhorn vom Hessischen Rundfunk.<\/p>\n","protected":false},"excerpt":{"rendered":"<p>Romantische M\u00f6bel Mit Nikolaus Jungwirths ,Romantischen M\u00f6beln&#8220; und dessen \u201eEinf\u00fchrungsrede \u00fcber Einf\u00fchrungsreden&#8220; irritiert Patio ein offenbar post-modern fixiertes journalistisches Greenhorn vom Hessischen Rundfunk.<\/p>\n","protected":false},"author":1,"featured_media":0,"parent":0,"menu_order":0,"comment_status":"closed","ping_status":"closed","template":"","meta":{"_coblocks_attr":"","_coblocks_dimensions":"","_coblocks_responsive_height":"","_coblocks_accordion_ie_support":"","_links_to":"","_links_to_target":""},"_links":{"self":[{"href":"https:\/\/thomas-bedel.de\/patio\/wp-json\/wp\/v2\/pages\/1393"}],"collection":[{"href":"https:\/\/thomas-bedel.de\/patio\/wp-json\/wp\/v2\/pages"}],"about":[{"href":"https:\/\/thomas-bedel.de\/patio\/wp-json\/wp\/v2\/types\/page"}],"author":[{"embeddable":true,"href":"https:\/\/thomas-bedel.de\/patio\/wp-json\/wp\/v2\/users\/1"}],"replies":[{"embeddable":true,"href":"https:\/\/thomas-bedel.de\/patio\/wp-json\/wp\/v2\/comments?post=1393"}],"version-history":[{"count":1,"href":"https:\/\/thomas-bedel.de\/patio\/wp-json\/wp\/v2\/pages\/1393\/revisions"}],"predecessor-version":[{"id":1394,"href":"https:\/\/thomas-bedel.de\/patio\/wp-json\/wp\/v2\/pages\/1393\/revisions\/1394"}],"wp:attachment":[{"href":"https:\/\/thomas-bedel.de\/patio\/wp-json\/wp\/v2\/media?parent=1393"}],"curies":[{"name":"wp","href":"https:\/\/api.w.org\/{rel}","templated":true}]}}

<p>Romantische Möbel</p>
<p>Mit Nikolaus Jungwirths ,Romantischen Möbeln&#8220; und dessen „Einführungsrede über Einführungsreden&#8220; irritiert Patio ein offenbar post-modern fixiertes journalistisches Greenhorn vom Hessischen Rundfunk.</p>

<p>Romantische Möbel Mit Nikolaus Jungwirths ,Romantischen Möbeln&#8220; und dessen „Einführungsrede über Einführungsreden&#8220; irritiert Patio ein offenbar post-modern fixiertes journalistisches Greenhorn vom Hessischen Rundfunk.</p>
