{"id":1401,"date":"2026-01-01T23:40:18","date_gmt":"2026-01-01T22:40:18","guid":{"rendered":"https:\/\/thomas-bedel.de\/patio\/?page_id=1401"},"modified":"2026-03-03T16:22:37","modified_gmt":"2026-03-03T15:22:37","slug":"le-jour-de-gloire","status":"publish","type":"page","link":"https:\/\/thomas-bedel.de\/patio\/le-jour-de-gloire\/","title":{"rendered":"Le jour de gloire"},"content":{"rendered":"<p><a href=\"https:\/\/thomas-bedel.de\/patio\/wp-content\/uploads\/sites\/3\/2026\/03\/1989-le-jour-de-Gloire.jpg\"><img decoding=\"async\" loading=\"lazy\" class=\"size-large wp-image-1434\" src=\"https:\/\/thomas-bedel.de\/patio\/wp-content\/uploads\/sites\/3\/2026\/03\/1989-le-jour-de-Gloire-718x1024.jpg\" alt=\"\" width=\"718\" height=\"1024\" srcset=\"https:\/\/thomas-bedel.de\/patio\/wp-content\/uploads\/sites\/3\/2026\/03\/1989-le-jour-de-Gloire-718x1024.jpg 718w, https:\/\/thomas-bedel.de\/patio\/wp-content\/uploads\/sites\/3\/2026\/03\/1989-le-jour-de-Gloire-210x300.jpg 210w, https:\/\/thomas-bedel.de\/patio\/wp-content\/uploads\/sites\/3\/2026\/03\/1989-le-jour-de-Gloire-768x1095.jpg 768w, https:\/\/thomas-bedel.de\/patio\/wp-content\/uploads\/sites\/3\/2026\/03\/1989-le-jour-de-Gloire.jpg 1052w\" sizes=\"(max-width: 718px) 100vw, 718px\" \/><\/a><\/p>\n<p><span style=\"font-family: tahoma, arial, helvetica, sans-serif;\">La grande f\u00eate du Patiotisme. Patio telert 200 Jahre franz\u00f6sische Revolution: Libert\u00e4t, Egalitat, Patiozitatt! Allons, amis de la galerie, f\u00eatons le son de la guillotine!<\/span><br \/>\n<span style=\"font-family: tahoma, arial, helvetica, sans-serif;\">Bildende Kunst &#8211; Literatur &#8211; Musik mit<\/span><br \/>\n<span style=\"font-family: tahoma, arial, helvetica, sans-serif;\">Gerhard Antauf, Horst Baerenz, Walter E.Baumann, Barbara Beisinghoff, Carmen Berr, Dieter Otto Berschinski, Victor Cohn, Angelika Dirscherl, Peter Engel, Barbara Fahmer, Wil Frenken, G\u00fcnter Guben, Heinz G.Hahs, Pia Hanti, Walter Henn, Holger Hermann, Suzan Hijab, Hadayatullah H\u00fcbsch, Bernhard J\u00e4ger, Thomas Jensch, Nikolaus Jungwirth, Uli Langen-bach, Ursula Liebrucks, Manfred Linke, Birgit Luxenburger, G\u00fcnter Maniewski, Gabi und Manfred Michel, Klaus M\u00fcnchschwander, J\u00fcrgen O. Olbrich, Ulla Reiss, Kari Riha, Uve Schmidt, Volker Steinbacher, Bernd Stickelmann, Klaus S\u00fc\u00dfmann, Eberhard Wagner, Franz-Josef Weber, Ute Wittich, Sepp Womser und Walter Zimbrich.<\/span><br \/>\n<span style=\"font-family: tahoma, arial, helvetica, sans-serif;\">10. Einladungsausstellung der Galerie Patio zu einem Themenstichwort.<\/span><\/p>\n","protected":false},"excerpt":{"rendered":"<p>La grande f\u00eate du Patiotisme. Patio telert 200 Jahre franz\u00f6sische Revolution: Libert\u00e4t, Egalitat, Patiozitatt! Allons, amis de la galerie, f\u00eatons le son de la guillotine! Bildende Kunst &#8211; Literatur &#8211; Musik mit Gerhard Antauf, Horst Baerenz, Walter E.Baumann, Barbara Beisinghoff, Carmen Berr, Dieter Otto Berschinski, Victor Cohn, Angelika Dirscherl, Peter Engel, Barbara Fahmer, Wil Frenken,<\/p>\n","protected":false},"author":1,"featured_media":0,"parent":0,"menu_order":0,"comment_status":"closed","ping_status":"closed","template":"","meta":{"_coblocks_attr":"","_coblocks_dimensions":"","_coblocks_responsive_height":"","_coblocks_accordion_ie_support":"","_links_to":"","_links_to_target":""},"_links":{"self":[{"href":"https:\/\/thomas-bedel.de\/patio\/wp-json\/wp\/v2\/pages\/1401"}],"collection":[{"href":"https:\/\/thomas-bedel.de\/patio\/wp-json\/wp\/v2\/pages"}],"about":[{"href":"https:\/\/thomas-bedel.de\/patio\/wp-json\/wp\/v2\/types\/page"}],"author":[{"embeddable":true,"href":"https:\/\/thomas-bedel.de\/patio\/wp-json\/wp\/v2\/users\/1"}],"replies":[{"embeddable":true,"href":"https:\/\/thomas-bedel.de\/patio\/wp-json\/wp\/v2\/comments?post=1401"}],"version-history":[{"count":3,"href":"https:\/\/thomas-bedel.de\/patio\/wp-json\/wp\/v2\/pages\/1401\/revisions"}],"predecessor-version":[{"id":1435,"href":"https:\/\/thomas-bedel.de\/patio\/wp-json\/wp\/v2\/pages\/1401\/revisions\/1435"}],"wp:attachment":[{"href":"https:\/\/thomas-bedel.de\/patio\/wp-json\/wp\/v2\/media?parent=1401"}],"curies":[{"name":"wp","href":"https:\/\/api.w.org\/{rel}","templated":true}]}}

<p><a href="https://thomas-bedel.de/patio/wp-content/uploads/sites/3/2026/03/1989-le-jour-de-Gloire.jpg"><img decoding="async" loading="lazy" class="size-large wp-image-1434" src="https://thomas-bedel.de/patio/wp-content/uploads/sites/3/2026/03/1989-le-jour-de-Gloire-718x1024.jpg" alt="" width="718" height="1024" srcset="https://thomas-bedel.de/patio/wp-content/uploads/sites/3/2026/03/1989-le-jour-de-Gloire-718x1024.jpg 718w, https://thomas-bedel.de/patio/wp-content/uploads/sites/3/2026/03/1989-le-jour-de-Gloire-210x300.jpg 210w, https://thomas-bedel.de/patio/wp-content/uploads/sites/3/2026/03/1989-le-jour-de-Gloire-768x1095.jpg 768w, https://thomas-bedel.de/patio/wp-content/uploads/sites/3/2026/03/1989-le-jour-de-Gloire.jpg 1052w" sizes="(max-width: 718px) 100vw, 718px" /></a></p>
<p><span style="font-family: tahoma, arial, helvetica, sans-serif;">La grande fête du Patiotisme. Patio telert 200 Jahre französische Revolution: Libertät, Egalitat, Patiozitatt! Allons, amis de la galerie, fêtons le son de la guillotine!</span><br />
<span style="font-family: tahoma, arial, helvetica, sans-serif;">Bildende Kunst &#8211; Literatur &#8211; Musik mit</span><br />
<span style="font-family: tahoma, arial, helvetica, sans-serif;">Gerhard Antauf, Horst Baerenz, Walter E.Baumann, Barbara Beisinghoff, Carmen Berr, Dieter Otto Berschinski, Victor Cohn, Angelika Dirscherl, Peter Engel, Barbara Fahmer, Wil Frenken, Günter Guben, Heinz G.Hahs, Pia Hanti, Walter Henn, Holger Hermann, Suzan Hijab, Hadayatullah Hübsch, Bernhard Jäger, Thomas Jensch, Nikolaus Jungwirth, Uli Langen-bach, Ursula Liebrucks, Manfred Linke, Birgit Luxenburger, Günter Maniewski, Gabi und Manfred Michel, Klaus Münchschwander, Jürgen O. Olbrich, Ulla Reiss, Kari Riha, Uve Schmidt, Volker Steinbacher, Bernd Stickelmann, Klaus Süßmann, Eberhard Wagner, Franz-Josef Weber, Ute Wittich, Sepp Womser und Walter Zimbrich.</span><br />
<span style="font-family: tahoma, arial, helvetica, sans-serif;">10. Einladungsausstellung der Galerie Patio zu einem Themenstichwort.</span></p>

<p>La grande fête du Patiotisme. Patio telert 200 Jahre französische Revolution: Libertät, Egalitat, Patiozitatt! Allons, amis de la galerie, fêtons le son de la guillotine! Bildende Kunst &#8211; Literatur &#8211; Musik mit Gerhard Antauf, Horst Baerenz, Walter E.Baumann, Barbara Beisinghoff, Carmen Berr, Dieter Otto Berschinski, Victor Cohn, Angelika Dirscherl, Peter Engel, Barbara Fahmer, Wil Frenken,</p>
