{"id":145,"date":"2025-03-26T20:15:19","date_gmt":"2025-03-26T19:15:19","guid":{"rendered":"https:\/\/thomas-bedel.de\/patio\/?page_id=145"},"modified":"2025-12-29T19:49:50","modified_gmt":"2025-12-29T18:49:50","slug":"indianerpatio","status":"publish","type":"page","link":"https:\/\/thomas-bedel.de\/patio\/indianerpatio\/","title":{"rendered":"Indianerpatio"},"content":{"rendered":"<p>Erste Einladungsausstellung der Galerie Patio zu einem thematischen Stichwort: Horst Baerenz, Bayrle &amp; J\u00e4ger, Paulus B\u00f6hmer, Stanley Brown, Klaus Burkhardt, Bruno Erdmann, Etzel Klomsdorff, Walter Kroe, Franz Mon, Siegfried Reich an der Stolpe, Michael R\u00f6gler, Fritz Scherff, Werner Schreib, Helmut Sch\u00fctz, G\u00fcnter Schulz-Ihlefeldt, Klaus Sperber, Peter Steinforth, Peter Thoms, Hermann Tomada, Walter Zimbrich.<\/p>\n<p>Als Juroren f\u00fcr die Verleihung der Patioh\u00e4uptlingsehrenfedern fungierten Hans A. Halbey, Walter E. Richartz und Adam Seide.<\/p>\n<p>&nbsp;<\/p>\n<!-- Final Tiles Grid Gallery for WordPress v3.6.13 free --><style>#ftg-1717 .tile .icon { color:#ffffff; }#ftg-1717 .ftg-items .loading-bar i { background:#666; }#ftg-1717 .ftg-items .loading-bar { background:#fff; }#ftg-1717 .tile .icon { font-size:12px; }#ftg-1717 .tile .icon { margin: -6px 0 0 -6px; }#ftg-1717 .tile .caption-block .text-wrapper span.text { font-size:12px; }#ftg-1717 .tile .caption-outside .text-wrapper span.text { font-size:12px; }#ftg-1717 .tile .caption-block .text-wrapper span.title { font-size:14px; }#ftg-1717 .tile .caption-outside .text-wrapper span.title { font-size:14px; }#ftg-1717 .tile { background-color: transparent; }#ftg-1717 .tile .caption-block .text-wrapper span.text { color: #ffffff; }#ftg-1717 .tile .caption-block .text-wrapper span.title { color: #ffffff; }#ftg-1717 .tile .caption-outside .text-wrapper span.text { color: #ffffff; }#ftg-1717 .tile .caption-outside .text-wrapper span.title { color: #ffffff; }#ftg-1717 .tile .ftg-social a { color: #ffffff; }#ftg-1717 .tile .caption-block { transition-duration:0.25s; }#ftg-1717 .tile .tile-inner:before { background-color: #000000; }#ftg-1717 .tile .tile-inner:before { background-color: rgba(0, 0, 0, 0.8); }#ftg-1717 .tile:hover img {-moz-transform: -moz-rotate(0deg) -moz-scale(0) ;-webkit-transform: -webkit-rotate(0deg) -webkit-scale(0) ;-o-transform: -o-rotate(0deg) -o-scale(0) ;-ms-transform: -ms-rotate(0deg) -ms-scale(0) ;transform: rotate(0deg) scale(0) ;}<\/style><a name=\"17\"><\/a><div class=\"final-tiles-gallery  ftg-hover-enabled caption-inside  caption-none caption-middle caption-center\" id=\"ftg-1717\" style=\"width: 100%\"><div class='ftg-items'><div class='loading-bar'><i><\/i><\/div><div  class='tile ftg-preload  '><a title=\"Indianerpatio\" data-lightbox='ftg-1717' rel='ftg-1717'  class=' tile-inner  ftg-lightbox' href='https:\/\/thomas-bedel.de\/patio\/wp-content\/uploads\/sites\/3\/2025\/04\/Indianerpatio-2-827x1024.jpg' ><img alt='Indianerpatio' class='item skip-lazy' data-class='item' data-ftg-source='https:\/\/thomas-bedel.de\/patio\/wp-content\/uploads\/sites\/3\/2025\/04\/Indianerpatio-2-827x1024.jpg' src='https:\/\/thomas-bedel.de\/patio\/wp-content\/uploads\/sites\/3\/2025\/04\/Indianerpatio-2-827x1024.jpg' width='827' height='1024' \/><div class='caption-block'><div class='text-wrapper'><span class='text'>Indianerpatio<\/span><\/div><\/div><\/a><div class='ftg-social'><\/div><\/div><div  class='tile ftg-preload  '><a title=\"Indianerpatio\" data-lightbox='ftg-1717' rel='ftg-1717'  class=' tile-inner  ftg-lightbox' href='https:\/\/thomas-bedel.de\/patio\/wp-content\/uploads\/sites\/3\/2025\/04\/indianerpatio.jpg' ><img alt='Indianerpatio' class='item skip-lazy' data-class='item' data-ftg-source='https:\/\/thomas-bedel.de\/patio\/wp-content\/uploads\/sites\/3\/2025\/04\/indianerpatio.jpg' src='https:\/\/thomas-bedel.de\/patio\/wp-content\/uploads\/sites\/3\/2025\/04\/indianerpatio.jpg' width='800' height='896' \/><div class='caption-block'><div class='text-wrapper'><span class='text'>Indianerpatio<\/span><\/div><\/div><\/a><div class='ftg-social'><\/div><\/div><div  class='tile ftg-preload  '><a title=\"Indianerpatio\" data-lightbox='ftg-1717' rel='ftg-1717'  class=' tile-inner  ftg-lightbox' href='https:\/\/thomas-bedel.de\/patio\/wp-content\/uploads\/sites\/3\/2025\/04\/Indianerpatio-1-818x1024.jpg' ><img alt='Indianerpatio' class='item skip-lazy' data-class='item' data-ftg-source='https:\/\/thomas-bedel.de\/patio\/wp-content\/uploads\/sites\/3\/2025\/04\/Indianerpatio-1-818x1024.jpg' src='https:\/\/thomas-bedel.de\/patio\/wp-content\/uploads\/sites\/3\/2025\/04\/Indianerpatio-1-818x1024.jpg' width='818' height='1024' \/><div class='caption-block'><div class='text-wrapper'><span class='text'>Indianerpatio<\/span><\/div><\/div><\/a><div class='ftg-social'><\/div><\/div><div  class='tile ftg-preload  '><a title=\"Indianerpatio\" data-lightbox='ftg-1717' rel='ftg-1717'  class=' tile-inner  ftg-lightbox' href='https:\/\/thomas-bedel.de\/patio\/wp-content\/uploads\/sites\/3\/2025\/04\/Artikel-469x1024.jpg' ><img alt='Indianerpatio' class='item skip-lazy' data-class='item' data-ftg-source='https:\/\/thomas-bedel.de\/patio\/wp-content\/uploads\/sites\/3\/2025\/04\/Artikel-469x1024.jpg' src='https:\/\/thomas-bedel.de\/patio\/wp-content\/uploads\/sites\/3\/2025\/04\/Artikel-469x1024.jpg' width='469' height='1024' \/><div class='caption-block'><div class='text-wrapper'><span class='text'>Indianerpatio<\/span><\/div><\/div><\/a><div class='ftg-social'><\/div><\/div><div  class='tile ftg-preload  '><a title=\"Plakat\" data-lightbox='ftg-1717' rel='ftg-1717'  class=' tile-inner  ftg-lightbox' href='https:\/\/thomas-bedel.de\/patio\/wp-content\/uploads\/sites\/3\/2025\/03\/Indianerpatio-691x1024.jpg' ><img alt='Plakat' class='item skip-lazy' data-class='item' data-ftg-source='https:\/\/thomas-bedel.de\/patio\/wp-content\/uploads\/sites\/3\/2025\/03\/Indianerpatio-691x1024.jpg' src='https:\/\/thomas-bedel.de\/patio\/wp-content\/uploads\/sites\/3\/2025\/03\/Indianerpatio-691x1024.jpg' width='691' height='1024' \/><div class='caption-block'><div class='text-wrapper'><span class='text'>Plakat<\/span><\/div><\/div><\/a><div class='ftg-social'><\/div><\/div><\/div><\/div>\n","protected":false},"excerpt":{"rendered":"<p>Erste Einladungsausstellung der Galerie Patio zu einem thematischen Stichwort: Horst Baerenz, Bayrle &amp; J\u00e4ger, Paulus B\u00f6hmer, Stanley Brown, Klaus Burkhardt, Bruno Erdmann, Etzel Klomsdorff, Walter Kroe, Franz Mon, Siegfried Reich an der Stolpe, Michael R\u00f6gler, Fritz Scherff, Werner Schreib, Helmut Sch\u00fctz, G\u00fcnter Schulz-Ihlefeldt, Klaus Sperber, Peter Steinforth, Peter Thoms, Hermann Tomada, Walter Zimbrich. Als Juroren<\/p>\n","protected":false},"author":1,"featured_media":0,"parent":0,"menu_order":0,"comment_status":"closed","ping_status":"closed","template":"","meta":{"_coblocks_attr":"","_coblocks_dimensions":"","_coblocks_responsive_height":"","_coblocks_accordion_ie_support":"","_links_to":"","_links_to_target":""},"_links":{"self":[{"href":"https:\/\/thomas-bedel.de\/patio\/wp-json\/wp\/v2\/pages\/145"}],"collection":[{"href":"https:\/\/thomas-bedel.de\/patio\/wp-json\/wp\/v2\/pages"}],"about":[{"href":"https:\/\/thomas-bedel.de\/patio\/wp-json\/wp\/v2\/types\/page"}],"author":[{"embeddable":true,"href":"https:\/\/thomas-bedel.de\/patio\/wp-json\/wp\/v2\/users\/1"}],"replies":[{"embeddable":true,"href":"https:\/\/thomas-bedel.de\/patio\/wp-json\/wp\/v2\/comments?post=145"}],"version-history":[{"count":7,"href":"https:\/\/thomas-bedel.de\/patio\/wp-json\/wp\/v2\/pages\/145\/revisions"}],"predecessor-version":[{"id":1211,"href":"https:\/\/thomas-bedel.de\/patio\/wp-json\/wp\/v2\/pages\/145\/revisions\/1211"}],"wp:attachment":[{"href":"https:\/\/thomas-bedel.de\/patio\/wp-json\/wp\/v2\/media?parent=145"}],"curies":[{"name":"wp","href":"https:\/\/api.w.org\/{rel}","templated":true}]}}

<p>Erste Einladungsausstellung der Galerie Patio zu einem thematischen Stichwort: Horst Baerenz, Bayrle &amp; Jäger, Paulus Böhmer, Stanley Brown, Klaus Burkhardt, Bruno Erdmann, Etzel Klomsdorff, Walter Kroe, Franz Mon, Siegfried Reich an der Stolpe, Michael Rögler, Fritz Scherff, Werner Schreib, Helmut Schütz, Günter Schulz-Ihlefeldt, Klaus Sperber, Peter Steinforth, Peter Thoms, Hermann Tomada, Walter Zimbrich.</p>
<p>Als Juroren für die Verleihung der Patiohäuptlingsehrenfedern fungierten Hans A. Halbey, Walter E. Richartz und Adam Seide.</p>
<p>&nbsp;</p>
<!-- Final Tiles Grid Gallery for WordPress v3.6.13 free --><style>#ftg-1717 .tile .icon { color:#ffffff; }#ftg-1717 .ftg-items .loading-bar i { background:#666; }#ftg-1717 .ftg-items .loading-bar { background:#fff; }#ftg-1717 .tile .icon { font-size:12px; }#ftg-1717 .tile .icon { margin: -6px 0 0 -6px; }#ftg-1717 .tile .caption-block .text-wrapper span.text { font-size:12px; }#ftg-1717 .tile .caption-outside .text-wrapper span.text { font-size:12px; }#ftg-1717 .tile .caption-block .text-wrapper span.title { font-size:14px; }#ftg-1717 .tile .caption-outside .text-wrapper span.title { font-size:14px; }#ftg-1717 .tile { background-color: transparent; }#ftg-1717 .tile .caption-block .text-wrapper span.text { color: #ffffff; }#ftg-1717 .tile .caption-block .text-wrapper span.title { color: #ffffff; }#ftg-1717 .tile .caption-outside .text-wrapper span.text { color: #ffffff; }#ftg-1717 .tile .caption-outside .text-wrapper span.title { color: #ffffff; }#ftg-1717 .tile .ftg-social a { color: #ffffff; }#ftg-1717 .tile .caption-block { transition-duration:0.25s; }#ftg-1717 .tile .tile-inner:before { background-color: #000000; }#ftg-1717 .tile .tile-inner:before { background-color: rgba(0, 0, 0, 0.8); }#ftg-1717 .tile:hover img {-moz-transform: -moz-rotate(0deg) -moz-scale(0) ;-webkit-transform: -webkit-rotate(0deg) -webkit-scale(0) ;-o-transform: -o-rotate(0deg) -o-scale(0) ;-ms-transform: -ms-rotate(0deg) -ms-scale(0) ;transform: rotate(0deg) scale(0) ;}</style><a name="17"></a><div class="final-tiles-gallery  ftg-hover-enabled caption-inside  caption-none caption-middle caption-center" id="ftg-1717" style="width: 100%"><div class='ftg-items'><div class='loading-bar'><i></i></div><div  class='tile ftg-preload  '><a title="Indianerpatio" data-lightbox='ftg-1717' rel='ftg-1717'  class=' tile-inner  ftg-lightbox' href='https://thomas-bedel.de/patio/wp-content/uploads/sites/3/2025/04/Indianerpatio-2-827x1024.jpg' ><img alt='Indianerpatio' class='item skip-lazy' data-class='item' data-ftg-source='https://thomas-bedel.de/patio/wp-content/uploads/sites/3/2025/04/Indianerpatio-2-827x1024.jpg' src='https://thomas-bedel.de/patio/wp-content/uploads/sites/3/2025/04/Indianerpatio-2-827x1024.jpg' width='827' height='1024' /><div class='caption-block'><div class='text-wrapper'><span class='text'>Indianerpatio</span></div></div></a><div class='ftg-social'></div></div><div  class='tile ftg-preload  '><a title="Indianerpatio" data-lightbox='ftg-1717' rel='ftg-1717'  class=' tile-inner  ftg-lightbox' href='https://thomas-bedel.de/patio/wp-content/uploads/sites/3/2025/04/indianerpatio.jpg' ><img alt='Indianerpatio' class='item skip-lazy' data-class='item' data-ftg-source='https://thomas-bedel.de/patio/wp-content/uploads/sites/3/2025/04/indianerpatio.jpg' src='https://thomas-bedel.de/patio/wp-content/uploads/sites/3/2025/04/indianerpatio.jpg' width='800' height='896' /><div class='caption-block'><div class='text-wrapper'><span class='text'>Indianerpatio</span></div></div></a><div class='ftg-social'></div></div><div  class='tile ftg-preload  '><a title="Indianerpatio" data-lightbox='ftg-1717' rel='ftg-1717'  class=' tile-inner  ftg-lightbox' href='https://thomas-bedel.de/patio/wp-content/uploads/sites/3/2025/04/Indianerpatio-1-818x1024.jpg' ><img alt='Indianerpatio' class='item skip-lazy' data-class='item' data-ftg-source='https://thomas-bedel.de/patio/wp-content/uploads/sites/3/2025/04/Indianerpatio-1-818x1024.jpg' src='https://thomas-bedel.de/patio/wp-content/uploads/sites/3/2025/04/Indianerpatio-1-818x1024.jpg' width='818' height='1024' /><div class='caption-block'><div class='text-wrapper'><span class='text'>Indianerpatio</span></div></div></a><div class='ftg-social'></div></div><div  class='tile ftg-preload  '><a title="Indianerpatio" data-lightbox='ftg-1717' rel='ftg-1717'  class=' tile-inner  ftg-lightbox' href='https://thomas-bedel.de/patio/wp-content/uploads/sites/3/2025/04/Artikel-469x1024.jpg' ><img alt='Indianerpatio' class='item skip-lazy' data-class='item' data-ftg-source='https://thomas-bedel.de/patio/wp-content/uploads/sites/3/2025/04/Artikel-469x1024.jpg' src='https://thomas-bedel.de/patio/wp-content/uploads/sites/3/2025/04/Artikel-469x1024.jpg' width='469' height='1024' /><div class='caption-block'><div class='text-wrapper'><span class='text'>Indianerpatio</span></div></div></a><div class='ftg-social'></div></div><div  class='tile ftg-preload  '><a title="Plakat" data-lightbox='ftg-1717' rel='ftg-1717'  class=' tile-inner  ftg-lightbox' href='https://thomas-bedel.de/patio/wp-content/uploads/sites/3/2025/03/Indianerpatio-691x1024.jpg' ><img alt='Plakat' class='item skip-lazy' data-class='item' data-ftg-source='https://thomas-bedel.de/patio/wp-content/uploads/sites/3/2025/03/Indianerpatio-691x1024.jpg' src='https://thomas-bedel.de/patio/wp-content/uploads/sites/3/2025/03/Indianerpatio-691x1024.jpg' width='691' height='1024' /><div class='caption-block'><div class='text-wrapper'><span class='text'>Plakat</span></div></div></a><div class='ftg-social'></div></div></div></div>

<p>Erste Einladungsausstellung der Galerie Patio zu einem thematischen Stichwort: Horst Baerenz, Bayrle &amp; Jäger, Paulus Böhmer, Stanley Brown, Klaus Burkhardt, Bruno Erdmann, Etzel Klomsdorff, Walter Kroe, Franz Mon, Siegfried Reich an der Stolpe, Michael Rögler, Fritz Scherff, Werner Schreib, Helmut Schütz, Günter Schulz-Ihlefeldt, Klaus Sperber, Peter Steinforth, Peter Thoms, Hermann Tomada, Walter Zimbrich. Als Juroren</p>
