{"id":163,"date":"2025-03-26T20:19:54","date_gmt":"2025-03-26T19:19:54","guid":{"rendered":"https:\/\/thomas-bedel.de\/patio\/?page_id=163"},"modified":"2026-01-01T23:25:54","modified_gmt":"2026-01-01T22:25:54","slug":"halleyhallo","status":"publish","type":"page","link":"https:\/\/thomas-bedel.de\/patio\/halleyhallo\/","title":{"rendered":"HalleyHallo"},"content":{"rendered":"<p>9. Einladungsausstellung der Galerie Patio zum Themenstichwort Halley&#8217;scher Komet.<br \/>\nHorst Baerenz, Carmen Berr, Lili Braun, Hellmuth Otto Engelhardt, Wil Frenken, J\u00f6rg Fricke, G\u00fcnter Guben, Suzan Hijab, Bernhard J\u00e4ger, Thomas Jensch, Nikolaus Jungwirth,\u00a0 Walter Kroe, Manfred Linke, Birgit Luxenburger, G\u00fcnter Maniewski, Gabi Michel, Klaus M\u00fcnchschwander, Karl Riha, Karl Schaper, Uve Schmidt, Wolfgang Schmidt, J\u00f6rg Stein, Hermann Tomada, Franz-Josef Weber, Dick Wenzel, Walter Zimbrich.<br \/>\nAuch Siglinde Kallnbach, Aktions- und Performancek\u00fcnstlerin der neuen Generation, beteiligt sich mit einer Aktion, einem brennenden Drachen, an der Einladungsausstellung.<\/p>\n<!-- Final Tiles Grid Gallery for WordPress v3.6.13 free --><style>#ftg-3434 .tile .icon { color:#ffffff; }#ftg-3434 .ftg-items .loading-bar i { background:#666; }#ftg-3434 .ftg-items .loading-bar { background:#fff; }#ftg-3434 .tile .icon { font-size:12px; }#ftg-3434 .tile .icon { margin: -6px 0 0 -6px; }#ftg-3434 .tile .caption-block .text-wrapper span.text { font-size:12px; }#ftg-3434 .tile .caption-outside .text-wrapper span.text { font-size:12px; }#ftg-3434 .tile .caption-block .text-wrapper span.title { font-size:14px; }#ftg-3434 .tile .caption-outside .text-wrapper span.title { font-size:14px; }#ftg-3434 .tile { background-color: transparent; }#ftg-3434 .tile .caption-block .text-wrapper span.text { color: #ffffff; }#ftg-3434 .tile .caption-block .text-wrapper span.title { color: #ffffff; }#ftg-3434 .tile .caption-outside .text-wrapper span.text { color: #ffffff; }#ftg-3434 .tile .caption-outside .text-wrapper span.title { color: #ffffff; }#ftg-3434 .tile .ftg-social a { color: #ffffff; }#ftg-3434 .tile .caption-block { transition-duration:0.25s; }#ftg-3434 .tile .tile-inner:before { background-color: #000000; }#ftg-3434 .tile .tile-inner:before { background-color: rgba(0, 0, 0, 0.8); }#ftg-3434 .tile:hover img {-moz-transform: -moz-rotate(0deg) -moz-scale(0) ;-webkit-transform: -webkit-rotate(0deg) -webkit-scale(0) ;-o-transform: -o-rotate(0deg) -o-scale(0) ;-ms-transform: -ms-rotate(0deg) -ms-scale(0) ;transform: rotate(0deg) scale(0) ;}<\/style><a name=\"34\"><\/a><div class=\"final-tiles-gallery  ftg-hover-enabled caption-inside  caption-none caption-middle caption-center\" id=\"ftg-3434\" style=\"width: 100%\"><div class='ftg-items'><div class='loading-bar'><i><\/i><\/div><div  class='tile ftg-preload  '><a title=\"HALLEY HOPP!\" data-lightbox='ftg-3434' rel='ftg-3434'  class=' tile-inner  ftg-lightbox' href='https:\/\/thomas-bedel.de\/patio\/wp-content\/uploads\/sites\/3\/2025\/04\/1986-HALLEYHALLO-2-756x1024.jpg' ><img alt='HALLEY HOPP!' class='item skip-lazy' data-class='item' data-ftg-source='https:\/\/thomas-bedel.de\/patio\/wp-content\/uploads\/sites\/3\/2025\/04\/1986-HALLEYHALLO-2-756x1024.jpg' src='https:\/\/thomas-bedel.de\/patio\/wp-content\/uploads\/sites\/3\/2025\/04\/1986-HALLEYHALLO-2-756x1024.jpg' width='756' height='1024' \/><div class='caption-block'><div class='text-wrapper'><span class='text'>HALLEY HOPP!<\/span><\/div><\/div><\/a><div class='ftg-social'><\/div><\/div><div  class='tile ftg-preload  '><a title=\"HALLEYHALLO\" data-lightbox='ftg-3434' rel='ftg-3434'  class=' tile-inner  ftg-lightbox' href='https:\/\/thomas-bedel.de\/patio\/wp-content\/uploads\/sites\/3\/2025\/04\/1986-HALLEYHALLO-1-757x1024.jpg' ><img alt='HALLEYHALLO' class='item skip-lazy' data-class='item' data-ftg-source='https:\/\/thomas-bedel.de\/patio\/wp-content\/uploads\/sites\/3\/2025\/04\/1986-HALLEYHALLO-1-757x1024.jpg' src='https:\/\/thomas-bedel.de\/patio\/wp-content\/uploads\/sites\/3\/2025\/04\/1986-HALLEYHALLO-1-757x1024.jpg' width='757' height='1024' \/><div class='caption-block'><div class='text-wrapper'><span class='text'>HALLEYHALLO<\/span><\/div><\/div><\/a><div class='ftg-social'><\/div><\/div><div  class='tile ftg-preload  '><a title=\"Plakat\" data-lightbox='ftg-3434' rel='ftg-3434'  class=' tile-inner  ftg-lightbox' href='https:\/\/thomas-bedel.de\/patio\/wp-content\/uploads\/sites\/3\/2025\/03\/HalleyHallo-710x1024.jpg' ><img alt='Plakat' class='item skip-lazy' data-class='item' data-ftg-source='https:\/\/thomas-bedel.de\/patio\/wp-content\/uploads\/sites\/3\/2025\/03\/HalleyHallo-710x1024.jpg' src='https:\/\/thomas-bedel.de\/patio\/wp-content\/uploads\/sites\/3\/2025\/03\/HalleyHallo-710x1024.jpg' width='710' height='1024' \/><div class='caption-block'><div class='text-wrapper'><span class='text'>Plakat<\/span><\/div><\/div><\/a><div class='ftg-social'><\/div><\/div><\/div><\/div>\n","protected":false},"excerpt":{"rendered":"<p>9. Einladungsausstellung der Galerie Patio zum Themenstichwort Halley&#8217;scher Komet. Horst Baerenz, Carmen Berr, Lili Braun, Hellmuth Otto Engelhardt, Wil Frenken, J\u00f6rg Fricke, G\u00fcnter Guben, Suzan Hijab, Bernhard J\u00e4ger, Thomas Jensch, Nikolaus Jungwirth,\u00a0 Walter Kroe, Manfred Linke, Birgit Luxenburger, G\u00fcnter Maniewski, Gabi Michel, Klaus M\u00fcnchschwander, Karl Riha, Karl Schaper, Uve Schmidt, Wolfgang Schmidt, J\u00f6rg Stein, Hermann<\/p>\n","protected":false},"author":1,"featured_media":0,"parent":0,"menu_order":0,"comment_status":"closed","ping_status":"closed","template":"","meta":{"_coblocks_attr":"","_coblocks_dimensions":"","_coblocks_responsive_height":"","_coblocks_accordion_ie_support":"","_links_to":"","_links_to_target":""},"_links":{"self":[{"href":"https:\/\/thomas-bedel.de\/patio\/wp-json\/wp\/v2\/pages\/163"}],"collection":[{"href":"https:\/\/thomas-bedel.de\/patio\/wp-json\/wp\/v2\/pages"}],"about":[{"href":"https:\/\/thomas-bedel.de\/patio\/wp-json\/wp\/v2\/types\/page"}],"author":[{"embeddable":true,"href":"https:\/\/thomas-bedel.de\/patio\/wp-json\/wp\/v2\/users\/1"}],"replies":[{"embeddable":true,"href":"https:\/\/thomas-bedel.de\/patio\/wp-json\/wp\/v2\/comments?post=163"}],"version-history":[{"count":6,"href":"https:\/\/thomas-bedel.de\/patio\/wp-json\/wp\/v2\/pages\/163\/revisions"}],"predecessor-version":[{"id":1398,"href":"https:\/\/thomas-bedel.de\/patio\/wp-json\/wp\/v2\/pages\/163\/revisions\/1398"}],"wp:attachment":[{"href":"https:\/\/thomas-bedel.de\/patio\/wp-json\/wp\/v2\/media?parent=163"}],"curies":[{"name":"wp","href":"https:\/\/api.w.org\/{rel}","templated":true}]}}

<p>9. Einladungsausstellung der Galerie Patio zum Themenstichwort Halley&#8217;scher Komet.<br />
Horst Baerenz, Carmen Berr, Lili Braun, Hellmuth Otto Engelhardt, Wil Frenken, Jörg Fricke, Günter Guben, Suzan Hijab, Bernhard Jäger, Thomas Jensch, Nikolaus Jungwirth,  Walter Kroe, Manfred Linke, Birgit Luxenburger, Günter Maniewski, Gabi Michel, Klaus Münchschwander, Karl Riha, Karl Schaper, Uve Schmidt, Wolfgang Schmidt, Jörg Stein, Hermann Tomada, Franz-Josef Weber, Dick Wenzel, Walter Zimbrich.<br />
Auch Siglinde Kallnbach, Aktions- und Performancekünstlerin der neuen Generation, beteiligt sich mit einer Aktion, einem brennenden Drachen, an der Einladungsausstellung.</p>
<!-- Final Tiles Grid Gallery for WordPress v3.6.13 free --><style>#ftg-3434 .tile .icon { color:#ffffff; }#ftg-3434 .ftg-items .loading-bar i { background:#666; }#ftg-3434 .ftg-items .loading-bar { background:#fff; }#ftg-3434 .tile .icon { font-size:12px; }#ftg-3434 .tile .icon { margin: -6px 0 0 -6px; }#ftg-3434 .tile .caption-block .text-wrapper span.text { font-size:12px; }#ftg-3434 .tile .caption-outside .text-wrapper span.text { font-size:12px; }#ftg-3434 .tile .caption-block .text-wrapper span.title { font-size:14px; }#ftg-3434 .tile .caption-outside .text-wrapper span.title { font-size:14px; }#ftg-3434 .tile { background-color: transparent; }#ftg-3434 .tile .caption-block .text-wrapper span.text { color: #ffffff; }#ftg-3434 .tile .caption-block .text-wrapper span.title { color: #ffffff; }#ftg-3434 .tile .caption-outside .text-wrapper span.text { color: #ffffff; }#ftg-3434 .tile .caption-outside .text-wrapper span.title { color: #ffffff; }#ftg-3434 .tile .ftg-social a { color: #ffffff; }#ftg-3434 .tile .caption-block { transition-duration:0.25s; }#ftg-3434 .tile .tile-inner:before { background-color: #000000; }#ftg-3434 .tile .tile-inner:before { background-color: rgba(0, 0, 0, 0.8); }#ftg-3434 .tile:hover img {-moz-transform: -moz-rotate(0deg) -moz-scale(0) ;-webkit-transform: -webkit-rotate(0deg) -webkit-scale(0) ;-o-transform: -o-rotate(0deg) -o-scale(0) ;-ms-transform: -ms-rotate(0deg) -ms-scale(0) ;transform: rotate(0deg) scale(0) ;}</style><a name="34"></a><div class="final-tiles-gallery  ftg-hover-enabled caption-inside  caption-none caption-middle caption-center" id="ftg-3434" style="width: 100%"><div class='ftg-items'><div class='loading-bar'><i></i></div><div  class='tile ftg-preload  '><a title="HALLEY HOPP!" data-lightbox='ftg-3434' rel='ftg-3434'  class=' tile-inner  ftg-lightbox' href='https://thomas-bedel.de/patio/wp-content/uploads/sites/3/2025/04/1986-HALLEYHALLO-2-756x1024.jpg' ><img alt='HALLEY HOPP!' class='item skip-lazy' data-class='item' data-ftg-source='https://thomas-bedel.de/patio/wp-content/uploads/sites/3/2025/04/1986-HALLEYHALLO-2-756x1024.jpg' src='https://thomas-bedel.de/patio/wp-content/uploads/sites/3/2025/04/1986-HALLEYHALLO-2-756x1024.jpg' width='756' height='1024' /><div class='caption-block'><div class='text-wrapper'><span class='text'>HALLEY HOPP!</span></div></div></a><div class='ftg-social'></div></div><div  class='tile ftg-preload  '><a title="HALLEYHALLO" data-lightbox='ftg-3434' rel='ftg-3434'  class=' tile-inner  ftg-lightbox' href='https://thomas-bedel.de/patio/wp-content/uploads/sites/3/2025/04/1986-HALLEYHALLO-1-757x1024.jpg' ><img alt='HALLEYHALLO' class='item skip-lazy' data-class='item' data-ftg-source='https://thomas-bedel.de/patio/wp-content/uploads/sites/3/2025/04/1986-HALLEYHALLO-1-757x1024.jpg' src='https://thomas-bedel.de/patio/wp-content/uploads/sites/3/2025/04/1986-HALLEYHALLO-1-757x1024.jpg' width='757' height='1024' /><div class='caption-block'><div class='text-wrapper'><span class='text'>HALLEYHALLO</span></div></div></a><div class='ftg-social'></div></div><div  class='tile ftg-preload  '><a title="Plakat" data-lightbox='ftg-3434' rel='ftg-3434'  class=' tile-inner  ftg-lightbox' href='https://thomas-bedel.de/patio/wp-content/uploads/sites/3/2025/03/HalleyHallo-710x1024.jpg' ><img alt='Plakat' class='item skip-lazy' data-class='item' data-ftg-source='https://thomas-bedel.de/patio/wp-content/uploads/sites/3/2025/03/HalleyHallo-710x1024.jpg' src='https://thomas-bedel.de/patio/wp-content/uploads/sites/3/2025/03/HalleyHallo-710x1024.jpg' width='710' height='1024' /><div class='caption-block'><div class='text-wrapper'><span class='text'>Plakat</span></div></div></a><div class='ftg-social'></div></div></div></div>

<p>9. Einladungsausstellung der Galerie Patio zum Themenstichwort Halley&#8217;scher Komet. Horst Baerenz, Carmen Berr, Lili Braun, Hellmuth Otto Engelhardt, Wil Frenken, Jörg Fricke, Günter Guben, Suzan Hijab, Bernhard Jäger, Thomas Jensch, Nikolaus Jungwirth,  Walter Kroe, Manfred Linke, Birgit Luxenburger, Günter Maniewski, Gabi Michel, Klaus Münchschwander, Karl Riha, Karl Schaper, Uve Schmidt, Wolfgang Schmidt, Jörg Stein, Hermann</p>
