{"id":182,"date":"2025-03-26T20:55:21","date_gmt":"2025-03-26T19:55:21","guid":{"rendered":"https:\/\/thomas-bedel.de\/patio\/?page_id=182"},"modified":"2025-12-29T20:36:13","modified_gmt":"2025-12-29T19:36:13","slug":"backkunst","status":"publish","type":"page","link":"https:\/\/thomas-bedel.de\/patio\/backkunst\/","title":{"rendered":"Weihnachtsbackkunstmesse"},"content":{"rendered":"<p>4. Einladungsausstellung der Galerie Patio zu einem Themenstichwort.<br \/>\nMichael Badura, Horst Baerenz, Thomas Bayrle, Dieter Bechtloff, Burkhard Brunn, Bernhard J\u00e4ger, Nikolaus Jungwirth, Klaus M\u00fcnchschwander, Siegfried Neuenhausen, Siegfried Reich an der Stolpe, Walter E. Richartz, G\u00fcnter Scherer, Uve Schmidt, Werner Schreib, Renate Splitt, Klaus Staeck, Timm Ulrichs und Walter Zimbrich backen in der Laubestr. 24 Kunst aus Pl\u00e4tzchenteig.<br \/>\nZur Ausstellung erscheint: Walter E. Richartz, Manif-Esst! Die S-Kunst.&#8220;<\/p>\n<p>&nbsp;<\/p>\n<p><a href=\"https:\/\/thomas-bedel.de\/patio\/wp-content\/uploads\/sites\/3\/2025\/03\/BackKunst.jpg\"><img decoding=\"async\" loading=\"lazy\" class=\"aligncenter size-large wp-image-183\" src=\"https:\/\/thomas-bedel.de\/patio\/wp-content\/uploads\/sites\/3\/2025\/03\/BackKunst-726x1024.jpg\" alt=\"\" width=\"726\" height=\"1024\" srcset=\"https:\/\/thomas-bedel.de\/patio\/wp-content\/uploads\/sites\/3\/2025\/03\/BackKunst-726x1024.jpg 726w, https:\/\/thomas-bedel.de\/patio\/wp-content\/uploads\/sites\/3\/2025\/03\/BackKunst-213x300.jpg 213w, https:\/\/thomas-bedel.de\/patio\/wp-content\/uploads\/sites\/3\/2025\/03\/BackKunst-768x1083.jpg 768w, https:\/\/thomas-bedel.de\/patio\/wp-content\/uploads\/sites\/3\/2025\/03\/BackKunst.jpg 1064w\" sizes=\"(max-width: 726px) 100vw, 726px\" \/><\/a><\/p>\n","protected":false},"excerpt":{"rendered":"<p>4. Einladungsausstellung der Galerie Patio zu einem Themenstichwort. Michael Badura, Horst Baerenz, Thomas Bayrle, Dieter Bechtloff, Burkhard Brunn, Bernhard J\u00e4ger, Nikolaus Jungwirth, Klaus M\u00fcnchschwander, Siegfried Neuenhausen, Siegfried Reich an der Stolpe, Walter E. Richartz, G\u00fcnter Scherer, Uve Schmidt, Werner Schreib, Renate Splitt, Klaus Staeck, Timm Ulrichs und Walter Zimbrich backen in der Laubestr. 24 Kunst<\/p>\n","protected":false},"author":1,"featured_media":0,"parent":0,"menu_order":0,"comment_status":"closed","ping_status":"closed","template":"","meta":{"_coblocks_attr":"","_coblocks_dimensions":"","_coblocks_responsive_height":"","_coblocks_accordion_ie_support":"","_links_to":"","_links_to_target":""},"_links":{"self":[{"href":"https:\/\/thomas-bedel.de\/patio\/wp-json\/wp\/v2\/pages\/182"}],"collection":[{"href":"https:\/\/thomas-bedel.de\/patio\/wp-json\/wp\/v2\/pages"}],"about":[{"href":"https:\/\/thomas-bedel.de\/patio\/wp-json\/wp\/v2\/types\/page"}],"author":[{"embeddable":true,"href":"https:\/\/thomas-bedel.de\/patio\/wp-json\/wp\/v2\/users\/1"}],"replies":[{"embeddable":true,"href":"https:\/\/thomas-bedel.de\/patio\/wp-json\/wp\/v2\/comments?post=182"}],"version-history":[{"count":4,"href":"https:\/\/thomas-bedel.de\/patio\/wp-json\/wp\/v2\/pages\/182\/revisions"}],"predecessor-version":[{"id":1235,"href":"https:\/\/thomas-bedel.de\/patio\/wp-json\/wp\/v2\/pages\/182\/revisions\/1235"}],"wp:attachment":[{"href":"https:\/\/thomas-bedel.de\/patio\/wp-json\/wp\/v2\/media?parent=182"}],"curies":[{"name":"wp","href":"https:\/\/api.w.org\/{rel}","templated":true}]}}

<p>4. Einladungsausstellung der Galerie Patio zu einem Themenstichwort.<br />
Michael Badura, Horst Baerenz, Thomas Bayrle, Dieter Bechtloff, Burkhard Brunn, Bernhard Jäger, Nikolaus Jungwirth, Klaus Münchschwander, Siegfried Neuenhausen, Siegfried Reich an der Stolpe, Walter E. Richartz, Günter Scherer, Uve Schmidt, Werner Schreib, Renate Splitt, Klaus Staeck, Timm Ulrichs und Walter Zimbrich backen in der Laubestr. 24 Kunst aus Plätzchenteig.<br />
Zur Ausstellung erscheint: Walter E. Richartz, Manif-Esst! Die S-Kunst.&#8220;</p>
<p>&nbsp;</p>
<p><a href="https://thomas-bedel.de/patio/wp-content/uploads/sites/3/2025/03/BackKunst.jpg"><img decoding="async" loading="lazy" class="aligncenter size-large wp-image-183" src="https://thomas-bedel.de/patio/wp-content/uploads/sites/3/2025/03/BackKunst-726x1024.jpg" alt="" width="726" height="1024" srcset="https://thomas-bedel.de/patio/wp-content/uploads/sites/3/2025/03/BackKunst-726x1024.jpg 726w, https://thomas-bedel.de/patio/wp-content/uploads/sites/3/2025/03/BackKunst-213x300.jpg 213w, https://thomas-bedel.de/patio/wp-content/uploads/sites/3/2025/03/BackKunst-768x1083.jpg 768w, https://thomas-bedel.de/patio/wp-content/uploads/sites/3/2025/03/BackKunst.jpg 1064w" sizes="(max-width: 726px) 100vw, 726px" /></a></p>

<p>4. Einladungsausstellung der Galerie Patio zu einem Themenstichwort. Michael Badura, Horst Baerenz, Thomas Bayrle, Dieter Bechtloff, Burkhard Brunn, Bernhard Jäger, Nikolaus Jungwirth, Klaus Münchschwander, Siegfried Neuenhausen, Siegfried Reich an der Stolpe, Walter E. Richartz, Günter Scherer, Uve Schmidt, Werner Schreib, Renate Splitt, Klaus Staeck, Timm Ulrichs und Walter Zimbrich backen in der Laubestr. 24 Kunst</p>
