{"id":2,"date":"2025-03-24T22:07:59","date_gmt":"2025-03-24T21:07:59","guid":{"rendered":"https:\/\/thomas-bedel.de\/patio\/?page_id=2"},"modified":"2026-01-07T21:25:22","modified_gmt":"2026-01-07T20:25:22","slug":"info","status":"publish","type":"page","link":"https:\/\/thomas-bedel.de\/patio\/","title":{"rendered":"Galerie und Verlag Patio e.V."},"content":{"rendered":"<p><span style=\"font-family: tahoma, arial, helvetica, sans-serif;\"><img decoding=\"async\" loading=\"lazy\" class=\"size-medium wp-image-14 alignleft\" src=\"https:\/\/thomas-bedel.de\/patio\/wp-content\/uploads\/sites\/3\/2025\/03\/Patio-1963_5-216x300.jpg\" alt=\"\" width=\"216\" height=\"300\" srcset=\"https:\/\/thomas-bedel.de\/patio\/wp-content\/uploads\/sites\/3\/2025\/03\/Patio-1963_5-216x300.jpg 216w, https:\/\/thomas-bedel.de\/patio\/wp-content\/uploads\/sites\/3\/2025\/03\/Patio-1963_5-736x1024.jpg 736w, https:\/\/thomas-bedel.de\/patio\/wp-content\/uploads\/sites\/3\/2025\/03\/Patio-1963_5-768x1069.jpg 768w, https:\/\/thomas-bedel.de\/patio\/wp-content\/uploads\/sites\/3\/2025\/03\/Patio-1963_5.jpg 935w\" sizes=\"(max-width: 216px) 100vw, 216px\" \/><\/span><\/p>\n<p class=\"p1\"><span style=\"font-family: tahoma, arial, helvetica, sans-serif;\"><b>Anf\u00e4nge in Neu-Isenburg<br \/>\n<\/b><\/span><\/p>\n<p class=\"p1\"><span style=\"font-family: tahoma, arial, helvetica, sans-serif;\">\u201ePatio\u201c entstand als Galerie im Jahre 1963 in Neu-Isenburg in einem gut 15 qm gro\u00dfen Raum im Hinterhof der Waldstra\u00dfe. Damals bestand die Gruppe aus 5 Leuten. Es waren dies der Grafiker Horst Baerenz, der spanische Maler Mario Barahona, der Maler und Lehrer Walter Kroe, der Grafiker und Maler Dieter Wetzk und der Lehrer und Maler Walter Zimbrich. Es war eine neue Galerie, die die Tradition der 1961 geschlossenen Frankfurter \u201eZimmergalerie\u201c fortf\u00fchren wollte und ab 1963 einer jungen, kreativen Kunstszene im Rhein-Main-Gebiet experimentelle Freiheit bot. Die Galerie begann ihre Ausstellungst\u00e4tigkeit am 21. M\u00e4rz 1963 mit einer Accrochage der Gr\u00fcnderv\u00e4ter. Wenige Tage nach der Er\u00f6ffnung der ersten Patio-Ausstellung kam Klaus M\u00fcnchschwander als ganz junger Schriftsetzerlehrling dazu. Er hatte ma\u00dfgeblich dazu beigetragen, das Patio auch B\u00fccher drucken konnte. Was Sie dann auch taten.<\/span><br \/>\n<span style=\"font-family: tahoma, arial, helvetica, sans-serif;\">In regelm\u00e4\u00dfigem Turnus wurden Ausstellungen gemacht. Zahlreiche namhafte K\u00fcnstler und K\u00fcnstlerinnen stellten in der Galerie Patio in Neu-Isenburg aus.\u00a0U.a. Hermann Tomada (1963), Hans Walter L\u00e4mmerhirt (1963),\u00a0Paul Fontaine (1964), Friedrich Julius Scherff (1965), G\u00fcnter K\u00e4mpfe (1965).<\/span><br \/>\n<span style=\"font-family: tahoma, arial, helvetica, sans-serif;\">Stanley Brouwn, der Schrittz\u00e4hler aus Amsterdam, hatte erstmals 1964 in Deutschland ein Happening bei Patio veranstaltet. Zu der Veranstaltung erscheint das Plakat \u201eRead this with a hammer \u2013 Lesen Sie das mit einem Hammer\u201c.<\/span><br \/>\n<span style=\"font-family: tahoma, arial, helvetica, sans-serif;\">Besonders wichtig in den Anfangsjahren von Patio ist der Freundeskreis mit Schriftstellern und Malern wie Walter E. Richartz, Adam Seide, Roland Kunkel und Heidi Frommann, aber auch Bernhard J\u00e4ger und Thomas Bayrle mit ihrer Gulliver-Presse, sowie G\u00fcnter Scherer, Karl Riha, und Manfred Linke u.a..<\/span><\/p>\n<p class=\"p1\"><span style=\"font-family: tahoma, arial, helvetica, sans-serif;\"><b>Die Frankfurter Zeit<a href=\"https:\/\/thomas-bedel.de\/patio\/wp-content\/uploads\/sites\/3\/2025\/03\/Patio-FFM.jpg\"><img decoding=\"async\" loading=\"lazy\" class=\"alignright wp-image-215 size-medium\" src=\"https:\/\/thomas-bedel.de\/patio\/wp-content\/uploads\/sites\/3\/2025\/03\/Patio-FFM-205x300.jpg\" alt=\"\" width=\"205\" height=\"300\" srcset=\"https:\/\/thomas-bedel.de\/patio\/wp-content\/uploads\/sites\/3\/2025\/03\/Patio-FFM-205x300.jpg 205w, https:\/\/thomas-bedel.de\/patio\/wp-content\/uploads\/sites\/3\/2025\/03\/Patio-FFM-698x1024.jpg 698w, https:\/\/thomas-bedel.de\/patio\/wp-content\/uploads\/sites\/3\/2025\/03\/Patio-FFM-768x1126.jpg 768w, https:\/\/thomas-bedel.de\/patio\/wp-content\/uploads\/sites\/3\/2025\/03\/Patio-FFM.jpg 1023w\" sizes=\"(max-width: 205px) 100vw, 205px\" \/><\/a><br \/>\n<\/b>Gegen Ende des Jahres 1965 hatte der Plan, mehr B\u00fccher zu machen, immer klarere Gestalt angenommen. Der Neu-Isenburger Raum war zu klein. Ein gr\u00f6\u00dferer Raum wurde in Frankfurt-Sachsenhausen &#8211; wieder in einem Hinterhof &#8211; in der Laubestra\u00dfe gefunden.<\/span><br \/>\n<span style=\"font-family: tahoma, arial, helvetica, sans-serif;\">Silvester 1965 gab es dann einen Umzug nach Frankfurt Sachsenhausen. Zu den aus Neu-Isenburg \u00fcbrig gebliebenen Horst Baerenz, Walter Kroe, Klaus M\u00fcnchschwander und Walter Zimbrich hatten sich der Maler Peter Engel, der Schriftsteller G\u00fcnther Guben, der Schriftsteller und Lehrerstudent Roland Kunkel, der Chemiker und Schriftsteller W.E. Richartz, der Grafiker Christian Roeder, der Sch\u00fcler Gerd Rother und der Grafiker und Maler G\u00fcnter Scherer gesellt.<\/span><br \/>\n<span style=\"font-family: tahoma, arial, helvetica, sans-serif;\">Im Laufe der Jahre pr\u00e4sentierte Patio dort erste Ausstellungen von Tomas Schmit (1966), Tom Reichel (1966), Gerhard Richter und Konrad Lueg (1966),Werner Schreib, J\u00f6rg Immendorff (1968), Bazon Brock (1969), Y.Fongi (1969), Renate Sautermeister (1969), Helga Philipp (1976), Annegret Soltau (1977), Peter Basseler (1979), Don Baechler (1979) Otto Dre\u00dfler, Heimrad Prem, Linda Christanell , Winfred Gaul, Klaus Staeck, u.v.m.<\/span><br \/>\n<span style=\"font-family: tahoma, arial, helvetica, sans-serif;\">1966 gab Patio, zum ersten Mal, Timm Ulrichs Gelegenheit, sich bei seiner \u00d6ffentliche \u201eSelbstausstellung\u201c in Frankfurt als erstes lebendes Kunstwerk darzustellen. Konrad Balder Sch\u00e4uffelen machte seine erste Aktion \u201eSprechzimmer\u201c bei Patio.<\/span><br \/>\n<span style=\"font-family: tahoma, arial, helvetica, sans-serif;\">In der Zeit von 1965 bis 1982 realisierte Patio zahlreiche Konzeptausstellungen z.B. Indianerpatio, G\u00f6the heute, 36 Stunden, Halleyhallo, Le jour de gloire, S-Kunst, H\u00e4ppi B\u00f6rsdee \u00c4merrik\u00e4!, Post-Kunst, 1. Mobile Ausstellung, Betrampelungsaktion in der B-Ebene der Frankfurter Hauptwache.<\/span><\/p>\n<p class=\"p1\"><span style=\"font-family: tahoma, arial, helvetica, sans-serif;\"><b>R\u00fcckkehr nach Neu-Isenburg<br \/>\n<\/b>Nach der K\u00fcndigung der Galerier\u00e4ume in der Laubestra\u00dfe in Sachsenhausen kehrt Patio 1983 nach Neu-Isenburg an den alten Platz in die Waldstra\u00dfe zur\u00fcck.<\/span><br \/>\n<span style=\"font-family: tahoma, arial, helvetica, sans-serif;\">Junge K\u00fcnstler bekommen hier ihre, oftmals erste, Chance aber auch \u00e4ltere K\u00fcnstler werden gezeigt. Sarah Schumann (1984), Wil Frenken (1991), Andreas H.H. Suberg(1992), Bernhard J\u00e4ger (1993), Rolf Kissel (1993), Almut Aue (1995), Eckhard Gehrmann (1995) u.v.a.m.<br \/>\n<\/span><span style=\"font-family: tahoma, arial, helvetica, sans-serif;\">Die Liste der PATIO-Aktivit\u00e4ten war schier endlos.<br \/>\nIm Dezember 1996 beendete Patio seine Aktivit\u00e4ten und l\u00f6ste sich auf.<\/span><\/p>\n<p class=\"p1\"><span style=\"font-family: tahoma, arial, helvetica, sans-serif;\">Preise:<\/span><br \/>\n<span style=\"font-family: tahoma, arial, helvetica, sans-serif;\">V.O. Stomp-Preises der Landeshauptstadt Mainz 1981<\/span><br \/>\n<span style=\"font-family: tahoma, arial, helvetica, sans-serif;\">Kulturpreis der Stadt Neu-Isenburg 1988.<\/span><\/p>\n","protected":false},"excerpt":{"rendered":"<p>Anf\u00e4nge in Neu-Isenburg \u201ePatio\u201c entstand als Galerie im Jahre 1963 in Neu-Isenburg in einem gut 15 qm gro\u00dfen Raum im Hinterhof der Waldstra\u00dfe. Damals bestand die Gruppe aus 5 Leuten. Es waren dies der Grafiker Horst Baerenz, der spanische Maler Mario Barahona, der Maler und Lehrer Walter Kroe, der Grafiker und Maler Dieter Wetzk und<\/p>\n","protected":false},"author":1,"featured_media":0,"parent":0,"menu_order":0,"comment_status":"closed","ping_status":"closed","template":"","meta":{"_coblocks_attr":"","_coblocks_dimensions":"","_coblocks_responsive_height":"","_coblocks_accordion_ie_support":"","_links_to":"","_links_to_target":""},"_links":{"self":[{"href":"https:\/\/thomas-bedel.de\/patio\/wp-json\/wp\/v2\/pages\/2"}],"collection":[{"href":"https:\/\/thomas-bedel.de\/patio\/wp-json\/wp\/v2\/pages"}],"about":[{"href":"https:\/\/thomas-bedel.de\/patio\/wp-json\/wp\/v2\/types\/page"}],"author":[{"embeddable":true,"href":"https:\/\/thomas-bedel.de\/patio\/wp-json\/wp\/v2\/users\/1"}],"replies":[{"embeddable":true,"href":"https:\/\/thomas-bedel.de\/patio\/wp-json\/wp\/v2\/comments?post=2"}],"version-history":[{"count":19,"href":"https:\/\/thomas-bedel.de\/patio\/wp-json\/wp\/v2\/pages\/2\/revisions"}],"predecessor-version":[{"id":1430,"href":"https:\/\/thomas-bedel.de\/patio\/wp-json\/wp\/v2\/pages\/2\/revisions\/1430"}],"wp:attachment":[{"href":"https:\/\/thomas-bedel.de\/patio\/wp-json\/wp\/v2\/media?parent=2"}],"curies":[{"name":"wp","href":"https:\/\/api.w.org\/{rel}","templated":true}]}}

<p><span style="font-family: tahoma, arial, helvetica, sans-serif;"><img decoding="async" loading="lazy" class="size-medium wp-image-14 alignleft" src="https://thomas-bedel.de/patio/wp-content/uploads/sites/3/2025/03/Patio-1963_5-216x300.jpg" alt="" width="216" height="300" srcset="https://thomas-bedel.de/patio/wp-content/uploads/sites/3/2025/03/Patio-1963_5-216x300.jpg 216w, https://thomas-bedel.de/patio/wp-content/uploads/sites/3/2025/03/Patio-1963_5-736x1024.jpg 736w, https://thomas-bedel.de/patio/wp-content/uploads/sites/3/2025/03/Patio-1963_5-768x1069.jpg 768w, https://thomas-bedel.de/patio/wp-content/uploads/sites/3/2025/03/Patio-1963_5.jpg 935w" sizes="(max-width: 216px) 100vw, 216px" /></span></p>
<p class="p1"><span style="font-family: tahoma, arial, helvetica, sans-serif;"><b>Anfänge in Neu-Isenburg<br />
</b></span></p>
<p class="p1"><span style="font-family: tahoma, arial, helvetica, sans-serif;">„Patio“ entstand als Galerie im Jahre 1963 in Neu-Isenburg in einem gut 15 qm großen Raum im Hinterhof der Waldstraße. Damals bestand die Gruppe aus 5 Leuten. Es waren dies der Grafiker Horst Baerenz, der spanische Maler Mario Barahona, der Maler und Lehrer Walter Kroe, der Grafiker und Maler Dieter Wetzk und der Lehrer und Maler Walter Zimbrich. Es war eine neue Galerie, die die Tradition der 1961 geschlossenen Frankfurter „Zimmergalerie“ fortführen wollte und ab 1963 einer jungen, kreativen Kunstszene im Rhein-Main-Gebiet experimentelle Freiheit bot. Die Galerie begann ihre Ausstellungstätigkeit am 21. März 1963 mit einer Accrochage der Gründerväter. Wenige Tage nach der Eröffnung der ersten Patio-Ausstellung kam Klaus Münchschwander als ganz junger Schriftsetzerlehrling dazu. Er hatte maßgeblich dazu beigetragen, das Patio auch Bücher drucken konnte. Was Sie dann auch taten.</span><br />
<span style="font-family: tahoma, arial, helvetica, sans-serif;">In regelmäßigem Turnus wurden Ausstellungen gemacht. Zahlreiche namhafte Künstler und Künstlerinnen stellten in der Galerie Patio in Neu-Isenburg aus. U.a. Hermann Tomada (1963), Hans Walter Lämmerhirt (1963), Paul Fontaine (1964), Friedrich Julius Scherff (1965), Günter Kämpfe (1965).</span><br />
<span style="font-family: tahoma, arial, helvetica, sans-serif;">Stanley Brouwn, der Schrittzähler aus Amsterdam, hatte erstmals 1964 in Deutschland ein Happening bei Patio veranstaltet. Zu der Veranstaltung erscheint das Plakat „Read this with a hammer – Lesen Sie das mit einem Hammer“.</span><br />
<span style="font-family: tahoma, arial, helvetica, sans-serif;">Besonders wichtig in den Anfangsjahren von Patio ist der Freundeskreis mit Schriftstellern und Malern wie Walter E. Richartz, Adam Seide, Roland Kunkel und Heidi Frommann, aber auch Bernhard Jäger und Thomas Bayrle mit ihrer Gulliver-Presse, sowie Günter Scherer, Karl Riha, und Manfred Linke u.a..</span></p>
<p class="p1"><span style="font-family: tahoma, arial, helvetica, sans-serif;"><b>Die Frankfurter Zeit<a href="https://thomas-bedel.de/patio/wp-content/uploads/sites/3/2025/03/Patio-FFM.jpg"><img decoding="async" loading="lazy" class="alignright wp-image-215 size-medium" src="https://thomas-bedel.de/patio/wp-content/uploads/sites/3/2025/03/Patio-FFM-205x300.jpg" alt="" width="205" height="300" srcset="https://thomas-bedel.de/patio/wp-content/uploads/sites/3/2025/03/Patio-FFM-205x300.jpg 205w, https://thomas-bedel.de/patio/wp-content/uploads/sites/3/2025/03/Patio-FFM-698x1024.jpg 698w, https://thomas-bedel.de/patio/wp-content/uploads/sites/3/2025/03/Patio-FFM-768x1126.jpg 768w, https://thomas-bedel.de/patio/wp-content/uploads/sites/3/2025/03/Patio-FFM.jpg 1023w" sizes="(max-width: 205px) 100vw, 205px" /></a><br />
</b>Gegen Ende des Jahres 1965 hatte der Plan, mehr Bücher zu machen, immer klarere Gestalt angenommen. Der Neu-Isenburger Raum war zu klein. Ein größerer Raum wurde in Frankfurt-Sachsenhausen &#8211; wieder in einem Hinterhof &#8211; in der Laubestraße gefunden.</span><br />
<span style="font-family: tahoma, arial, helvetica, sans-serif;">Silvester 1965 gab es dann einen Umzug nach Frankfurt Sachsenhausen. Zu den aus Neu-Isenburg übrig gebliebenen Horst Baerenz, Walter Kroe, Klaus Münchschwander und Walter Zimbrich hatten sich der Maler Peter Engel, der Schriftsteller Günther Guben, der Schriftsteller und Lehrerstudent Roland Kunkel, der Chemiker und Schriftsteller W.E. Richartz, der Grafiker Christian Roeder, der Schüler Gerd Rother und der Grafiker und Maler Günter Scherer gesellt.</span><br />
<span style="font-family: tahoma, arial, helvetica, sans-serif;">Im Laufe der Jahre präsentierte Patio dort erste Ausstellungen von Tomas Schmit (1966), Tom Reichel (1966), Gerhard Richter und Konrad Lueg (1966),Werner Schreib, Jörg Immendorff (1968), Bazon Brock (1969), Y.Fongi (1969), Renate Sautermeister (1969), Helga Philipp (1976), Annegret Soltau (1977), Peter Basseler (1979), Don Baechler (1979) Otto Dreßler, Heimrad Prem, Linda Christanell , Winfred Gaul, Klaus Staeck, u.v.m.</span><br />
<span style="font-family: tahoma, arial, helvetica, sans-serif;">1966 gab Patio, zum ersten Mal, Timm Ulrichs Gelegenheit, sich bei seiner Öffentliche „Selbstausstellung“ in Frankfurt als erstes lebendes Kunstwerk darzustellen. Konrad Balder Schäuffelen machte seine erste Aktion „Sprechzimmer“ bei Patio.</span><br />
<span style="font-family: tahoma, arial, helvetica, sans-serif;">In der Zeit von 1965 bis 1982 realisierte Patio zahlreiche Konzeptausstellungen z.B. Indianerpatio, Göthe heute, 36 Stunden, Halleyhallo, Le jour de gloire, S-Kunst, Häppi Börsdee Ämerrikä!, Post-Kunst, 1. Mobile Ausstellung, Betrampelungsaktion in der B-Ebene der Frankfurter Hauptwache.</span></p>
<p class="p1"><span style="font-family: tahoma, arial, helvetica, sans-serif;"><b>Rückkehr nach Neu-Isenburg<br />
</b>Nach der Kündigung der Galerieräume in der Laubestraße in Sachsenhausen kehrt Patio 1983 nach Neu-Isenburg an den alten Platz in die Waldstraße zurück.</span><br />
<span style="font-family: tahoma, arial, helvetica, sans-serif;">Junge Künstler bekommen hier ihre, oftmals erste, Chance aber auch ältere Künstler werden gezeigt. Sarah Schumann (1984), Wil Frenken (1991), Andreas H.H. Suberg(1992), Bernhard Jäger (1993), Rolf Kissel (1993), Almut Aue (1995), Eckhard Gehrmann (1995) u.v.a.m.<br />
</span><span style="font-family: tahoma, arial, helvetica, sans-serif;">Die Liste der PATIO-Aktivitäten war schier endlos.<br />
Im Dezember 1996 beendete Patio seine Aktivitäten und löste sich auf.</span></p>
<p class="p1"><span style="font-family: tahoma, arial, helvetica, sans-serif;">Preise:</span><br />
<span style="font-family: tahoma, arial, helvetica, sans-serif;">V.O. Stomp-Preises der Landeshauptstadt Mainz 1981</span><br />
<span style="font-family: tahoma, arial, helvetica, sans-serif;">Kulturpreis der Stadt Neu-Isenburg 1988.</span></p>

<p>Anfänge in Neu-Isenburg „Patio“ entstand als Galerie im Jahre 1963 in Neu-Isenburg in einem gut 15 qm großen Raum im Hinterhof der Waldstraße. Damals bestand die Gruppe aus 5 Leuten. Es waren dies der Grafiker Horst Baerenz, der spanische Maler Mario Barahona, der Maler und Lehrer Walter Kroe, der Grafiker und Maler Dieter Wetzk und</p>
