{"id":277,"date":"2025-03-30T19:32:36","date_gmt":"2025-03-30T17:32:36","guid":{"rendered":"https:\/\/thomas-bedel.de\/patio\/?page_id=277"},"modified":"2025-12-29T15:44:20","modified_gmt":"2025-12-29T14:44:20","slug":"figur-1","status":"publish","type":"page","link":"https:\/\/thomas-bedel.de\/patio\/figur-1\/","title":{"rendered":"Figur 1"},"content":{"rendered":"<p>Accrochage zum Erscheinen des gleichnamigen grafischen Jahrbuches der Galerie Patio mit: Horst Baerenz, Mario Barahona, Thomas Bayrle, Eberhard Behr, Dieter Bortfeldt, Stanley Brouwn, Klaus Burkhardt, Bernd Damke, W.P.E. Eggers, Henk Estau, Hella Fischer-Thorer, Georg H\u00f6ge, Bernhard J\u00e4ger, Werner Kausch, Rolf Kissel, Walter Kroe, Hans Walter L\u00e4mmerhirt, G\u00fcnter Nawrot, Wolfgang Petrick, Hans Roosen, Johannes Schreiter, Helmut Sch\u00fctz, Rainer Schwarz, Arno Waldschmidt, Hannes Weidemann, Walter Zimbrich.<\/p>\n<p>Das Plakat zur Ausstellung ist eine Originallithographie von Bayrle &amp; J\u00e4ger.<\/p>\n<!-- Final Tiles Grid Gallery for WordPress v3.6.13 free --><style>#ftg-55 .tile .icon { color:#ffffff; }#ftg-55 .ftg-items .loading-bar i { background:#666; }#ftg-55 .ftg-items .loading-bar { background:#fff; }#ftg-55 .tile .icon { font-size:12px; }#ftg-55 .tile .icon { margin: -6px 0 0 -6px; }#ftg-55 .tile .caption-block .text-wrapper span.text { font-size:12px; }#ftg-55 .tile .caption-outside .text-wrapper span.text { font-size:12px; }#ftg-55 .tile .caption-block .text-wrapper span.title { font-size:14px; }#ftg-55 .tile .caption-outside .text-wrapper span.title { font-size:14px; }#ftg-55 .tile { background-color: transparent; }#ftg-55 .tile .caption-block .text-wrapper span.text { color: #ffffff; }#ftg-55 .tile .caption-block .text-wrapper span.title { color: #ffffff; }#ftg-55 .tile .caption-outside .text-wrapper span.text { color: #ffffff; }#ftg-55 .tile .caption-outside .text-wrapper span.title { color: #ffffff; }#ftg-55 .tile .ftg-social a { color: #ffffff; }#ftg-55 .tile .caption-block { transition-duration:0.25s; }#ftg-55 .tile .tile-inner:before { background-color: #000000; }#ftg-55 .tile .tile-inner:before { background-color: rgba(0, 0, 0, 0.8); }#ftg-55 .tile:hover img {-moz-transform: -moz-rotate(0deg) -moz-scale(0) ;-webkit-transform: -webkit-rotate(0deg) -webkit-scale(0) ;-o-transform: -o-rotate(0deg) -o-scale(0) ;-ms-transform: -ms-rotate(0deg) -ms-scale(0) ;transform: rotate(0deg) scale(0) ;}<\/style><a name=\"5\"><\/a><div class=\"final-tiles-gallery  ftg-hover-enabled caption-inside  caption-none caption-middle caption-center\" id=\"ftg-55\" style=\"width: 100%\"><div class='ftg-items'><div class='loading-bar'><i><\/i><\/div><div  class='tile ftg-preload  '><a title=\"OP 3.10.1963\" data-lightbox='ftg-55' rel='ftg-55'  class=' tile-inner  ftg-lightbox' href='https:\/\/thomas-bedel.de\/patio\/wp-content\/uploads\/sites\/3\/2025\/03\/Figur1_4-616x1024.jpg' ><img alt='OP 3.10.1963' class='item skip-lazy' data-class='item' data-ftg-source='https:\/\/thomas-bedel.de\/patio\/wp-content\/uploads\/sites\/3\/2025\/03\/Figur1_4-616x1024.jpg' src='https:\/\/thomas-bedel.de\/patio\/wp-content\/uploads\/sites\/3\/2025\/03\/Figur1_4-616x1024.jpg' width='616' height='1024' \/><div class='caption-block'><div class='text-wrapper'><span class='text'>OP 3.10.1963<\/span><\/div><\/div><\/a><div class='ftg-social'><\/div><\/div><div  class='tile ftg-preload  '><a title=\"Figur 1\" data-lightbox='ftg-55' rel='ftg-55'  class=' tile-inner  ftg-lightbox' href='https:\/\/thomas-bedel.de\/patio\/wp-content\/uploads\/sites\/3\/2025\/03\/Figur1_3-1024x1011.jpg' ><img alt='Figur 1' class='item skip-lazy' data-class='item' data-ftg-source='https:\/\/thomas-bedel.de\/patio\/wp-content\/uploads\/sites\/3\/2025\/03\/Figur1_3-1024x1011.jpg' src='https:\/\/thomas-bedel.de\/patio\/wp-content\/uploads\/sites\/3\/2025\/03\/Figur1_3-1024x1011.jpg' width='1024' height='1011' \/><div class='caption-block'><div class='text-wrapper'><span class='text'>Figur 1<\/span><\/div><\/div><\/a><div class='ftg-social'><\/div><\/div><div  class='tile ftg-preload  '><a title=\"W.Zimbrich, H.Baerenz\" data-lightbox='ftg-55' rel='ftg-55'  class=' tile-inner  ftg-lightbox' href='https:\/\/thomas-bedel.de\/patio\/wp-content\/uploads\/sites\/3\/2025\/03\/Figur1_2-1010x1024.jpg' ><img alt='W.Zimbrich, H.Baerenz' class='item skip-lazy' data-class='item' data-ftg-source='https:\/\/thomas-bedel.de\/patio\/wp-content\/uploads\/sites\/3\/2025\/03\/Figur1_2-1010x1024.jpg' src='https:\/\/thomas-bedel.de\/patio\/wp-content\/uploads\/sites\/3\/2025\/03\/Figur1_2-1010x1024.jpg' width='1010' height='1024' \/><div class='caption-block'><div class='text-wrapper'><span class='text'>W.Zimbrich, H.Baerenz<\/span><\/div><\/div><\/a><div class='ftg-social'><\/div><\/div><div  class='tile ftg-preload  '><a title=\"Figur 1\" data-lightbox='ftg-55' rel='ftg-55'  class=' tile-inner  ftg-lightbox' href='https:\/\/thomas-bedel.de\/patio\/wp-content\/uploads\/sites\/3\/2025\/03\/Figur1_1-1015x1024.jpg' ><img alt='Figur 1' class='item skip-lazy' data-class='item' data-ftg-source='https:\/\/thomas-bedel.de\/patio\/wp-content\/uploads\/sites\/3\/2025\/03\/Figur1_1-1015x1024.jpg' src='https:\/\/thomas-bedel.de\/patio\/wp-content\/uploads\/sites\/3\/2025\/03\/Figur1_1-1015x1024.jpg' width='1015' height='1024' \/><div class='caption-block'><div class='text-wrapper'><span class='text'>Figur 1<\/span><\/div><\/div><\/a><div class='ftg-social'><\/div><\/div><div  class='tile ftg-preload  '><a title=\"Plakat\" data-lightbox='ftg-55' rel='ftg-55'  class=' tile-inner  ftg-lightbox' href='https:\/\/thomas-bedel.de\/patio\/wp-content\/uploads\/sites\/3\/2025\/03\/Figur-1-369x1024.jpg' ><img alt='Plakat' class='item skip-lazy' data-class='item' data-ftg-source='https:\/\/thomas-bedel.de\/patio\/wp-content\/uploads\/sites\/3\/2025\/03\/Figur-1-369x1024.jpg' src='https:\/\/thomas-bedel.de\/patio\/wp-content\/uploads\/sites\/3\/2025\/03\/Figur-1-369x1024.jpg' width='369' height='1024' \/><div class='caption-block'><div class='text-wrapper'><span class='text'>Plakat<\/span><\/div><\/div><\/a><div class='ftg-social'><\/div><\/div><\/div><\/div>\n","protected":false},"excerpt":{"rendered":"<p>Accrochage zum Erscheinen des gleichnamigen grafischen Jahrbuches der Galerie Patio mit: Horst Baerenz, Mario Barahona, Thomas Bayrle, Eberhard Behr, Dieter Bortfeldt, Stanley Brouwn, Klaus Burkhardt, Bernd Damke, W.P.E. Eggers, Henk Estau, Hella Fischer-Thorer, Georg H\u00f6ge, Bernhard J\u00e4ger, Werner Kausch, Rolf Kissel, Walter Kroe, Hans Walter L\u00e4mmerhirt, G\u00fcnter Nawrot, Wolfgang Petrick, Hans Roosen, Johannes Schreiter, Helmut<\/p>\n","protected":false},"author":1,"featured_media":0,"parent":0,"menu_order":0,"comment_status":"closed","ping_status":"closed","template":"","meta":{"_coblocks_attr":"","_coblocks_dimensions":"","_coblocks_responsive_height":"","_coblocks_accordion_ie_support":"","_links_to":"","_links_to_target":""},"_links":{"self":[{"href":"https:\/\/thomas-bedel.de\/patio\/wp-json\/wp\/v2\/pages\/277"}],"collection":[{"href":"https:\/\/thomas-bedel.de\/patio\/wp-json\/wp\/v2\/pages"}],"about":[{"href":"https:\/\/thomas-bedel.de\/patio\/wp-json\/wp\/v2\/types\/page"}],"author":[{"embeddable":true,"href":"https:\/\/thomas-bedel.de\/patio\/wp-json\/wp\/v2\/users\/1"}],"replies":[{"embeddable":true,"href":"https:\/\/thomas-bedel.de\/patio\/wp-json\/wp\/v2\/comments?post=277"}],"version-history":[{"count":6,"href":"https:\/\/thomas-bedel.de\/patio\/wp-json\/wp\/v2\/pages\/277\/revisions"}],"predecessor-version":[{"id":1199,"href":"https:\/\/thomas-bedel.de\/patio\/wp-json\/wp\/v2\/pages\/277\/revisions\/1199"}],"wp:attachment":[{"href":"https:\/\/thomas-bedel.de\/patio\/wp-json\/wp\/v2\/media?parent=277"}],"curies":[{"name":"wp","href":"https:\/\/api.w.org\/{rel}","templated":true}]}}

<p>Accrochage zum Erscheinen des gleichnamigen grafischen Jahrbuches der Galerie Patio mit: Horst Baerenz, Mario Barahona, Thomas Bayrle, Eberhard Behr, Dieter Bortfeldt, Stanley Brouwn, Klaus Burkhardt, Bernd Damke, W.P.E. Eggers, Henk Estau, Hella Fischer-Thorer, Georg Höge, Bernhard Jäger, Werner Kausch, Rolf Kissel, Walter Kroe, Hans Walter Lämmerhirt, Günter Nawrot, Wolfgang Petrick, Hans Roosen, Johannes Schreiter, Helmut Schütz, Rainer Schwarz, Arno Waldschmidt, Hannes Weidemann, Walter Zimbrich.</p>
<p>Das Plakat zur Ausstellung ist eine Originallithographie von Bayrle &amp; Jäger.</p>
<!-- Final Tiles Grid Gallery for WordPress v3.6.13 free --><style>#ftg-55 .tile .icon { color:#ffffff; }#ftg-55 .ftg-items .loading-bar i { background:#666; }#ftg-55 .ftg-items .loading-bar { background:#fff; }#ftg-55 .tile .icon { font-size:12px; }#ftg-55 .tile .icon { margin: -6px 0 0 -6px; }#ftg-55 .tile .caption-block .text-wrapper span.text { font-size:12px; }#ftg-55 .tile .caption-outside .text-wrapper span.text { font-size:12px; }#ftg-55 .tile .caption-block .text-wrapper span.title { font-size:14px; }#ftg-55 .tile .caption-outside .text-wrapper span.title { font-size:14px; }#ftg-55 .tile { background-color: transparent; }#ftg-55 .tile .caption-block .text-wrapper span.text { color: #ffffff; }#ftg-55 .tile .caption-block .text-wrapper span.title { color: #ffffff; }#ftg-55 .tile .caption-outside .text-wrapper span.text { color: #ffffff; }#ftg-55 .tile .caption-outside .text-wrapper span.title { color: #ffffff; }#ftg-55 .tile .ftg-social a { color: #ffffff; }#ftg-55 .tile .caption-block { transition-duration:0.25s; }#ftg-55 .tile .tile-inner:before { background-color: #000000; }#ftg-55 .tile .tile-inner:before { background-color: rgba(0, 0, 0, 0.8); }#ftg-55 .tile:hover img {-moz-transform: -moz-rotate(0deg) -moz-scale(0) ;-webkit-transform: -webkit-rotate(0deg) -webkit-scale(0) ;-o-transform: -o-rotate(0deg) -o-scale(0) ;-ms-transform: -ms-rotate(0deg) -ms-scale(0) ;transform: rotate(0deg) scale(0) ;}</style><a name="5"></a><div class="final-tiles-gallery  ftg-hover-enabled caption-inside  caption-none caption-middle caption-center" id="ftg-55" style="width: 100%"><div class='ftg-items'><div class='loading-bar'><i></i></div><div  class='tile ftg-preload  '><a title="OP 3.10.1963" data-lightbox='ftg-55' rel='ftg-55'  class=' tile-inner  ftg-lightbox' href='https://thomas-bedel.de/patio/wp-content/uploads/sites/3/2025/03/Figur1_4-616x1024.jpg' ><img alt='OP 3.10.1963' class='item skip-lazy' data-class='item' data-ftg-source='https://thomas-bedel.de/patio/wp-content/uploads/sites/3/2025/03/Figur1_4-616x1024.jpg' src='https://thomas-bedel.de/patio/wp-content/uploads/sites/3/2025/03/Figur1_4-616x1024.jpg' width='616' height='1024' /><div class='caption-block'><div class='text-wrapper'><span class='text'>OP 3.10.1963</span></div></div></a><div class='ftg-social'></div></div><div  class='tile ftg-preload  '><a title="Figur 1" data-lightbox='ftg-55' rel='ftg-55'  class=' tile-inner  ftg-lightbox' href='https://thomas-bedel.de/patio/wp-content/uploads/sites/3/2025/03/Figur1_3-1024x1011.jpg' ><img alt='Figur 1' class='item skip-lazy' data-class='item' data-ftg-source='https://thomas-bedel.de/patio/wp-content/uploads/sites/3/2025/03/Figur1_3-1024x1011.jpg' src='https://thomas-bedel.de/patio/wp-content/uploads/sites/3/2025/03/Figur1_3-1024x1011.jpg' width='1024' height='1011' /><div class='caption-block'><div class='text-wrapper'><span class='text'>Figur 1</span></div></div></a><div class='ftg-social'></div></div><div  class='tile ftg-preload  '><a title="W.Zimbrich, H.Baerenz" data-lightbox='ftg-55' rel='ftg-55'  class=' tile-inner  ftg-lightbox' href='https://thomas-bedel.de/patio/wp-content/uploads/sites/3/2025/03/Figur1_2-1010x1024.jpg' ><img alt='W.Zimbrich, H.Baerenz' class='item skip-lazy' data-class='item' data-ftg-source='https://thomas-bedel.de/patio/wp-content/uploads/sites/3/2025/03/Figur1_2-1010x1024.jpg' src='https://thomas-bedel.de/patio/wp-content/uploads/sites/3/2025/03/Figur1_2-1010x1024.jpg' width='1010' height='1024' /><div class='caption-block'><div class='text-wrapper'><span class='text'>W.Zimbrich, H.Baerenz</span></div></div></a><div class='ftg-social'></div></div><div  class='tile ftg-preload  '><a title="Figur 1" data-lightbox='ftg-55' rel='ftg-55'  class=' tile-inner  ftg-lightbox' href='https://thomas-bedel.de/patio/wp-content/uploads/sites/3/2025/03/Figur1_1-1015x1024.jpg' ><img alt='Figur 1' class='item skip-lazy' data-class='item' data-ftg-source='https://thomas-bedel.de/patio/wp-content/uploads/sites/3/2025/03/Figur1_1-1015x1024.jpg' src='https://thomas-bedel.de/patio/wp-content/uploads/sites/3/2025/03/Figur1_1-1015x1024.jpg' width='1015' height='1024' /><div class='caption-block'><div class='text-wrapper'><span class='text'>Figur 1</span></div></div></a><div class='ftg-social'></div></div><div  class='tile ftg-preload  '><a title="Plakat" data-lightbox='ftg-55' rel='ftg-55'  class=' tile-inner  ftg-lightbox' href='https://thomas-bedel.de/patio/wp-content/uploads/sites/3/2025/03/Figur-1-369x1024.jpg' ><img alt='Plakat' class='item skip-lazy' data-class='item' data-ftg-source='https://thomas-bedel.de/patio/wp-content/uploads/sites/3/2025/03/Figur-1-369x1024.jpg' src='https://thomas-bedel.de/patio/wp-content/uploads/sites/3/2025/03/Figur-1-369x1024.jpg' width='369' height='1024' /><div class='caption-block'><div class='text-wrapper'><span class='text'>Plakat</span></div></div></a><div class='ftg-social'></div></div></div></div>

<p>Accrochage zum Erscheinen des gleichnamigen grafischen Jahrbuches der Galerie Patio mit: Horst Baerenz, Mario Barahona, Thomas Bayrle, Eberhard Behr, Dieter Bortfeldt, Stanley Brouwn, Klaus Burkhardt, Bernd Damke, W.P.E. Eggers, Henk Estau, Hella Fischer-Thorer, Georg Höge, Bernhard Jäger, Werner Kausch, Rolf Kissel, Walter Kroe, Hans Walter Lämmerhirt, Günter Nawrot, Wolfgang Petrick, Hans Roosen, Johannes Schreiter, Helmut</p>
