{"id":408,"date":"2025-04-01T19:08:50","date_gmt":"2025-04-01T17:08:50","guid":{"rendered":"https:\/\/thomas-bedel.de\/patio\/?page_id=408"},"modified":"2025-12-30T23:27:23","modified_gmt":"2025-12-30T22:27:23","slug":"betrampelungsaktion","status":"publish","type":"page","link":"https:\/\/thomas-bedel.de\/patio\/betrampelungsaktion\/","title":{"rendered":"Betrampelungsaktion"},"content":{"rendered":"<p>Ari Zischli (d.i. Albrecht, Richartz, Zimbrich, Scherer, Linke), Betrampelungsaktion in der B-Ebene der Frankfurter Hauptwache. Dabei entsteht der Umschlag f\u00fcr das Buch von Wolfgang Weyrauch, Fu\u00dfg\u00e4nger, B-Ebene, Hauptwache, Rolltreppe, hinauf, hinab. Wolfgang Weyrauch ist mit dabei, geht es doch um sein Buch. Horst Rauer fotografiert das alles,<br \/>\nf\u00fcr die Illustrationen.<\/p>\n<p>&nbsp;<\/p>\n<!-- Final Tiles Grid Gallery for WordPress v3.6.13 free --><style>#ftg-2727 .tile .icon { color:#ffffff; }#ftg-2727 .ftg-items .loading-bar i { background:#666; }#ftg-2727 .ftg-items .loading-bar { background:#fff; }#ftg-2727 .tile .icon { font-size:12px; }#ftg-2727 .tile .icon { margin: -6px 0 0 -6px; }#ftg-2727 .tile .caption-block .text-wrapper span.text { font-size:12px; }#ftg-2727 .tile .caption-outside .text-wrapper span.text { font-size:12px; }#ftg-2727 .tile .caption-block .text-wrapper span.title { font-size:14px; }#ftg-2727 .tile .caption-outside .text-wrapper span.title { font-size:14px; }#ftg-2727 .tile { background-color: transparent; }#ftg-2727 .tile .caption-block .text-wrapper span.text { color: #ffffff; }#ftg-2727 .tile .caption-block .text-wrapper span.title { color: #ffffff; }#ftg-2727 .tile .caption-outside .text-wrapper span.text { color: #ffffff; }#ftg-2727 .tile .caption-outside .text-wrapper span.title { color: #ffffff; }#ftg-2727 .tile .ftg-social a { color: #ffffff; }#ftg-2727 .tile .caption-block { transition-duration:0.25s; }#ftg-2727 .tile .tile-inner:before { background-color: #000000; }#ftg-2727 .tile .tile-inner:before { background-color: rgba(0, 0, 0, 0.8); }#ftg-2727 .tile:hover img {-moz-transform: -moz-rotate(0deg) -moz-scale(0) ;-webkit-transform: -webkit-rotate(0deg) -webkit-scale(0) ;-o-transform: -o-rotate(0deg) -o-scale(0) ;-ms-transform: -ms-rotate(0deg) -ms-scale(0) ;transform: rotate(0deg) scale(0) ;}<\/style><a name=\"27\"><\/a><div class=\"final-tiles-gallery  ftg-hover-enabled caption-inside  caption-none caption-middle caption-center\" id=\"ftg-2727\" style=\"width: 100%\"><div class='ftg-items'><div class='loading-bar'><i><\/i><\/div><div  class='tile ftg-preload  '><a title=\"Betrampelungsaktion\" data-lightbox='ftg-2727' rel='ftg-2727'  class=' tile-inner  ftg-lightbox' href='https:\/\/thomas-bedel.de\/patio\/wp-content\/uploads\/sites\/3\/2025\/04\/Betrampelungsaktion_3-760x1024.jpg' ><img alt='Betrampelungsaktion' class='item skip-lazy' data-class='item' data-ftg-source='https:\/\/thomas-bedel.de\/patio\/wp-content\/uploads\/sites\/3\/2025\/04\/Betrampelungsaktion_3-760x1024.jpg' src='https:\/\/thomas-bedel.de\/patio\/wp-content\/uploads\/sites\/3\/2025\/04\/Betrampelungsaktion_3-760x1024.jpg' width='760' height='1024' \/><div class='caption-block'><div class='text-wrapper'><span class='text'>Betrampelungsaktion<\/span><\/div><\/div><\/a><div class='ftg-social'><\/div><\/div><div  class='tile ftg-preload  '><a title=\"Betrampelungsaktion\" data-lightbox='ftg-2727' rel='ftg-2727'  class=' tile-inner  ftg-lightbox' href='https:\/\/thomas-bedel.de\/patio\/wp-content\/uploads\/sites\/3\/2025\/04\/Betrampelungsaktion_2-1024x795.jpg' ><img alt='Betrampelungsaktion' class='item skip-lazy' data-class='item' data-ftg-source='https:\/\/thomas-bedel.de\/patio\/wp-content\/uploads\/sites\/3\/2025\/04\/Betrampelungsaktion_2-1024x795.jpg' src='https:\/\/thomas-bedel.de\/patio\/wp-content\/uploads\/sites\/3\/2025\/04\/Betrampelungsaktion_2-1024x795.jpg' width='1024' height='795' \/><div class='caption-block'><div class='text-wrapper'><span class='text'>Betrampelungsaktion<\/span><\/div><\/div><\/a><div class='ftg-social'><\/div><\/div><div  class='tile ftg-preload  '><a title=\"Betrampelungsaktion\" data-lightbox='ftg-2727' rel='ftg-2727'  class=' tile-inner  ftg-lightbox' href='https:\/\/thomas-bedel.de\/patio\/wp-content\/uploads\/sites\/3\/2025\/04\/Betrampelungsaktion_1-758x1024.jpg' ><img alt='Betrampelungsaktion' class='item skip-lazy' data-class='item' data-ftg-source='https:\/\/thomas-bedel.de\/patio\/wp-content\/uploads\/sites\/3\/2025\/04\/Betrampelungsaktion_1-758x1024.jpg' src='https:\/\/thomas-bedel.de\/patio\/wp-content\/uploads\/sites\/3\/2025\/04\/Betrampelungsaktion_1-758x1024.jpg' width='758' height='1024' \/><div class='caption-block'><div class='text-wrapper'><span class='text'>Betrampelungsaktion<\/span><\/div><\/div><\/a><div class='ftg-social'><\/div><\/div><div  class='tile ftg-preload  '><a title=\"Buch \/ Betrampelungsaktion\" data-lightbox='ftg-2727' rel='ftg-2727'  class=' tile-inner  ftg-lightbox' href='https:\/\/thomas-bedel.de\/patio\/wp-content\/uploads\/sites\/3\/2025\/04\/Betrampelung-Buch-1024x827.jpg' ><img alt='Buch \/ Betrampelungsaktion' class='item skip-lazy' data-class='item' data-ftg-source='https:\/\/thomas-bedel.de\/patio\/wp-content\/uploads\/sites\/3\/2025\/04\/Betrampelung-Buch-1024x827.jpg' src='https:\/\/thomas-bedel.de\/patio\/wp-content\/uploads\/sites\/3\/2025\/04\/Betrampelung-Buch-1024x827.jpg' width='1024' height='827' \/><div class='caption-block'><div class='text-wrapper'><span class='text'>Buch \/ Betrampelungsaktion<\/span><\/div><\/div><\/a><div class='ftg-social'><\/div><\/div><\/div><\/div>\n","protected":false},"excerpt":{"rendered":"<p>Ari Zischli (d.i. Albrecht, Richartz, Zimbrich, Scherer, Linke), Betrampelungsaktion in der B-Ebene der Frankfurter Hauptwache. Dabei entsteht der Umschlag f\u00fcr das Buch von Wolfgang Weyrauch, Fu\u00dfg\u00e4nger, B-Ebene, Hauptwache, Rolltreppe, hinauf, hinab. Wolfgang Weyrauch ist mit dabei, geht es doch um sein Buch. Horst Rauer fotografiert das alles, f\u00fcr die Illustrationen. &nbsp;<\/p>\n","protected":false},"author":1,"featured_media":0,"parent":0,"menu_order":0,"comment_status":"closed","ping_status":"closed","template":"","meta":{"_coblocks_attr":"","_coblocks_dimensions":"","_coblocks_responsive_height":"","_coblocks_accordion_ie_support":"","_links_to":"","_links_to_target":""},"_links":{"self":[{"href":"https:\/\/thomas-bedel.de\/patio\/wp-json\/wp\/v2\/pages\/408"}],"collection":[{"href":"https:\/\/thomas-bedel.de\/patio\/wp-json\/wp\/v2\/pages"}],"about":[{"href":"https:\/\/thomas-bedel.de\/patio\/wp-json\/wp\/v2\/types\/page"}],"author":[{"embeddable":true,"href":"https:\/\/thomas-bedel.de\/patio\/wp-json\/wp\/v2\/users\/1"}],"replies":[{"embeddable":true,"href":"https:\/\/thomas-bedel.de\/patio\/wp-json\/wp\/v2\/comments?post=408"}],"version-history":[{"count":7,"href":"https:\/\/thomas-bedel.de\/patio\/wp-json\/wp\/v2\/pages\/408\/revisions"}],"predecessor-version":[{"id":1363,"href":"https:\/\/thomas-bedel.de\/patio\/wp-json\/wp\/v2\/pages\/408\/revisions\/1363"}],"wp:attachment":[{"href":"https:\/\/thomas-bedel.de\/patio\/wp-json\/wp\/v2\/media?parent=408"}],"curies":[{"name":"wp","href":"https:\/\/api.w.org\/{rel}","templated":true}]}}

<p>Ari Zischli (d.i. Albrecht, Richartz, Zimbrich, Scherer, Linke), Betrampelungsaktion in der B-Ebene der Frankfurter Hauptwache. Dabei entsteht der Umschlag für das Buch von Wolfgang Weyrauch, Fußgänger, B-Ebene, Hauptwache, Rolltreppe, hinauf, hinab. Wolfgang Weyrauch ist mit dabei, geht es doch um sein Buch. Horst Rauer fotografiert das alles,<br />
für die Illustrationen.</p>
<p>&nbsp;</p>
<!-- Final Tiles Grid Gallery for WordPress v3.6.13 free --><style>#ftg-2727 .tile .icon { color:#ffffff; }#ftg-2727 .ftg-items .loading-bar i { background:#666; }#ftg-2727 .ftg-items .loading-bar { background:#fff; }#ftg-2727 .tile .icon { font-size:12px; }#ftg-2727 .tile .icon { margin: -6px 0 0 -6px; }#ftg-2727 .tile .caption-block .text-wrapper span.text { font-size:12px; }#ftg-2727 .tile .caption-outside .text-wrapper span.text { font-size:12px; }#ftg-2727 .tile .caption-block .text-wrapper span.title { font-size:14px; }#ftg-2727 .tile .caption-outside .text-wrapper span.title { font-size:14px; }#ftg-2727 .tile { background-color: transparent; }#ftg-2727 .tile .caption-block .text-wrapper span.text { color: #ffffff; }#ftg-2727 .tile .caption-block .text-wrapper span.title { color: #ffffff; }#ftg-2727 .tile .caption-outside .text-wrapper span.text { color: #ffffff; }#ftg-2727 .tile .caption-outside .text-wrapper span.title { color: #ffffff; }#ftg-2727 .tile .ftg-social a { color: #ffffff; }#ftg-2727 .tile .caption-block { transition-duration:0.25s; }#ftg-2727 .tile .tile-inner:before { background-color: #000000; }#ftg-2727 .tile .tile-inner:before { background-color: rgba(0, 0, 0, 0.8); }#ftg-2727 .tile:hover img {-moz-transform: -moz-rotate(0deg) -moz-scale(0) ;-webkit-transform: -webkit-rotate(0deg) -webkit-scale(0) ;-o-transform: -o-rotate(0deg) -o-scale(0) ;-ms-transform: -ms-rotate(0deg) -ms-scale(0) ;transform: rotate(0deg) scale(0) ;}</style><a name="27"></a><div class="final-tiles-gallery  ftg-hover-enabled caption-inside  caption-none caption-middle caption-center" id="ftg-2727" style="width: 100%"><div class='ftg-items'><div class='loading-bar'><i></i></div><div  class='tile ftg-preload  '><a title="Betrampelungsaktion" data-lightbox='ftg-2727' rel='ftg-2727'  class=' tile-inner  ftg-lightbox' href='https://thomas-bedel.de/patio/wp-content/uploads/sites/3/2025/04/Betrampelungsaktion_3-760x1024.jpg' ><img alt='Betrampelungsaktion' class='item skip-lazy' data-class='item' data-ftg-source='https://thomas-bedel.de/patio/wp-content/uploads/sites/3/2025/04/Betrampelungsaktion_3-760x1024.jpg' src='https://thomas-bedel.de/patio/wp-content/uploads/sites/3/2025/04/Betrampelungsaktion_3-760x1024.jpg' width='760' height='1024' /><div class='caption-block'><div class='text-wrapper'><span class='text'>Betrampelungsaktion</span></div></div></a><div class='ftg-social'></div></div><div  class='tile ftg-preload  '><a title="Betrampelungsaktion" data-lightbox='ftg-2727' rel='ftg-2727'  class=' tile-inner  ftg-lightbox' href='https://thomas-bedel.de/patio/wp-content/uploads/sites/3/2025/04/Betrampelungsaktion_2-1024x795.jpg' ><img alt='Betrampelungsaktion' class='item skip-lazy' data-class='item' data-ftg-source='https://thomas-bedel.de/patio/wp-content/uploads/sites/3/2025/04/Betrampelungsaktion_2-1024x795.jpg' src='https://thomas-bedel.de/patio/wp-content/uploads/sites/3/2025/04/Betrampelungsaktion_2-1024x795.jpg' width='1024' height='795' /><div class='caption-block'><div class='text-wrapper'><span class='text'>Betrampelungsaktion</span></div></div></a><div class='ftg-social'></div></div><div  class='tile ftg-preload  '><a title="Betrampelungsaktion" data-lightbox='ftg-2727' rel='ftg-2727'  class=' tile-inner  ftg-lightbox' href='https://thomas-bedel.de/patio/wp-content/uploads/sites/3/2025/04/Betrampelungsaktion_1-758x1024.jpg' ><img alt='Betrampelungsaktion' class='item skip-lazy' data-class='item' data-ftg-source='https://thomas-bedel.de/patio/wp-content/uploads/sites/3/2025/04/Betrampelungsaktion_1-758x1024.jpg' src='https://thomas-bedel.de/patio/wp-content/uploads/sites/3/2025/04/Betrampelungsaktion_1-758x1024.jpg' width='758' height='1024' /><div class='caption-block'><div class='text-wrapper'><span class='text'>Betrampelungsaktion</span></div></div></a><div class='ftg-social'></div></div><div  class='tile ftg-preload  '><a title="Buch / Betrampelungsaktion" data-lightbox='ftg-2727' rel='ftg-2727'  class=' tile-inner  ftg-lightbox' href='https://thomas-bedel.de/patio/wp-content/uploads/sites/3/2025/04/Betrampelung-Buch-1024x827.jpg' ><img alt='Buch / Betrampelungsaktion' class='item skip-lazy' data-class='item' data-ftg-source='https://thomas-bedel.de/patio/wp-content/uploads/sites/3/2025/04/Betrampelung-Buch-1024x827.jpg' src='https://thomas-bedel.de/patio/wp-content/uploads/sites/3/2025/04/Betrampelung-Buch-1024x827.jpg' width='1024' height='827' /><div class='caption-block'><div class='text-wrapper'><span class='text'>Buch / Betrampelungsaktion</span></div></div></a><div class='ftg-social'></div></div></div></div>

<p>Ari Zischli (d.i. Albrecht, Richartz, Zimbrich, Scherer, Linke), Betrampelungsaktion in der B-Ebene der Frankfurter Hauptwache. Dabei entsteht der Umschlag für das Buch von Wolfgang Weyrauch, Fußgänger, B-Ebene, Hauptwache, Rolltreppe, hinauf, hinab. Wolfgang Weyrauch ist mit dabei, geht es doch um sein Buch. Horst Rauer fotografiert das alles, für die Illustrationen. &nbsp;</p>
