{"id":436,"date":"2025-04-01T20:55:38","date_gmt":"2025-04-01T18:55:38","guid":{"rendered":"https:\/\/thomas-bedel.de\/patio\/?page_id=436"},"modified":"2025-12-30T17:01:48","modified_gmt":"2025-12-30T16:01:48","slug":"marion-gu%cc%88lzow","status":"publish","type":"page","link":"https:\/\/thomas-bedel.de\/patio\/marion-gu%cc%88lzow\/","title":{"rendered":"Marion Gu\u0308lzow"},"content":{"rendered":"<p>Marion G\u00fclzow, \u201eB\u00fcrolandschaft&#8220;. Eine phantastische Installation mit vielen B\u00fcroutensilien: Leitz-Ordner, B\u00fcroklammern, Stempel, Schreibmaschinen-Farbb\u00e4nder etc. Mittendrin liest Adam Seide aus dem B\u00fcroroman von Walter E. Richartz.<\/p>\n<!-- Final Tiles Grid Gallery for WordPress v3.6.13 free --><style>#ftg-3636 .tile .icon { color:#ffffff; }#ftg-3636 .ftg-items .loading-bar i { background:#666; }#ftg-3636 .ftg-items .loading-bar { background:#fff; }#ftg-3636 .tile .icon { font-size:12px; }#ftg-3636 .tile .icon { margin: -6px 0 0 -6px; }#ftg-3636 .tile .caption-block .text-wrapper span.text { font-size:12px; }#ftg-3636 .tile .caption-outside .text-wrapper span.text { font-size:12px; }#ftg-3636 .tile .caption-block .text-wrapper span.title { font-size:14px; }#ftg-3636 .tile .caption-outside .text-wrapper span.title { font-size:14px; }#ftg-3636 .tile { background-color: transparent; }#ftg-3636 .tile .caption-block .text-wrapper span.text { color: #ffffff; }#ftg-3636 .tile .caption-block .text-wrapper span.title { color: #ffffff; }#ftg-3636 .tile .caption-outside .text-wrapper span.text { color: #ffffff; }#ftg-3636 .tile .caption-outside .text-wrapper span.title { color: #ffffff; }#ftg-3636 .tile .ftg-social a { color: #ffffff; }#ftg-3636 .tile .caption-block { transition-timing-function:linear; }#ftg-3636 .tile .caption-block { transition-duration:0.25s; }#ftg-3636 .tile .tile-inner:before { background-color: #000000; }#ftg-3636 .tile .tile-inner:before { background-color: rgba(0, 0, 0, 0.8); }<\/style><a name=\"36\"><\/a><div class=\"final-tiles-gallery  ftg-hover-enabled caption-inside  caption-none caption-middle caption-center\" id=\"ftg-3636\" style=\"width: 100%\"><div class='ftg-items'><div class='loading-bar'><i><\/i><\/div><div  class='tile ftg-preload  '><a title=\"Marion G\u00fclzow\" data-lightbox='ftg-3636' rel='ftg-3636'  class=' tile-inner  ftg-lightbox' href='https:\/\/thomas-bedel.de\/patio\/wp-content\/uploads\/sites\/3\/2025\/04\/1992-Marion-Gu\u0308lzow-2-1024x687.jpg' ><img alt='Marion G\u00fclzow' class='item skip-lazy' data-class='item' data-ftg-source='https:\/\/thomas-bedel.de\/patio\/wp-content\/uploads\/sites\/3\/2025\/04\/1992-Marion-Gu\u0308lzow-2-1024x687.jpg' src='https:\/\/thomas-bedel.de\/patio\/wp-content\/uploads\/sites\/3\/2025\/04\/1992-Marion-Gu\u0308lzow-2-1024x687.jpg' width='1024' height='687' \/><span class='icon fa fa-zoom'><\/span><div class='caption-block'><div class='text-wrapper'><span class='text'>Marion G\u00fclzow<\/span><\/div><\/div><\/a><div class='ftg-social'><\/div><\/div><div  class='tile ftg-preload  '><a title=\"Marion G\u00fclzow\" data-lightbox='ftg-3636' rel='ftg-3636'  class=' tile-inner  ftg-lightbox' href='https:\/\/thomas-bedel.de\/patio\/wp-content\/uploads\/sites\/3\/2025\/04\/1992-Marion-Gu\u0308lzow-1-690x1024.jpg' ><img alt='Marion G\u00fclzow' class='item skip-lazy' data-class='item' data-ftg-source='https:\/\/thomas-bedel.de\/patio\/wp-content\/uploads\/sites\/3\/2025\/04\/1992-Marion-Gu\u0308lzow-1-690x1024.jpg' src='https:\/\/thomas-bedel.de\/patio\/wp-content\/uploads\/sites\/3\/2025\/04\/1992-Marion-Gu\u0308lzow-1-690x1024.jpg' width='690' height='1024' \/><span class='icon fa fa-zoom'><\/span><div class='caption-block'><div class='text-wrapper'><span class='text'>Marion G\u00fclzow<\/span><\/div><\/div><\/a><div class='ftg-social'><\/div><\/div><\/div><\/div>\n","protected":false},"excerpt":{"rendered":"<p>Marion G\u00fclzow, \u201eB\u00fcrolandschaft&#8220;. Eine phantastische Installation mit vielen B\u00fcroutensilien: Leitz-Ordner, B\u00fcroklammern, Stempel, Schreibmaschinen-Farbb\u00e4nder etc. Mittendrin liest Adam Seide aus dem B\u00fcroroman von Walter E. Richartz.<\/p>\n","protected":false},"author":1,"featured_media":0,"parent":0,"menu_order":0,"comment_status":"closed","ping_status":"closed","template":"","meta":{"_coblocks_attr":"","_coblocks_dimensions":"","_coblocks_responsive_height":"","_coblocks_accordion_ie_support":"","_links_to":"","_links_to_target":""},"_links":{"self":[{"href":"https:\/\/thomas-bedel.de\/patio\/wp-json\/wp\/v2\/pages\/436"}],"collection":[{"href":"https:\/\/thomas-bedel.de\/patio\/wp-json\/wp\/v2\/pages"}],"about":[{"href":"https:\/\/thomas-bedel.de\/patio\/wp-json\/wp\/v2\/types\/page"}],"author":[{"embeddable":true,"href":"https:\/\/thomas-bedel.de\/patio\/wp-json\/wp\/v2\/users\/1"}],"replies":[{"embeddable":true,"href":"https:\/\/thomas-bedel.de\/patio\/wp-json\/wp\/v2\/comments?post=436"}],"version-history":[{"count":4,"href":"https:\/\/thomas-bedel.de\/patio\/wp-json\/wp\/v2\/pages\/436\/revisions"}],"predecessor-version":[{"id":1347,"href":"https:\/\/thomas-bedel.de\/patio\/wp-json\/wp\/v2\/pages\/436\/revisions\/1347"}],"wp:attachment":[{"href":"https:\/\/thomas-bedel.de\/patio\/wp-json\/wp\/v2\/media?parent=436"}],"curies":[{"name":"wp","href":"https:\/\/api.w.org\/{rel}","templated":true}]}}

<p>Marion Gülzow, „Bürolandschaft&#8220;. Eine phantastische Installation mit vielen Büroutensilien: Leitz-Ordner, Büroklammern, Stempel, Schreibmaschinen-Farbbänder etc. Mittendrin liest Adam Seide aus dem Büroroman von Walter E. Richartz.</p>
<!-- Final Tiles Grid Gallery for WordPress v3.6.13 free --><style>#ftg-3636 .tile .icon { color:#ffffff; }#ftg-3636 .ftg-items .loading-bar i { background:#666; }#ftg-3636 .ftg-items .loading-bar { background:#fff; }#ftg-3636 .tile .icon { font-size:12px; }#ftg-3636 .tile .icon { margin: -6px 0 0 -6px; }#ftg-3636 .tile .caption-block .text-wrapper span.text { font-size:12px; }#ftg-3636 .tile .caption-outside .text-wrapper span.text { font-size:12px; }#ftg-3636 .tile .caption-block .text-wrapper span.title { font-size:14px; }#ftg-3636 .tile .caption-outside .text-wrapper span.title { font-size:14px; }#ftg-3636 .tile { background-color: transparent; }#ftg-3636 .tile .caption-block .text-wrapper span.text { color: #ffffff; }#ftg-3636 .tile .caption-block .text-wrapper span.title { color: #ffffff; }#ftg-3636 .tile .caption-outside .text-wrapper span.text { color: #ffffff; }#ftg-3636 .tile .caption-outside .text-wrapper span.title { color: #ffffff; }#ftg-3636 .tile .ftg-social a { color: #ffffff; }#ftg-3636 .tile .caption-block { transition-timing-function:linear; }#ftg-3636 .tile .caption-block { transition-duration:0.25s; }#ftg-3636 .tile .tile-inner:before { background-color: #000000; }#ftg-3636 .tile .tile-inner:before { background-color: rgba(0, 0, 0, 0.8); }</style><a name="36"></a><div class="final-tiles-gallery  ftg-hover-enabled caption-inside  caption-none caption-middle caption-center" id="ftg-3636" style="width: 100%"><div class='ftg-items'><div class='loading-bar'><i></i></div><div  class='tile ftg-preload  '><a title="Marion Gülzow" data-lightbox='ftg-3636' rel='ftg-3636'  class=' tile-inner  ftg-lightbox' href='https://thomas-bedel.de/patio/wp-content/uploads/sites/3/2025/04/1992-Marion-Gülzow-2-1024x687.jpg' ><img alt='Marion Gülzow' class='item skip-lazy' data-class='item' data-ftg-source='https://thomas-bedel.de/patio/wp-content/uploads/sites/3/2025/04/1992-Marion-Gülzow-2-1024x687.jpg' src='https://thomas-bedel.de/patio/wp-content/uploads/sites/3/2025/04/1992-Marion-Gülzow-2-1024x687.jpg' width='1024' height='687' /><span class='icon fa fa-zoom'></span><div class='caption-block'><div class='text-wrapper'><span class='text'>Marion Gülzow</span></div></div></a><div class='ftg-social'></div></div><div  class='tile ftg-preload  '><a title="Marion Gülzow" data-lightbox='ftg-3636' rel='ftg-3636'  class=' tile-inner  ftg-lightbox' href='https://thomas-bedel.de/patio/wp-content/uploads/sites/3/2025/04/1992-Marion-Gülzow-1-690x1024.jpg' ><img alt='Marion Gülzow' class='item skip-lazy' data-class='item' data-ftg-source='https://thomas-bedel.de/patio/wp-content/uploads/sites/3/2025/04/1992-Marion-Gülzow-1-690x1024.jpg' src='https://thomas-bedel.de/patio/wp-content/uploads/sites/3/2025/04/1992-Marion-Gülzow-1-690x1024.jpg' width='690' height='1024' /><span class='icon fa fa-zoom'></span><div class='caption-block'><div class='text-wrapper'><span class='text'>Marion Gülzow</span></div></div></a><div class='ftg-social'></div></div></div></div>

<p>Marion Gülzow, „Bürolandschaft&#8220;. Eine phantastische Installation mit vielen Büroutensilien: Leitz-Ordner, Büroklammern, Stempel, Schreibmaschinen-Farbbänder etc. Mittendrin liest Adam Seide aus dem Büroroman von Walter E. Richartz.</p>
