{"id":557,"date":"2025-04-02T21:50:33","date_gmt":"2025-04-02T19:50:33","guid":{"rendered":"https:\/\/thomas-bedel.de\/patio\/?page_id=557"},"modified":"2025-12-29T16:13:38","modified_gmt":"2025-12-29T15:13:38","slug":"dieter-wetzk","status":"publish","type":"page","link":"https:\/\/thomas-bedel.de\/patio\/dieter-wetzk\/","title":{"rendered":"Dieter Wetzk"},"content":{"rendered":"<p>Ged\u00e4chtnisausstellung f\u00fcr den am 7. April 1963 t\u00f6dlich verungl\u00fcckten Mitgr\u00fcnder der Patio-Gruppe.<\/p>\n<p>&nbsp;<\/p>\n<!-- Final Tiles Grid Gallery for WordPress v3.6.13 free --><style>#ftg-1313 .tile .icon { color:#ffffff; }#ftg-1313 .ftg-items .loading-bar i { background:#666; }#ftg-1313 .ftg-items .loading-bar { background:#fff; }#ftg-1313 .tile .icon { font-size:12px; }#ftg-1313 .tile .icon { margin: -6px 0 0 -6px; }#ftg-1313 .tile .caption-block .text-wrapper span.text { font-size:12px; }#ftg-1313 .tile .caption-outside .text-wrapper span.text { font-size:12px; }#ftg-1313 .tile .caption-block .text-wrapper span.title { font-size:14px; }#ftg-1313 .tile .caption-outside .text-wrapper span.title { font-size:14px; }#ftg-1313 .tile { background-color: transparent; }#ftg-1313 .tile .caption-block .text-wrapper span.text { color: #ffffff; }#ftg-1313 .tile .caption-block .text-wrapper span.title { color: #ffffff; }#ftg-1313 .tile .caption-outside .text-wrapper span.text { color: #ffffff; }#ftg-1313 .tile .caption-outside .text-wrapper span.title { color: #ffffff; }#ftg-1313 .tile .ftg-social a { color: #ffffff; }#ftg-1313 .tile .caption-block { transition-duration:0.25s; }#ftg-1313 .tile .tile-inner:before { background-color: #000000; }#ftg-1313 .tile .tile-inner:before { background-color: rgba(0, 0, 0, 0.8); }#ftg-1313 .tile:hover img {-moz-transform: -moz-rotate(0deg) -moz-scale(0) ;-webkit-transform: -webkit-rotate(0deg) -webkit-scale(0) ;-o-transform: -o-rotate(0deg) -o-scale(0) ;-ms-transform: -ms-rotate(0deg) -ms-scale(0) ;transform: rotate(0deg) scale(0) ;}<\/style><a name=\"13\"><\/a><div class=\"final-tiles-gallery  ftg-hover-enabled caption-inside  caption-none caption-middle caption-center\" id=\"ftg-1313\" style=\"width: 100%\"><div class='ftg-items'><div class='loading-bar'><i><\/i><\/div><div  class='tile ftg-preload  '><a title=\"OP - 10.3.1964\" data-lightbox='ftg-1313' rel='ftg-1313'  class=' tile-inner  ftg-lightbox' href='https:\/\/thomas-bedel.de\/patio\/wp-content\/uploads\/sites\/3\/2025\/04\/Wetzk_Artikel-817x1024.jpg' ><img alt='OP - 10.3.1964' class='item skip-lazy' data-class='item' data-ftg-source='https:\/\/thomas-bedel.de\/patio\/wp-content\/uploads\/sites\/3\/2025\/04\/Wetzk_Artikel-817x1024.jpg' src='https:\/\/thomas-bedel.de\/patio\/wp-content\/uploads\/sites\/3\/2025\/04\/Wetzk_Artikel-817x1024.jpg' width='817' height='1024' \/><div class='caption-block'><div class='text-wrapper'><span class='text'>OP - 10.3.1964<\/span><\/div><\/div><\/a><div class='ftg-social'><\/div><\/div><div  class='tile ftg-preload  '><a title=\"Walter Zimbrich\" data-lightbox='ftg-1313' rel='ftg-1313'  class=' tile-inner  ftg-lightbox' href='https:\/\/thomas-bedel.de\/patio\/wp-content\/uploads\/sites\/3\/2025\/04\/Wetzk_1-1024x705.jpg' ><img alt='Walter Zimbrich' class='item skip-lazy' data-class='item' data-ftg-source='https:\/\/thomas-bedel.de\/patio\/wp-content\/uploads\/sites\/3\/2025\/04\/Wetzk_1-1024x705.jpg' src='https:\/\/thomas-bedel.de\/patio\/wp-content\/uploads\/sites\/3\/2025\/04\/Wetzk_1-1024x705.jpg' width='1024' height='705' \/><div class='caption-block'><div class='text-wrapper'><span class='text'>Walter Zimbrich<\/span><\/div><\/div><\/a><div class='ftg-social'><\/div><\/div><\/div><\/div>\n","protected":false},"excerpt":{"rendered":"<p>Ged\u00e4chtnisausstellung f\u00fcr den am 7. April 1963 t\u00f6dlich verungl\u00fcckten Mitgr\u00fcnder der Patio-Gruppe. &nbsp;<\/p>\n","protected":false},"author":1,"featured_media":0,"parent":0,"menu_order":0,"comment_status":"closed","ping_status":"closed","template":"","meta":{"_coblocks_attr":"","_coblocks_dimensions":"","_coblocks_responsive_height":"","_coblocks_accordion_ie_support":"","_links_to":"","_links_to_target":""},"_links":{"self":[{"href":"https:\/\/thomas-bedel.de\/patio\/wp-json\/wp\/v2\/pages\/557"}],"collection":[{"href":"https:\/\/thomas-bedel.de\/patio\/wp-json\/wp\/v2\/pages"}],"about":[{"href":"https:\/\/thomas-bedel.de\/patio\/wp-json\/wp\/v2\/types\/page"}],"author":[{"embeddable":true,"href":"https:\/\/thomas-bedel.de\/patio\/wp-json\/wp\/v2\/users\/1"}],"replies":[{"embeddable":true,"href":"https:\/\/thomas-bedel.de\/patio\/wp-json\/wp\/v2\/comments?post=557"}],"version-history":[{"count":5,"href":"https:\/\/thomas-bedel.de\/patio\/wp-json\/wp\/v2\/pages\/557\/revisions"}],"predecessor-version":[{"id":1206,"href":"https:\/\/thomas-bedel.de\/patio\/wp-json\/wp\/v2\/pages\/557\/revisions\/1206"}],"wp:attachment":[{"href":"https:\/\/thomas-bedel.de\/patio\/wp-json\/wp\/v2\/media?parent=557"}],"curies":[{"name":"wp","href":"https:\/\/api.w.org\/{rel}","templated":true}]}}

<p>Gedächtnisausstellung für den am 7. April 1963 tödlich verunglückten Mitgründer der Patio-Gruppe.</p>
<p>&nbsp;</p>
<!-- Final Tiles Grid Gallery for WordPress v3.6.13 free --><style>#ftg-1313 .tile .icon { color:#ffffff; }#ftg-1313 .ftg-items .loading-bar i { background:#666; }#ftg-1313 .ftg-items .loading-bar { background:#fff; }#ftg-1313 .tile .icon { font-size:12px; }#ftg-1313 .tile .icon { margin: -6px 0 0 -6px; }#ftg-1313 .tile .caption-block .text-wrapper span.text { font-size:12px; }#ftg-1313 .tile .caption-outside .text-wrapper span.text { font-size:12px; }#ftg-1313 .tile .caption-block .text-wrapper span.title { font-size:14px; }#ftg-1313 .tile .caption-outside .text-wrapper span.title { font-size:14px; }#ftg-1313 .tile { background-color: transparent; }#ftg-1313 .tile .caption-block .text-wrapper span.text { color: #ffffff; }#ftg-1313 .tile .caption-block .text-wrapper span.title { color: #ffffff; }#ftg-1313 .tile .caption-outside .text-wrapper span.text { color: #ffffff; }#ftg-1313 .tile .caption-outside .text-wrapper span.title { color: #ffffff; }#ftg-1313 .tile .ftg-social a { color: #ffffff; }#ftg-1313 .tile .caption-block { transition-duration:0.25s; }#ftg-1313 .tile .tile-inner:before { background-color: #000000; }#ftg-1313 .tile .tile-inner:before { background-color: rgba(0, 0, 0, 0.8); }#ftg-1313 .tile:hover img {-moz-transform: -moz-rotate(0deg) -moz-scale(0) ;-webkit-transform: -webkit-rotate(0deg) -webkit-scale(0) ;-o-transform: -o-rotate(0deg) -o-scale(0) ;-ms-transform: -ms-rotate(0deg) -ms-scale(0) ;transform: rotate(0deg) scale(0) ;}</style><a name="13"></a><div class="final-tiles-gallery  ftg-hover-enabled caption-inside  caption-none caption-middle caption-center" id="ftg-1313" style="width: 100%"><div class='ftg-items'><div class='loading-bar'><i></i></div><div  class='tile ftg-preload  '><a title="OP - 10.3.1964" data-lightbox='ftg-1313' rel='ftg-1313'  class=' tile-inner  ftg-lightbox' href='https://thomas-bedel.de/patio/wp-content/uploads/sites/3/2025/04/Wetzk_Artikel-817x1024.jpg' ><img alt='OP - 10.3.1964' class='item skip-lazy' data-class='item' data-ftg-source='https://thomas-bedel.de/patio/wp-content/uploads/sites/3/2025/04/Wetzk_Artikel-817x1024.jpg' src='https://thomas-bedel.de/patio/wp-content/uploads/sites/3/2025/04/Wetzk_Artikel-817x1024.jpg' width='817' height='1024' /><div class='caption-block'><div class='text-wrapper'><span class='text'>OP - 10.3.1964</span></div></div></a><div class='ftg-social'></div></div><div  class='tile ftg-preload  '><a title="Walter Zimbrich" data-lightbox='ftg-1313' rel='ftg-1313'  class=' tile-inner  ftg-lightbox' href='https://thomas-bedel.de/patio/wp-content/uploads/sites/3/2025/04/Wetzk_1-1024x705.jpg' ><img alt='Walter Zimbrich' class='item skip-lazy' data-class='item' data-ftg-source='https://thomas-bedel.de/patio/wp-content/uploads/sites/3/2025/04/Wetzk_1-1024x705.jpg' src='https://thomas-bedel.de/patio/wp-content/uploads/sites/3/2025/04/Wetzk_1-1024x705.jpg' width='1024' height='705' /><div class='caption-block'><div class='text-wrapper'><span class='text'>Walter Zimbrich</span></div></div></a><div class='ftg-social'></div></div></div></div>

<p>Gedächtnisausstellung für den am 7. April 1963 tödlich verunglückten Mitgründer der Patio-Gruppe. &nbsp;</p>
