{"id":656,"date":"2025-04-07T18:51:17","date_gmt":"2025-04-07T16:51:17","guid":{"rendered":"https:\/\/thomas-bedel.de\/patio\/?page_id=656"},"modified":"2025-12-24T22:49:57","modified_gmt":"2025-12-24T21:49:57","slug":"36-stunden","status":"publish","type":"page","link":"https:\/\/thomas-bedel.de\/patio\/36-stunden\/","title":{"rendered":"36 Stunden"},"content":{"rendered":"<p class=\"p1\">1970 macht Patio eine einzige Veranstaltung: \u201e36 Stunden&#8220;. In den R\u00e4umen von Adam Seide im R\u00f6derbergweg. Das Thema ist \u201eTautologie&#8220;. Aus der ganzen Republik kommen K\u00fcnstler angereist, funktionieren Adam Seides Wohnung zum Arbeitsfeld und Nachtlager um; es geht echte 36 Stunden durch. Nur Renate Weh tut nicht mit. Der angelieferte Sand ist ihr nicht fein genug f\u00fcrs Sieben. Er bleibt ungenutzt liegen. Adam verwendet ihn sp\u00e4ter f\u00fcr den Sandspielkasten seines Sohnes Benjamin. In seinem Buch \u201eRebecca&#8220; schreibt er sp\u00e4ter dar\u00fcber.<\/p>\n<!-- Final Tiles Grid Gallery for WordPress v3.6.13 free --><style>#ftg-2525 .tile .icon { color:#ffffff; }#ftg-2525 .ftg-items .loading-bar i { background:#666; }#ftg-2525 .ftg-items .loading-bar { background:#fff; }#ftg-2525 .tile .icon { font-size:12px; }#ftg-2525 .tile .icon { margin: -6px 0 0 -6px; }#ftg-2525 .tile .caption-block .text-wrapper span.text { font-size:12px; }#ftg-2525 .tile .caption-outside .text-wrapper span.text { font-size:12px; }#ftg-2525 .tile .caption-block .text-wrapper span.title { font-size:14px; }#ftg-2525 .tile .caption-outside .text-wrapper span.title { font-size:14px; }#ftg-2525 .tile { background-color: transparent; }#ftg-2525 .tile .caption-block .text-wrapper span.text { color: #ffffff; }#ftg-2525 .tile .caption-block .text-wrapper span.title { color: #ffffff; }#ftg-2525 .tile .caption-outside .text-wrapper span.text { color: #ffffff; }#ftg-2525 .tile .caption-outside .text-wrapper span.title { color: #ffffff; }#ftg-2525 .tile .ftg-social a { color: #ffffff; }#ftg-2525 .tile .caption-block { transition-duration:0.25s; }#ftg-2525 .tile .tile-inner:before { background-color: #000000; }#ftg-2525 .tile .tile-inner:before { background-color: rgba(0, 0, 0, 0.8); }#ftg-2525 .tile:hover img {-moz-transform: -moz-rotate(0deg) -moz-scale(0) ;-webkit-transform: -webkit-rotate(0deg) -webkit-scale(0) ;-o-transform: -o-rotate(0deg) -o-scale(0) ;-ms-transform: -ms-rotate(0deg) -ms-scale(0) ;transform: rotate(0deg) scale(0) ;}<\/style><a name=\"25\"><\/a><div class=\"final-tiles-gallery  ftg-hover-enabled caption-inside  caption-none caption-middle caption-center\" id=\"ftg-2525\" style=\"width: 100%\"><div class='ftg-items'><div class='loading-bar'><i><\/i><\/div><div  class='tile ftg-preload  '><a title=\"Adam Seide\" data-lightbox='ftg-2525' rel='ftg-2525'  class=' tile-inner  ftg-lightbox' href='https:\/\/thomas-bedel.de\/patio\/wp-content\/uploads\/sites\/3\/2025\/04\/Adam-Seide-1024x1016.jpg' ><img alt='Adam Seide' class='item skip-lazy' data-class='item' data-ftg-source='https:\/\/thomas-bedel.de\/patio\/wp-content\/uploads\/sites\/3\/2025\/04\/Adam-Seide-1024x1016.jpg' src='https:\/\/thomas-bedel.de\/patio\/wp-content\/uploads\/sites\/3\/2025\/04\/Adam-Seide-1024x1016.jpg' width='1024' height='1016' \/><div class='caption-block'><div class='text-wrapper'><span class='text'>Adam Seide<\/span><\/div><\/div><\/a><div class='ftg-social'><\/div><\/div><\/div><\/div>\n","protected":false},"excerpt":{"rendered":"<p>1970 macht Patio eine einzige Veranstaltung: \u201e36 Stunden&#8220;. In den R\u00e4umen von Adam Seide im R\u00f6derbergweg. Das Thema ist \u201eTautologie&#8220;. Aus der ganzen Republik kommen K\u00fcnstler angereist, funktionieren Adam Seides Wohnung zum Arbeitsfeld und Nachtlager um; es geht echte 36 Stunden durch. Nur Renate Weh tut nicht mit. Der angelieferte Sand ist ihr nicht fein<\/p>\n","protected":false},"author":1,"featured_media":0,"parent":0,"menu_order":0,"comment_status":"closed","ping_status":"closed","template":"","meta":{"_coblocks_attr":"","_coblocks_dimensions":"","_coblocks_responsive_height":"","_coblocks_accordion_ie_support":"","_links_to":"","_links_to_target":""},"_links":{"self":[{"href":"https:\/\/thomas-bedel.de\/patio\/wp-json\/wp\/v2\/pages\/656"}],"collection":[{"href":"https:\/\/thomas-bedel.de\/patio\/wp-json\/wp\/v2\/pages"}],"about":[{"href":"https:\/\/thomas-bedel.de\/patio\/wp-json\/wp\/v2\/types\/page"}],"author":[{"embeddable":true,"href":"https:\/\/thomas-bedel.de\/patio\/wp-json\/wp\/v2\/users\/1"}],"replies":[{"embeddable":true,"href":"https:\/\/thomas-bedel.de\/patio\/wp-json\/wp\/v2\/comments?post=656"}],"version-history":[{"count":2,"href":"https:\/\/thomas-bedel.de\/patio\/wp-json\/wp\/v2\/pages\/656\/revisions"}],"predecessor-version":[{"id":1184,"href":"https:\/\/thomas-bedel.de\/patio\/wp-json\/wp\/v2\/pages\/656\/revisions\/1184"}],"wp:attachment":[{"href":"https:\/\/thomas-bedel.de\/patio\/wp-json\/wp\/v2\/media?parent=656"}],"curies":[{"name":"wp","href":"https:\/\/api.w.org\/{rel}","templated":true}]}}

<p class="p1">1970 macht Patio eine einzige Veranstaltung: „36 Stunden&#8220;. In den Räumen von Adam Seide im Röderbergweg. Das Thema ist „Tautologie&#8220;. Aus der ganzen Republik kommen Künstler angereist, funktionieren Adam Seides Wohnung zum Arbeitsfeld und Nachtlager um; es geht echte 36 Stunden durch. Nur Renate Weh tut nicht mit. Der angelieferte Sand ist ihr nicht fein genug fürs Sieben. Er bleibt ungenutzt liegen. Adam verwendet ihn später für den Sandspielkasten seines Sohnes Benjamin. In seinem Buch „Rebecca&#8220; schreibt er später darüber.</p>
<!-- Final Tiles Grid Gallery for WordPress v3.6.13 free --><style>#ftg-2525 .tile .icon { color:#ffffff; }#ftg-2525 .ftg-items .loading-bar i { background:#666; }#ftg-2525 .ftg-items .loading-bar { background:#fff; }#ftg-2525 .tile .icon { font-size:12px; }#ftg-2525 .tile .icon { margin: -6px 0 0 -6px; }#ftg-2525 .tile .caption-block .text-wrapper span.text { font-size:12px; }#ftg-2525 .tile .caption-outside .text-wrapper span.text { font-size:12px; }#ftg-2525 .tile .caption-block .text-wrapper span.title { font-size:14px; }#ftg-2525 .tile .caption-outside .text-wrapper span.title { font-size:14px; }#ftg-2525 .tile { background-color: transparent; }#ftg-2525 .tile .caption-block .text-wrapper span.text { color: #ffffff; }#ftg-2525 .tile .caption-block .text-wrapper span.title { color: #ffffff; }#ftg-2525 .tile .caption-outside .text-wrapper span.text { color: #ffffff; }#ftg-2525 .tile .caption-outside .text-wrapper span.title { color: #ffffff; }#ftg-2525 .tile .ftg-social a { color: #ffffff; }#ftg-2525 .tile .caption-block { transition-duration:0.25s; }#ftg-2525 .tile .tile-inner:before { background-color: #000000; }#ftg-2525 .tile .tile-inner:before { background-color: rgba(0, 0, 0, 0.8); }#ftg-2525 .tile:hover img {-moz-transform: -moz-rotate(0deg) -moz-scale(0) ;-webkit-transform: -webkit-rotate(0deg) -webkit-scale(0) ;-o-transform: -o-rotate(0deg) -o-scale(0) ;-ms-transform: -ms-rotate(0deg) -ms-scale(0) ;transform: rotate(0deg) scale(0) ;}</style><a name="25"></a><div class="final-tiles-gallery  ftg-hover-enabled caption-inside  caption-none caption-middle caption-center" id="ftg-2525" style="width: 100%"><div class='ftg-items'><div class='loading-bar'><i></i></div><div  class='tile ftg-preload  '><a title="Adam Seide" data-lightbox='ftg-2525' rel='ftg-2525'  class=' tile-inner  ftg-lightbox' href='https://thomas-bedel.de/patio/wp-content/uploads/sites/3/2025/04/Adam-Seide-1024x1016.jpg' ><img alt='Adam Seide' class='item skip-lazy' data-class='item' data-ftg-source='https://thomas-bedel.de/patio/wp-content/uploads/sites/3/2025/04/Adam-Seide-1024x1016.jpg' src='https://thomas-bedel.de/patio/wp-content/uploads/sites/3/2025/04/Adam-Seide-1024x1016.jpg' width='1024' height='1016' /><div class='caption-block'><div class='text-wrapper'><span class='text'>Adam Seide</span></div></div></a><div class='ftg-social'></div></div></div></div>

<p>1970 macht Patio eine einzige Veranstaltung: „36 Stunden&#8220;. In den Räumen von Adam Seide im Röderbergweg. Das Thema ist „Tautologie&#8220;. Aus der ganzen Republik kommen Künstler angereist, funktionieren Adam Seides Wohnung zum Arbeitsfeld und Nachtlager um; es geht echte 36 Stunden durch. Nur Renate Weh tut nicht mit. Der angelieferte Sand ist ihr nicht fein</p>
