{"id":685,"date":"2025-04-09T14:47:23","date_gmt":"2025-04-09T12:47:23","guid":{"rendered":"https:\/\/thomas-bedel.de\/patio\/?page_id=685"},"modified":"2026-01-01T23:00:01","modified_gmt":"2026-01-01T22:00:01","slug":"y-fonghi","status":"publish","type":"page","link":"https:\/\/thomas-bedel.de\/patio\/y-fonghi\/","title":{"rendered":"Y. Fonghi"},"content":{"rendered":"<p>\u201eVom Stiefel bis zur Sohle&#8220;,<br \/>\nzu der die FAZ, aufgrund einer anma\u00dfenden Behauptung auf der Einladungskarte (\u201ezum ersten Mal au\u00dferhalb der Sowjetunion!&#8220;) ihren Ru\u00dflandsachverst\u00e4ndigen schickt, der sich nach Inaugenscheinnahme der Geschehnisse ma\u00dflos \u00e4rgert, sich verarscht f\u00fchlt und indigniert von dannen zieht.<\/p>\n<p>&nbsp;<\/p>\n<p><a href=\"https:\/\/thomas-bedel.de\/patio\/wp-content\/uploads\/sites\/3\/2025\/04\/fonghi.jpg\"><img decoding=\"async\" loading=\"lazy\" class=\"aligncenter size-large wp-image-686\" src=\"https:\/\/thomas-bedel.de\/patio\/wp-content\/uploads\/sites\/3\/2025\/04\/fonghi-1024x760.jpg\" alt=\"\" width=\"1024\" height=\"760\" srcset=\"https:\/\/thomas-bedel.de\/patio\/wp-content\/uploads\/sites\/3\/2025\/04\/fonghi-1024x760.jpg 1024w, https:\/\/thomas-bedel.de\/patio\/wp-content\/uploads\/sites\/3\/2025\/04\/fonghi-300x223.jpg 300w, https:\/\/thomas-bedel.de\/patio\/wp-content\/uploads\/sites\/3\/2025\/04\/fonghi-768x570.jpg 768w, https:\/\/thomas-bedel.de\/patio\/wp-content\/uploads\/sites\/3\/2025\/04\/fonghi.jpg 1500w\" sizes=\"(max-width: 1024px) 100vw, 1024px\" \/><\/a><\/p>\n","protected":false},"excerpt":{"rendered":"<p>\u201eVom Stiefel bis zur Sohle&#8220;, zu der die FAZ, aufgrund einer anma\u00dfenden Behauptung auf der Einladungskarte (\u201ezum ersten Mal au\u00dferhalb der Sowjetunion!&#8220;) ihren Ru\u00dflandsachverst\u00e4ndigen schickt, der sich nach Inaugenscheinnahme der Geschehnisse ma\u00dflos \u00e4rgert, sich verarscht f\u00fchlt und indigniert von dannen zieht. &nbsp;<\/p>\n","protected":false},"author":1,"featured_media":0,"parent":0,"menu_order":0,"comment_status":"closed","ping_status":"closed","template":"","meta":{"_coblocks_attr":"","_coblocks_dimensions":"","_coblocks_responsive_height":"","_coblocks_accordion_ie_support":"","_links_to":"","_links_to_target":""},"_links":{"self":[{"href":"https:\/\/thomas-bedel.de\/patio\/wp-json\/wp\/v2\/pages\/685"}],"collection":[{"href":"https:\/\/thomas-bedel.de\/patio\/wp-json\/wp\/v2\/pages"}],"about":[{"href":"https:\/\/thomas-bedel.de\/patio\/wp-json\/wp\/v2\/types\/page"}],"author":[{"embeddable":true,"href":"https:\/\/thomas-bedel.de\/patio\/wp-json\/wp\/v2\/users\/1"}],"replies":[{"embeddable":true,"href":"https:\/\/thomas-bedel.de\/patio\/wp-json\/wp\/v2\/comments?post=685"}],"version-history":[{"count":3,"href":"https:\/\/thomas-bedel.de\/patio\/wp-json\/wp\/v2\/pages\/685\/revisions"}],"predecessor-version":[{"id":1391,"href":"https:\/\/thomas-bedel.de\/patio\/wp-json\/wp\/v2\/pages\/685\/revisions\/1391"}],"wp:attachment":[{"href":"https:\/\/thomas-bedel.de\/patio\/wp-json\/wp\/v2\/media?parent=685"}],"curies":[{"name":"wp","href":"https:\/\/api.w.org\/{rel}","templated":true}]}}

<p>„Vom Stiefel bis zur Sohle&#8220;,<br />
zu der die FAZ, aufgrund einer anmaßenden Behauptung auf der Einladungskarte („zum ersten Mal außerhalb der Sowjetunion!&#8220;) ihren Rußlandsachverständigen schickt, der sich nach Inaugenscheinnahme der Geschehnisse maßlos ärgert, sich verarscht fühlt und indigniert von dannen zieht.</p>
<p>&nbsp;</p>
<p><a href="https://thomas-bedel.de/patio/wp-content/uploads/sites/3/2025/04/fonghi.jpg"><img decoding="async" loading="lazy" class="aligncenter size-large wp-image-686" src="https://thomas-bedel.de/patio/wp-content/uploads/sites/3/2025/04/fonghi-1024x760.jpg" alt="" width="1024" height="760" srcset="https://thomas-bedel.de/patio/wp-content/uploads/sites/3/2025/04/fonghi-1024x760.jpg 1024w, https://thomas-bedel.de/patio/wp-content/uploads/sites/3/2025/04/fonghi-300x223.jpg 300w, https://thomas-bedel.de/patio/wp-content/uploads/sites/3/2025/04/fonghi-768x570.jpg 768w, https://thomas-bedel.de/patio/wp-content/uploads/sites/3/2025/04/fonghi.jpg 1500w" sizes="(max-width: 1024px) 100vw, 1024px" /></a></p>

<p>„Vom Stiefel bis zur Sohle&#8220;, zu der die FAZ, aufgrund einer anmaßenden Behauptung auf der Einladungskarte („zum ersten Mal außerhalb der Sowjetunion!&#8220;) ihren Rußlandsachverständigen schickt, der sich nach Inaugenscheinnahme der Geschehnisse maßlos ärgert, sich verarscht fühlt und indigniert von dannen zieht. &nbsp;</p>
