{"id":2,"date":"2025-03-24T20:10:29","date_gmt":"2025-03-24T19:10:29","guid":{"rendered":"https:\/\/thomas-bedel.de\/walter-zimbrich\/?page_id=2"},"modified":"2025-04-14T15:42:51","modified_gmt":"2025-04-14T13:42:51","slug":"beispiel-seite","status":"publish","type":"page","link":"https:\/\/thomas-bedel.de\/walter-zimbrich\/beispiel-seite\/","title":{"rendered":"Biografie"},"content":{"rendered":"<p><span style=\"font-family: tahoma, arial, helvetica, sans-serif;\"><\/span><\/p>\r\n<h3 class=\"p1\"><span style=\"font-family: tahoma, arial, helvetica, sans-serif;\"><img decoding=\"async\" loading=\"lazy\" class=\"size-medium wp-image-12 alignleft\" src=\"https:\/\/thomas-bedel.de\/walter-zimbrich\/wp-content\/uploads\/sites\/2\/2025\/03\/Walter-Zimbrich-1999_Aufnahme_Hohmeister-208x300.jpg\" alt=\"\" width=\"208\" height=\"300\" srcset=\"https:\/\/thomas-bedel.de\/walter-zimbrich\/wp-content\/uploads\/sites\/2\/2025\/03\/Walter-Zimbrich-1999_Aufnahme_Hohmeister-208x300.jpg 208w, https:\/\/thomas-bedel.de\/walter-zimbrich\/wp-content\/uploads\/sites\/2\/2025\/03\/Walter-Zimbrich-1999_Aufnahme_Hohmeister-710x1024.jpg 710w, https:\/\/thomas-bedel.de\/walter-zimbrich\/wp-content\/uploads\/sites\/2\/2025\/03\/Walter-Zimbrich-1999_Aufnahme_Hohmeister-768x1108.jpg 768w, https:\/\/thomas-bedel.de\/walter-zimbrich\/wp-content\/uploads\/sites\/2\/2025\/03\/Walter-Zimbrich-1999_Aufnahme_Hohmeister-1065x1536.jpg 1065w, https:\/\/thomas-bedel.de\/walter-zimbrich\/wp-content\/uploads\/sites\/2\/2025\/03\/Walter-Zimbrich-1999_Aufnahme_Hohmeister-1420x2048.jpg 1420w, https:\/\/thomas-bedel.de\/walter-zimbrich\/wp-content\/uploads\/sites\/2\/2025\/03\/Walter-Zimbrich-1999_Aufnahme_Hohmeister-600x866.jpg 600w, https:\/\/thomas-bedel.de\/walter-zimbrich\/wp-content\/uploads\/sites\/2\/2025\/03\/Walter-Zimbrich-1999_Aufnahme_Hohmeister-945x1363.jpg 945w, https:\/\/thomas-bedel.de\/walter-zimbrich\/wp-content\/uploads\/sites\/2\/2025\/03\/Walter-Zimbrich-1999_Aufnahme_Hohmeister.jpg 1464w\" sizes=\"(max-width: 208px) 100vw, 208px\" \/><strong>Walter Zimbrich<\/strong><\/span><\/h3>\r\n<p class=\"p1\"><span style=\"font-family: tahoma, arial, helvetica, sans-serif;\">(* 14. September 1933 in Neu-Isenburg \u2020 6. April 2012 in Darmstadt) war ein deutscher Maler, Typograf, Drucker, Illustrator und Autor. Als Autor verwendete er ab 1967 auch das Pseudonym <i>Friedhelm Steiner<\/i>, als Maler gelegentlich <i>Henk Estau<\/i>.<\/span><\/p>\r\n<p class=\"p1\"><span style=\"font-family: tahoma, arial, helvetica, sans-serif;\"><b>Leben<\/b><\/span><\/p>\r\n<p class=\"p1\"><span style=\"font-family: tahoma, arial, helvetica, sans-serif;\">Walter Zimbrich studierte von 1954 bis 1957 Philosophie, Geschichte, Volkswirtschaft und Rechtswissenschaften an der Universit\u00e4t Frankfurt. Anschlie\u00dfend absolvierte er von 1957 bis 1959 ein kunstp\u00e4dagogisches Studium am P\u00e4dagogischen Institut Darmstadt\/Jugenheim. Danach war er als Lehrer t\u00e4tig. Als K\u00fcnstler war er Autodidakt. Seine k\u00fcnstlerische Besch\u00e4ftigung begann zwischen 1952 und 1955 in einer Gruppe um den Maler <span class=\"s1\">Werner Seippe<\/span><span class=\"s1\">l<\/span> in Neu-Isenburg. W\u00e4hrend des Studiums nahm er Malunterricht bei <a href=\"https:\/\/de.wikipedia.org\/wiki\/Hans_Meyers\"><span class=\"s1\">Hans Meyers<\/span><\/a> und von 1957 bis 1962 bei <a href=\"https:\/\/kroe-stiftung.de\"><span class=\"s1\">Walter Kroe<\/span><\/a> (d.\u00a0i. Walter Kroemmelbein). 1963 begann er sich au\u00dferdem autodidaktisch mit Drucktechniken und mit Schriftsetzerei zu besch\u00e4ftigen.<\/span><br \/><span style=\"font-family: tahoma, arial, helvetica, sans-serif;\">Ab 1953 hatte Zimbrich Einzelausstellungen, Gruppenausstellungen und Ausstellungsbeteiligungen in M\u00fcnchen, Frankfurt, Gie\u00dfen, Neu-Isenburg, Hamburg, K\u00f6ln, Basel, Bonn, Darmstadt, Siegen, G\u00f6ttingen, Reims, Amsterdam, Madrid, Sao Paulo, Moskau, Bochum, Z\u00fcrich, Heidelberg, N\u00fcrnberg, Berlin, Versmold, G\u00fctersloh und Wetzlar.<\/span><br \/><span style=\"font-family: tahoma, arial, helvetica, sans-serif;\">Ab 1964 schuf er Illustrationen f\u00fcr B\u00fccher in Handpressenverlagen (z.B. f\u00fcr <a href=\"http:\/\/galerie-patio.de\">Galerie Patio<\/a>, <a href=\"https:\/\/de.wikipedia.org\/wiki\/Eremitenpresse\"><span class=\"s1\">Eremiten-Presse<\/span><\/a>, <a href=\"https:\/\/de.wikipedia.org\/wiki\/Gulliver-Presse\"><span class=\"s1\">Gulliver Presse<\/span><\/a>, <a href=\"https:\/\/de.wikipedia.org\/wiki\/Wolfgang_Tiessen\"><span class=\"s1\">Edition Tiessen<\/span><\/a>\u00a0und Rainer Verlag). Er verfasste Erz\u00e4hlungen (<i>Schwarze Tage f\u00fcr den weissen Herrn Peters<\/i>, 1967) und bet\u00e4tigte sich als \u00dcbersetzer aus dem Franz\u00f6sischen.<\/span><br \/><span style=\"font-family: tahoma, arial, helvetica, sans-serif;\">Walter Zimbrich war mit Dieter Wetzk, Mario Barahona, Walter Kroe und Horst Baerenz Mitgr\u00fcnder der K\u00fcnstlergruppe Patio, sp\u00e4ter <a href=\"http:\/\/galerie-patio.de\" target=\"_blank\" rel=\"noopener\">Galerie und Verlag Patio<\/a>.<\/span><br \/><span style=\"font-family: tahoma, arial, helvetica, sans-serif;\">In den letzten Jahren entstanden mehrere Bildmappen von Zimbrich und M\u00fcnchschwander mit Holzdrucken die von beiden Xylomontagen genannt werden.<\/span><\/p>\r\n<p><span style=\"font-family: tahoma, arial, helvetica, sans-serif;\"><\/span><\/p>","protected":false},"excerpt":{"rendered":"<p>Walter Zimbrich (* 14. September 1933 in Neu-Isenburg \u2020 6. April 2012 in Darmstadt) war ein deutscher Maler, Typograf, Drucker, Illustrator und Autor. Als Autor verwendete er ab 1967 auch das Pseudonym Friedhelm Steiner, als Maler gelegentlich Henk Estau. Leben Walter Zimbrich studierte von 1954 bis 1957 Philosophie, Geschichte, Volkswirtschaft und Rechtswissenschaften an der Universit\u00e4t<\/p>\n","protected":false},"author":1,"featured_media":0,"parent":0,"menu_order":0,"comment_status":"closed","ping_status":"open","template":"","meta":{"_coblocks_attr":"","_coblocks_dimensions":"","_coblocks_responsive_height":"","_coblocks_accordion_ie_support":"","_links_to":"","_links_to_target":""},"_links":{"self":[{"href":"https:\/\/thomas-bedel.de\/walter-zimbrich\/wp-json\/wp\/v2\/pages\/2"}],"collection":[{"href":"https:\/\/thomas-bedel.de\/walter-zimbrich\/wp-json\/wp\/v2\/pages"}],"about":[{"href":"https:\/\/thomas-bedel.de\/walter-zimbrich\/wp-json\/wp\/v2\/types\/page"}],"author":[{"embeddable":true,"href":"https:\/\/thomas-bedel.de\/walter-zimbrich\/wp-json\/wp\/v2\/users\/1"}],"replies":[{"embeddable":true,"href":"https:\/\/thomas-bedel.de\/walter-zimbrich\/wp-json\/wp\/v2\/comments?post=2"}],"version-history":[{"count":8,"href":"https:\/\/thomas-bedel.de\/walter-zimbrich\/wp-json\/wp\/v2\/pages\/2\/revisions"}],"predecessor-version":[{"id":1797,"href":"https:\/\/thomas-bedel.de\/walter-zimbrich\/wp-json\/wp\/v2\/pages\/2\/revisions\/1797"}],"wp:attachment":[{"href":"https:\/\/thomas-bedel.de\/walter-zimbrich\/wp-json\/wp\/v2\/media?parent=2"}],"curies":[{"name":"wp","href":"https:\/\/api.w.org\/{rel}","templated":true}]}}

<p><span style="font-family: tahoma, arial, helvetica, sans-serif;"></span></p>
<h3 class="p1"><span style="font-family: tahoma, arial, helvetica, sans-serif;"><img decoding="async" loading="lazy" class="size-medium wp-image-12 alignleft" src="https://thomas-bedel.de/walter-zimbrich/wp-content/uploads/sites/2/2025/03/Walter-Zimbrich-1999_Aufnahme_Hohmeister-208x300.jpg" alt="" width="208" height="300" srcset="https://thomas-bedel.de/walter-zimbrich/wp-content/uploads/sites/2/2025/03/Walter-Zimbrich-1999_Aufnahme_Hohmeister-208x300.jpg 208w, https://thomas-bedel.de/walter-zimbrich/wp-content/uploads/sites/2/2025/03/Walter-Zimbrich-1999_Aufnahme_Hohmeister-710x1024.jpg 710w, https://thomas-bedel.de/walter-zimbrich/wp-content/uploads/sites/2/2025/03/Walter-Zimbrich-1999_Aufnahme_Hohmeister-768x1108.jpg 768w, https://thomas-bedel.de/walter-zimbrich/wp-content/uploads/sites/2/2025/03/Walter-Zimbrich-1999_Aufnahme_Hohmeister-1065x1536.jpg 1065w, https://thomas-bedel.de/walter-zimbrich/wp-content/uploads/sites/2/2025/03/Walter-Zimbrich-1999_Aufnahme_Hohmeister-1420x2048.jpg 1420w, https://thomas-bedel.de/walter-zimbrich/wp-content/uploads/sites/2/2025/03/Walter-Zimbrich-1999_Aufnahme_Hohmeister-600x866.jpg 600w, https://thomas-bedel.de/walter-zimbrich/wp-content/uploads/sites/2/2025/03/Walter-Zimbrich-1999_Aufnahme_Hohmeister-945x1363.jpg 945w, https://thomas-bedel.de/walter-zimbrich/wp-content/uploads/sites/2/2025/03/Walter-Zimbrich-1999_Aufnahme_Hohmeister.jpg 1464w" sizes="(max-width: 208px) 100vw, 208px" /><strong>Walter Zimbrich</strong></span></h3>
<p class="p1"><span style="font-family: tahoma, arial, helvetica, sans-serif;">(* 14. September 1933 in Neu-Isenburg † 6. April 2012 in Darmstadt) war ein deutscher Maler, Typograf, Drucker, Illustrator und Autor. Als Autor verwendete er ab 1967 auch das Pseudonym <i>Friedhelm Steiner</i>, als Maler gelegentlich <i>Henk Estau</i>.</span></p>
<p class="p1"><span style="font-family: tahoma, arial, helvetica, sans-serif;"><b>Leben</b></span></p>
<p class="p1"><span style="font-family: tahoma, arial, helvetica, sans-serif;">Walter Zimbrich studierte von 1954 bis 1957 Philosophie, Geschichte, Volkswirtschaft und Rechtswissenschaften an der Universität Frankfurt. Anschließend absolvierte er von 1957 bis 1959 ein kunstpädagogisches Studium am Pädagogischen Institut Darmstadt/Jugenheim. Danach war er als Lehrer tätig. Als Künstler war er Autodidakt. Seine künstlerische Beschäftigung begann zwischen 1952 und 1955 in einer Gruppe um den Maler <span class="s1">Werner Seippe</span><span class="s1">l</span> in Neu-Isenburg. Während des Studiums nahm er Malunterricht bei <a href="https://de.wikipedia.org/wiki/Hans_Meyers"><span class="s1">Hans Meyers</span></a> und von 1957 bis 1962 bei <a href="https://kroe-stiftung.de"><span class="s1">Walter Kroe</span></a> (d. i. Walter Kroemmelbein). 1963 begann er sich außerdem autodidaktisch mit Drucktechniken und mit Schriftsetzerei zu beschäftigen.</span><br /><span style="font-family: tahoma, arial, helvetica, sans-serif;">Ab 1953 hatte Zimbrich Einzelausstellungen, Gruppenausstellungen und Ausstellungsbeteiligungen in München, Frankfurt, Gießen, Neu-Isenburg, Hamburg, Köln, Basel, Bonn, Darmstadt, Siegen, Göttingen, Reims, Amsterdam, Madrid, Sao Paulo, Moskau, Bochum, Zürich, Heidelberg, Nürnberg, Berlin, Versmold, Gütersloh und Wetzlar.</span><br /><span style="font-family: tahoma, arial, helvetica, sans-serif;">Ab 1964 schuf er Illustrationen für Bücher in Handpressenverlagen (z.B. für <a href="http://galerie-patio.de">Galerie Patio</a>, <a href="https://de.wikipedia.org/wiki/Eremitenpresse"><span class="s1">Eremiten-Presse</span></a>, <a href="https://de.wikipedia.org/wiki/Gulliver-Presse"><span class="s1">Gulliver Presse</span></a>, <a href="https://de.wikipedia.org/wiki/Wolfgang_Tiessen"><span class="s1">Edition Tiessen</span></a> und Rainer Verlag). Er verfasste Erzählungen (<i>Schwarze Tage für den weissen Herrn Peters</i>, 1967) und betätigte sich als Übersetzer aus dem Französischen.</span><br /><span style="font-family: tahoma, arial, helvetica, sans-serif;">Walter Zimbrich war mit Dieter Wetzk, Mario Barahona, Walter Kroe und Horst Baerenz Mitgründer der Künstlergruppe Patio, später <a href="http://galerie-patio.de" target="_blank" rel="noopener">Galerie und Verlag Patio</a>.</span><br /><span style="font-family: tahoma, arial, helvetica, sans-serif;">In den letzten Jahren entstanden mehrere Bildmappen von Zimbrich und Münchschwander mit Holzdrucken die von beiden Xylomontagen genannt werden.</span></p>
<p><span style="font-family: tahoma, arial, helvetica, sans-serif;"></span></p>

<p>Walter Zimbrich (* 14. September 1933 in Neu-Isenburg † 6. April 2012 in Darmstadt) war ein deutscher Maler, Typograf, Drucker, Illustrator und Autor. Als Autor verwendete er ab 1967 auch das Pseudonym Friedhelm Steiner, als Maler gelegentlich Henk Estau. Leben Walter Zimbrich studierte von 1954 bis 1957 Philosophie, Geschichte, Volkswirtschaft und Rechtswissenschaften an der Universität</p>
