{"id":202,"date":"2025-03-26T12:27:17","date_gmt":"2025-03-26T11:27:17","guid":{"rendered":"https:\/\/thomas-bedel.de\/walter-zimbrich\/?page_id=202"},"modified":"2026-03-03T11:10:35","modified_gmt":"2026-03-03T10:10:35","slug":"start","status":"publish","type":"page","link":"https:\/\/thomas-bedel.de\/walter-zimbrich\/","title":{"rendered":"Startseite"},"content":{"rendered":"<div id=\"attachment_204\" style=\"width: 1034px\" class=\"wp-caption aligncenter\"><a title=\"Galerie\" href=\"https:\/\/thomas-bedel.de\/walter-zimbrich\/galerie-umgekehrt\/\"><img aria-describedby=\"caption-attachment-204\" decoding=\"async\" loading=\"lazy\" class=\"wp-image-204 size-large\" src=\"https:\/\/thomas-bedel.de\/walter-zimbrich\/wp-content\/uploads\/sites\/2\/2025\/03\/so-eine-Panne-1024x730.jpg\" alt=\"\" width=\"1024\" height=\"730\" srcset=\"https:\/\/thomas-bedel.de\/walter-zimbrich\/wp-content\/uploads\/sites\/2\/2025\/03\/so-eine-Panne-1024x730.jpg 1024w, https:\/\/thomas-bedel.de\/walter-zimbrich\/wp-content\/uploads\/sites\/2\/2025\/03\/so-eine-Panne-300x214.jpg 300w, https:\/\/thomas-bedel.de\/walter-zimbrich\/wp-content\/uploads\/sites\/2\/2025\/03\/so-eine-Panne-768x548.jpg 768w, https:\/\/thomas-bedel.de\/walter-zimbrich\/wp-content\/uploads\/sites\/2\/2025\/03\/so-eine-Panne.jpg 1500w\" sizes=\"(max-width: 1024px) 100vw, 1024px\" \/><\/a><p id=\"caption-attachment-204\" class=\"wp-caption-text\"><span style=\"font-family: tahoma, arial, helvetica, sans-serif;\"><strong>Ja<\/strong> so eine <strong>Pan<\/strong>ne (Xylomontage 2011) K. M\u00fcnchschwander\/W. Zimbrich<\/span><\/p><\/div>\n<p style=\"text-align: center;\"><span style=\"font-family: tahoma, arial, helvetica, sans-serif;\">Kunst war f\u00fcr Walter Zimbrich keine Freizeitbesch\u00e4ftigung, sein Schaffen war f\u00fcr den geb\u00fcrtigen Isenburger und Mitbegr\u00fcnder der Galerie Patio nicht nur Lebensinhalt, sondern Ausdruck einer kritischen Auseinandersetzung, das Ergebnis von Denkprozessen.<\/span><\/p>\n<p style=\"text-align: center;\"><span style=\"font-family: tahoma, arial, helvetica, sans-serif;\"><a title=\"Biografie\" href=\"https:\/\/thomas-bedel.de\/walter-zimbrich\/beispiel-seite\/\">&gt;&gt;&gt; weiter &gt;&gt;&gt;<\/a><\/span><\/p>\n","protected":false},"excerpt":{"rendered":"<p>Kunst war f\u00fcr Walter Zimbrich keine Freizeitbesch\u00e4ftigung, sein Schaffen war f\u00fcr den geb\u00fcrtigen Isenburger und Mitbegr\u00fcnder der Galerie Patio nicht nur Lebensinhalt, sondern Ausdruck einer kritischen Auseinandersetzung, das Ergebnis von Denkprozessen. &gt;&gt;&gt; weiter &gt;&gt;&gt;<\/p>\n","protected":false},"author":1,"featured_media":0,"parent":0,"menu_order":0,"comment_status":"closed","ping_status":"closed","template":"","meta":{"_coblocks_attr":"","_coblocks_dimensions":"","_coblocks_responsive_height":"","_coblocks_accordion_ie_support":"","_links_to":"","_links_to_target":""},"_links":{"self":[{"href":"https:\/\/thomas-bedel.de\/walter-zimbrich\/wp-json\/wp\/v2\/pages\/202"}],"collection":[{"href":"https:\/\/thomas-bedel.de\/walter-zimbrich\/wp-json\/wp\/v2\/pages"}],"about":[{"href":"https:\/\/thomas-bedel.de\/walter-zimbrich\/wp-json\/wp\/v2\/types\/page"}],"author":[{"embeddable":true,"href":"https:\/\/thomas-bedel.de\/walter-zimbrich\/wp-json\/wp\/v2\/users\/1"}],"replies":[{"embeddable":true,"href":"https:\/\/thomas-bedel.de\/walter-zimbrich\/wp-json\/wp\/v2\/comments?post=202"}],"version-history":[{"count":12,"href":"https:\/\/thomas-bedel.de\/walter-zimbrich\/wp-json\/wp\/v2\/pages\/202\/revisions"}],"predecessor-version":[{"id":5748,"href":"https:\/\/thomas-bedel.de\/walter-zimbrich\/wp-json\/wp\/v2\/pages\/202\/revisions\/5748"}],"wp:attachment":[{"href":"https:\/\/thomas-bedel.de\/walter-zimbrich\/wp-json\/wp\/v2\/media?parent=202"}],"curies":[{"name":"wp","href":"https:\/\/api.w.org\/{rel}","templated":true}]}}

<div id="attachment_204" style="width: 1034px" class="wp-caption aligncenter"><a title="Galerie" href="https://thomas-bedel.de/walter-zimbrich/galerie-umgekehrt/"><img aria-describedby="caption-attachment-204" decoding="async" loading="lazy" class="wp-image-204 size-large" src="https://thomas-bedel.de/walter-zimbrich/wp-content/uploads/sites/2/2025/03/so-eine-Panne-1024x730.jpg" alt="" width="1024" height="730" srcset="https://thomas-bedel.de/walter-zimbrich/wp-content/uploads/sites/2/2025/03/so-eine-Panne-1024x730.jpg 1024w, https://thomas-bedel.de/walter-zimbrich/wp-content/uploads/sites/2/2025/03/so-eine-Panne-300x214.jpg 300w, https://thomas-bedel.de/walter-zimbrich/wp-content/uploads/sites/2/2025/03/so-eine-Panne-768x548.jpg 768w, https://thomas-bedel.de/walter-zimbrich/wp-content/uploads/sites/2/2025/03/so-eine-Panne.jpg 1500w" sizes="(max-width: 1024px) 100vw, 1024px" /></a><p id="caption-attachment-204" class="wp-caption-text"><span style="font-family: tahoma, arial, helvetica, sans-serif;"><strong>Ja</strong> so eine <strong>Pan</strong>ne (Xylomontage 2011) K. Münchschwander/W. Zimbrich</span></p></div>
<p style="text-align: center;"><span style="font-family: tahoma, arial, helvetica, sans-serif;">Kunst war für Walter Zimbrich keine Freizeitbeschäftigung, sein Schaffen war für den gebürtigen Isenburger und Mitbegründer der Galerie Patio nicht nur Lebensinhalt, sondern Ausdruck einer kritischen Auseinandersetzung, das Ergebnis von Denkprozessen.</span></p>
<p style="text-align: center;"><span style="font-family: tahoma, arial, helvetica, sans-serif;"><a title="Biografie" href="https://thomas-bedel.de/walter-zimbrich/beispiel-seite/">&gt;&gt;&gt; weiter &gt;&gt;&gt;</a></span></p>

<p>Kunst war für Walter Zimbrich keine Freizeitbeschäftigung, sein Schaffen war für den gebürtigen Isenburger und Mitbegründer der Galerie Patio nicht nur Lebensinhalt, sondern Ausdruck einer kritischen Auseinandersetzung, das Ergebnis von Denkprozessen. &gt;&gt;&gt; weiter &gt;&gt;&gt;</p>
