{"id":301,"date":"2025-03-27T18:05:43","date_gmt":"2025-03-27T17:05:43","guid":{"rendered":"https:\/\/thomas-bedel.de\/walter-zimbrich\/?page_id=301"},"modified":"2025-11-19T23:17:53","modified_gmt":"2025-11-19T22:17:53","slug":"mene-tekel","status":"publish","type":"page","link":"https:\/\/thomas-bedel.de\/walter-zimbrich\/mene-tekel\/","title":{"rendered":"2001 &#8211; Mene-Tekel"},"content":{"rendered":"<p><span style=\"font-family: tahoma, arial, helvetica, sans-serif;\"><img decoding=\"async\" loading=\"lazy\" class=\"aligncenter size-large wp-image-511\" src=\"https:\/\/thomas-bedel.de\/walter-zimbrich\/wp-content\/uploads\/sites\/2\/2025\/03\/Menetekel-1024x453.jpg\" alt=\"\" width=\"1024\" height=\"453\" \/><\/span><\/p>\n<table style=\"border-collapse: collapse; width: 100%;\">\n<tbody>\n<tr>\n<td style=\"width: 50%;\"><span style=\"font-family: tahoma, arial, helvetica, sans-serif;\"><a href=\"https:\/\/thomas-bedel.de\/walter-zimbrich\/wp-content\/uploads\/sites\/2\/2025\/03\/Mene-Tekel.jpg\"><img decoding=\"async\" loading=\"lazy\" class=\"aligncenter wp-image-302 size-thumbnail\" src=\"https:\/\/thomas-bedel.de\/walter-zimbrich\/wp-content\/uploads\/sites\/2\/2025\/03\/Mene-Tekel-150x150.jpg\" alt=\"\" width=\"150\" height=\"150\" \/><\/a><\/span><\/td>\n<td style=\"width: 50%;\"><span style=\"font-family: tahoma, arial, helvetica, sans-serif;\"><strong>Mene TekelU-phasin<\/strong><\/span><\/p>\n<p class=\"p1\"><span style=\"font-family: tahoma, arial, helvetica, sans-serif;\"><strong>Technik:<\/strong>\u00a0Collage, \u00d6l, Acryl<\/span><\/p>\n<p class=\"p1\"><span style=\"font-family: tahoma, arial, helvetica, sans-serif;\"><strong>Gr\u00f6\u00dfe:\u00a0<\/strong>7 <span class=\"s1\">x <\/span>85 <span class=\"s1\">x <\/span>30\u00a0cm<\/span><\/p>\n<p><span style=\"font-family: tahoma, arial, helvetica, sans-serif;\"><strong>Werkverzeichnis:\u00a0<\/strong>MTU\/1\/2001<\/span><\/td>\n<\/tr>\n<\/tbody>\n<\/table>\n","protected":false},"excerpt":{"rendered":"<p>Mene TekelU-phasin Technik:\u00a0Collage, \u00d6l, Acryl Gr\u00f6\u00dfe:\u00a07 x 85 x 30\u00a0cm Werkverzeichnis:\u00a0MTU\/1\/2001<\/p>\n","protected":false},"author":1,"featured_media":0,"parent":0,"menu_order":0,"comment_status":"closed","ping_status":"closed","template":"","meta":{"_coblocks_attr":"","_coblocks_dimensions":"","_coblocks_responsive_height":"","_coblocks_accordion_ie_support":"","_links_to":"","_links_to_target":""},"_links":{"self":[{"href":"https:\/\/thomas-bedel.de\/walter-zimbrich\/wp-json\/wp\/v2\/pages\/301"}],"collection":[{"href":"https:\/\/thomas-bedel.de\/walter-zimbrich\/wp-json\/wp\/v2\/pages"}],"about":[{"href":"https:\/\/thomas-bedel.de\/walter-zimbrich\/wp-json\/wp\/v2\/types\/page"}],"author":[{"embeddable":true,"href":"https:\/\/thomas-bedel.de\/walter-zimbrich\/wp-json\/wp\/v2\/users\/1"}],"replies":[{"embeddable":true,"href":"https:\/\/thomas-bedel.de\/walter-zimbrich\/wp-json\/wp\/v2\/comments?post=301"}],"version-history":[{"count":9,"href":"https:\/\/thomas-bedel.de\/walter-zimbrich\/wp-json\/wp\/v2\/pages\/301\/revisions"}],"predecessor-version":[{"id":5004,"href":"https:\/\/thomas-bedel.de\/walter-zimbrich\/wp-json\/wp\/v2\/pages\/301\/revisions\/5004"}],"wp:attachment":[{"href":"https:\/\/thomas-bedel.de\/walter-zimbrich\/wp-json\/wp\/v2\/media?parent=301"}],"curies":[{"name":"wp","href":"https:\/\/api.w.org\/{rel}","templated":true}]}}

<p><span style="font-family: tahoma, arial, helvetica, sans-serif;"><img decoding="async" loading="lazy" class="aligncenter size-large wp-image-511" src="https://thomas-bedel.de/walter-zimbrich/wp-content/uploads/sites/2/2025/03/Menetekel-1024x453.jpg" alt="" width="1024" height="453" /></span></p>
<table style="border-collapse: collapse; width: 100%;">
<tbody>
<tr>
<td style="width: 50%;"><span style="font-family: tahoma, arial, helvetica, sans-serif;"><a href="https://thomas-bedel.de/walter-zimbrich/wp-content/uploads/sites/2/2025/03/Mene-Tekel.jpg"><img decoding="async" loading="lazy" class="aligncenter wp-image-302 size-thumbnail" src="https://thomas-bedel.de/walter-zimbrich/wp-content/uploads/sites/2/2025/03/Mene-Tekel-150x150.jpg" alt="" width="150" height="150" /></a></span></td>
<td style="width: 50%;"><span style="font-family: tahoma, arial, helvetica, sans-serif;"><strong>Mene TekelU-phasin</strong></span></p>
<p class="p1"><span style="font-family: tahoma, arial, helvetica, sans-serif;"><strong>Technik:</strong> Collage, Öl, Acryl</span></p>
<p class="p1"><span style="font-family: tahoma, arial, helvetica, sans-serif;"><strong>Größe: </strong>7 <span class="s1">x </span>85 <span class="s1">x </span>30 cm</span></p>
<p><span style="font-family: tahoma, arial, helvetica, sans-serif;"><strong>Werkverzeichnis: </strong>MTU/1/2001</span></td>
</tr>
</tbody>
</table>

<p>Mene TekelU-phasin Technik: Collage, Öl, Acryl Größe: 7 x 85 x 30 cm Werkverzeichnis: MTU/1/2001</p>
