{"id":342,"date":"2025-03-28T14:51:42","date_gmt":"2025-03-28T13:51:42","guid":{"rendered":"https:\/\/thomas-bedel.de\/walter-zimbrich\/?page_id=342"},"modified":"2025-11-16T20:10:09","modified_gmt":"2025-11-16T19:10:09","slug":"oetzi","status":"publish","type":"page","link":"https:\/\/thomas-bedel.de\/walter-zimbrich\/oetzi\/","title":{"rendered":"1995 &#8211; \u00d6tzi"},"content":{"rendered":"<table style=\"border-collapse: collapse; width: 100%;\">\n<tbody>\n<tr>\n<td style=\"width: 50%;\"><span style=\"font-family: tahoma, arial, helvetica, sans-serif;\"><a href=\"https:\/\/thomas-bedel.de\/walter-zimbrich\/wp-content\/uploads\/sites\/2\/2025\/03\/Regenbogen.jpg\"><img decoding=\"async\" loading=\"lazy\" class=\"aligncenter wp-image-347 size-thumbnail\" src=\"https:\/\/thomas-bedel.de\/walter-zimbrich\/wp-content\/uploads\/sites\/2\/2025\/03\/Regenbogen-e1744236523965-150x150.jpg\" alt=\"\" width=\"150\" height=\"150\" \/><\/a><\/span><\/td>\n<td style=\"width: 50%;\"><span style=\"font-family: tahoma, arial, helvetica, sans-serif;\"><strong>Aufbruch mit den Siebensachen unterm Regenbogen<\/strong><\/span><\/p>\n<p><span style=\"font-family: tahoma, arial, helvetica, sans-serif;\"><strong>Technik:<\/strong> Objektkasten, Holz bemalt<\/span><\/p>\n<p><span style=\"font-family: tahoma, arial, helvetica, sans-serif;\"><strong>Gr\u00f6\u00dfe: <\/strong>48x 19,5x 23 cm<\/span><\/p>\n<p><span style=\"font-family: tahoma, arial, helvetica, sans-serif;\"><strong>Werkverzeichnis:\u00a0<\/strong>\u00d6tz\/1\/95<\/span><\/p>\n<p>&nbsp;<\/td>\n<\/tr>\n<tr>\n<td style=\"width: 50%;\"><span style=\"font-family: tahoma, arial, helvetica, sans-serif;\"><a href=\"https:\/\/thomas-bedel.de\/walter-zimbrich\/wp-content\/uploads\/sites\/2\/2025\/03\/Feuerzeug.jpg\"><img decoding=\"async\" loading=\"lazy\" class=\"aligncenter wp-image-343 size-thumbnail\" src=\"https:\/\/thomas-bedel.de\/walter-zimbrich\/wp-content\/uploads\/sites\/2\/2025\/03\/Feuerzeug-e1744236736814-150x150.jpg\" alt=\"\" width=\"150\" height=\"150\" \/><\/a><\/span><\/td>\n<td style=\"width: 50%;\"><span style=\"font-family: tahoma, arial, helvetica, sans-serif;\"><strong>Das Feuerzeug<\/strong><\/span><\/p>\n<p><span style=\"font-family: tahoma, arial, helvetica, sans-serif;\"><strong>Technik:<\/strong> Objektkasten, Holz bemalt<\/span><\/p>\n<p><span style=\"font-family: tahoma, arial, helvetica, sans-serif;\"><strong>Gr\u00f6\u00dfe: <\/strong>48x 19,5x 23 cm<\/span><\/p>\n<p><span style=\"font-family: tahoma, arial, helvetica, sans-serif;\"><strong>Werkverzeichnis:\u00a0<\/strong>\u00d6tz\/2\/95<\/span><\/p>\n<p>&nbsp;<\/td>\n<\/tr>\n<tr>\n<td style=\"width: 50%; text-align: center;\"><a href=\"https:\/\/thomas-bedel.de\/walter-zimbrich\/wp-content\/uploads\/sites\/2\/2025\/03\/O\u0308tzi-im-Wald.jpg\"><img decoding=\"async\" loading=\"lazy\" class=\"size-thumbnail wp-image-344\" src=\"https:\/\/thomas-bedel.de\/walter-zimbrich\/wp-content\/uploads\/sites\/2\/2025\/03\/O\u0308tzi-im-Wald-e1744236697580-150x150.jpg\" alt=\"\" width=\"150\" height=\"150\" \/><\/a><\/td>\n<td style=\"width: 50%;\"><span style=\"font-family: tahoma, arial, helvetica, sans-serif;\"><strong>\u00d6tzi mitten im Wald<\/strong><\/span><\/p>\n<p><span style=\"font-family: tahoma, arial, helvetica, sans-serif;\"><strong>Technik:<\/strong> Objektkasten, Holz bemalt<\/span><\/p>\n<p><span style=\"font-family: tahoma, arial, helvetica, sans-serif;\"><strong>Gr\u00f6\u00dfe: <\/strong>32x 26x 18 cm<\/span><\/p>\n<p><span style=\"font-family: tahoma, arial, helvetica, sans-serif;\"><strong>Werkverzeichnis:\u00a0<\/strong>\u00d6tz\/3\/95<\/span><\/p>\n<p>&nbsp;<\/td>\n<\/tr>\n<tr>\n<td style=\"width: 50%; text-align: center;\"><a href=\"https:\/\/thomas-bedel.de\/walter-zimbrich\/wp-content\/uploads\/sites\/2\/2025\/04\/O\u0308tzis-Chalet-und-Bett.jpg\"><img decoding=\"async\" loading=\"lazy\" class=\"size-thumbnail wp-image-772\" src=\"https:\/\/thomas-bedel.de\/walter-zimbrich\/wp-content\/uploads\/sites\/2\/2025\/04\/O\u0308tzis-Chalet-und-Bett-e1744236863212-150x150.jpg\" alt=\"\" width=\"150\" height=\"150\" \/><\/a><\/td>\n<td style=\"width: 50%;\"><span style=\"font-family: tahoma, arial, helvetica, sans-serif;\"><strong>\u00d6tzis Chalet und Bett<\/strong><\/span><\/p>\n<p><span style=\"font-family: tahoma, arial, helvetica, sans-serif;\"><strong>Technik:<\/strong> Objektkasten, Holz bemalt<\/span><\/p>\n<p><span style=\"font-family: tahoma, arial, helvetica, sans-serif;\"><strong>Gr\u00f6\u00dfe: <\/strong>20x 48x 10 cm<\/span><\/p>\n<p><span style=\"font-family: tahoma, arial, helvetica, sans-serif;\"><strong>Werkverzeichnis:\u00a0<\/strong>\u00d6tz\/4\/95<\/span><\/p>\n<p>&nbsp;<\/td>\n<\/tr>\n<tr>\n<td style=\"width: 50%;\"><img decoding=\"async\" loading=\"lazy\" class=\"aligncenter size-thumbnail wp-image-2797\" src=\"https:\/\/thomas-bedel.de\/walter-zimbrich\/wp-content\/uploads\/sites\/2\/2025\/04\/blanco-150x150.jpg\" alt=\"\" width=\"150\" height=\"150\" srcset=\"https:\/\/thomas-bedel.de\/walter-zimbrich\/wp-content\/uploads\/sites\/2\/2025\/04\/blanco-150x150.jpg 150w, https:\/\/thomas-bedel.de\/walter-zimbrich\/wp-content\/uploads\/sites\/2\/2025\/04\/blanco-298x300.jpg 298w, https:\/\/thomas-bedel.de\/walter-zimbrich\/wp-content\/uploads\/sites\/2\/2025\/04\/blanco.jpg 603w\" sizes=\"(max-width: 150px) 100vw, 150px\" \/><\/td>\n<td style=\"width: 50%;\"><span style=\"font-family: tahoma, arial, helvetica, sans-serif;\"><strong>\u00d6tzis Schlitten, das Rad kannte er noch nicht<\/strong><\/span><\/p>\n<p><span style=\"font-family: tahoma, arial, helvetica, sans-serif;\"><strong>Technik:<\/strong> Objektkasten, Holz bemalt<\/span><\/p>\n<p><span style=\"font-family: tahoma, arial, helvetica, sans-serif;\"><strong>Gr\u00f6\u00dfe: <\/strong>235x 22x 16 cm<\/span><\/p>\n<p><span style=\"font-family: tahoma, arial, helvetica, sans-serif;\"><strong>Werkverzeichnis:\u00a0<\/strong>\u00d6tz\/5\/95<\/span><\/p>\n<p>&nbsp;<\/td>\n<\/tr>\n<tr>\n<td style=\"width: 50%; text-align: center;\"><a href=\"https:\/\/thomas-bedel.de\/walter-zimbrich\/wp-content\/uploads\/sites\/2\/2025\/03\/O\u0308tzi-taut.jpg\"><img decoding=\"async\" loading=\"lazy\" class=\"size-thumbnail wp-image-345\" src=\"https:\/\/thomas-bedel.de\/walter-zimbrich\/wp-content\/uploads\/sites\/2\/2025\/03\/O\u0308tzi-taut-e1744236645852-150x147.jpg\" alt=\"\" width=\"150\" height=\"147\" \/><\/a><\/td>\n<td style=\"width: 50%;\"><span style=\"font-family: tahoma, arial, helvetica, sans-serif;\"><strong>\u00d6tzi taut<\/strong><\/span><\/p>\n<p><span style=\"font-family: tahoma, arial, helvetica, sans-serif;\"><strong>Technik:<\/strong> Objektkasten, Holz bemalt<\/span><\/p>\n<p><span style=\"font-family: tahoma, arial, helvetica, sans-serif;\"><strong>Gr\u00f6\u00dfe: <\/strong>27x 35x 10 cm<\/span><\/p>\n<p><span style=\"font-family: tahoma, arial, helvetica, sans-serif;\"><strong>Werkverzeichnis:\u00a0<\/strong>\u00d6tz\/6\/95<\/span><\/p>\n<p>&nbsp;<\/td>\n<\/tr>\n<tr>\n<td style=\"width: 50%; text-align: center;\"><a href=\"https:\/\/thomas-bedel.de\/walter-zimbrich\/wp-content\/uploads\/sites\/2\/2025\/03\/Die-Sonne-bleicht-O\u0308tzis-Gebein.jpg\"><img decoding=\"async\" loading=\"lazy\" class=\"size-thumbnail wp-image-346\" src=\"https:\/\/thomas-bedel.de\/walter-zimbrich\/wp-content\/uploads\/sites\/2\/2025\/03\/Die-Sonne-bleicht-O\u0308tzis-Gebein-e1744236577245-150x150.jpg\" alt=\"\" width=\"150\" height=\"150\" \/><\/a><\/td>\n<td style=\"width: 50%;\"><span style=\"font-family: tahoma, arial, helvetica, sans-serif;\"><strong>Die Sonne bleicht \u00d6tzis Gebein<\/strong><\/span><\/p>\n<p><span style=\"font-family: tahoma, arial, helvetica, sans-serif;\"><strong>Technik:<\/strong> Objektkasten, Holz bemalt<\/span><\/p>\n<p><span style=\"font-family: tahoma, arial, helvetica, sans-serif;\"><strong>Gr\u00f6\u00dfe: <\/strong>32x 26x 21 cm<\/span><\/p>\n<p><span style=\"font-family: tahoma, arial, helvetica, sans-serif;\"><strong>Werkverzeichnis:\u00a0<\/strong>\u00d6tz\/7\/95<\/span><\/p>\n<p>&nbsp;<\/td>\n<\/tr>\n<\/tbody>\n<\/table>\n","protected":false},"excerpt":{"rendered":"<p>Aufbruch mit den Siebensachen unterm Regenbogen Technik: Objektkasten, Holz bemalt Gr\u00f6\u00dfe: 48x 19,5x 23 cm Werkverzeichnis:\u00a0\u00d6tz\/1\/95 &nbsp; Das Feuerzeug Technik: Objektkasten, Holz bemalt Gr\u00f6\u00dfe: 48x 19,5x 23 cm Werkverzeichnis:\u00a0\u00d6tz\/2\/95 &nbsp; \u00d6tzi mitten im Wald Technik: Objektkasten, Holz bemalt Gr\u00f6\u00dfe: 32x 26x 18 cm Werkverzeichnis:\u00a0\u00d6tz\/3\/95 &nbsp; \u00d6tzis Chalet und Bett Technik: Objektkasten, Holz bemalt Gr\u00f6\u00dfe: 20x<\/p>\n","protected":false},"author":1,"featured_media":0,"parent":0,"menu_order":0,"comment_status":"closed","ping_status":"closed","template":"","meta":{"_coblocks_attr":"","_coblocks_dimensions":"","_coblocks_responsive_height":"","_coblocks_accordion_ie_support":"","_links_to":"","_links_to_target":""},"_links":{"self":[{"href":"https:\/\/thomas-bedel.de\/walter-zimbrich\/wp-json\/wp\/v2\/pages\/342"}],"collection":[{"href":"https:\/\/thomas-bedel.de\/walter-zimbrich\/wp-json\/wp\/v2\/pages"}],"about":[{"href":"https:\/\/thomas-bedel.de\/walter-zimbrich\/wp-json\/wp\/v2\/types\/page"}],"author":[{"embeddable":true,"href":"https:\/\/thomas-bedel.de\/walter-zimbrich\/wp-json\/wp\/v2\/users\/1"}],"replies":[{"embeddable":true,"href":"https:\/\/thomas-bedel.de\/walter-zimbrich\/wp-json\/wp\/v2\/comments?post=342"}],"version-history":[{"count":12,"href":"https:\/\/thomas-bedel.de\/walter-zimbrich\/wp-json\/wp\/v2\/pages\/342\/revisions"}],"predecessor-version":[{"id":4775,"href":"https:\/\/thomas-bedel.de\/walter-zimbrich\/wp-json\/wp\/v2\/pages\/342\/revisions\/4775"}],"wp:attachment":[{"href":"https:\/\/thomas-bedel.de\/walter-zimbrich\/wp-json\/wp\/v2\/media?parent=342"}],"curies":[{"name":"wp","href":"https:\/\/api.w.org\/{rel}","templated":true}]}}

1995 &#8211; Ötzi

<table style="border-collapse: collapse; width: 100%;">
<tbody>
<tr>
<td style="width: 50%;"><span style="font-family: tahoma, arial, helvetica, sans-serif;"><a href="https://thomas-bedel.de/walter-zimbrich/wp-content/uploads/sites/2/2025/03/Regenbogen.jpg"><img decoding="async" loading="lazy" class="aligncenter wp-image-347 size-thumbnail" src="https://thomas-bedel.de/walter-zimbrich/wp-content/uploads/sites/2/2025/03/Regenbogen-e1744236523965-150x150.jpg" alt="" width="150" height="150" /></a></span></td>
<td style="width: 50%;"><span style="font-family: tahoma, arial, helvetica, sans-serif;"><strong>Aufbruch mit den Siebensachen unterm Regenbogen</strong></span></p>
<p><span style="font-family: tahoma, arial, helvetica, sans-serif;"><strong>Technik:</strong> Objektkasten, Holz bemalt</span></p>
<p><span style="font-family: tahoma, arial, helvetica, sans-serif;"><strong>Größe: </strong>48x 19,5x 23 cm</span></p>
<p><span style="font-family: tahoma, arial, helvetica, sans-serif;"><strong>Werkverzeichnis: </strong>Ötz/1/95</span></p>
<p>&nbsp;</td>
</tr>
<tr>
<td style="width: 50%;"><span style="font-family: tahoma, arial, helvetica, sans-serif;"><a href="https://thomas-bedel.de/walter-zimbrich/wp-content/uploads/sites/2/2025/03/Feuerzeug.jpg"><img decoding="async" loading="lazy" class="aligncenter wp-image-343 size-thumbnail" src="https://thomas-bedel.de/walter-zimbrich/wp-content/uploads/sites/2/2025/03/Feuerzeug-e1744236736814-150x150.jpg" alt="" width="150" height="150" /></a></span></td>
<td style="width: 50%;"><span style="font-family: tahoma, arial, helvetica, sans-serif;"><strong>Das Feuerzeug</strong></span></p>
<p><span style="font-family: tahoma, arial, helvetica, sans-serif;"><strong>Technik:</strong> Objektkasten, Holz bemalt</span></p>
<p><span style="font-family: tahoma, arial, helvetica, sans-serif;"><strong>Größe: </strong>48x 19,5x 23 cm</span></p>
<p><span style="font-family: tahoma, arial, helvetica, sans-serif;"><strong>Werkverzeichnis: </strong>Ötz/2/95</span></p>
<p>&nbsp;</td>
</tr>
<tr>
<td style="width: 50%; text-align: center;"><a href="https://thomas-bedel.de/walter-zimbrich/wp-content/uploads/sites/2/2025/03/Ötzi-im-Wald.jpg"><img decoding="async" loading="lazy" class="size-thumbnail wp-image-344" src="https://thomas-bedel.de/walter-zimbrich/wp-content/uploads/sites/2/2025/03/Ötzi-im-Wald-e1744236697580-150x150.jpg" alt="" width="150" height="150" /></a></td>
<td style="width: 50%;"><span style="font-family: tahoma, arial, helvetica, sans-serif;"><strong>Ötzi mitten im Wald</strong></span></p>
<p><span style="font-family: tahoma, arial, helvetica, sans-serif;"><strong>Technik:</strong> Objektkasten, Holz bemalt</span></p>
<p><span style="font-family: tahoma, arial, helvetica, sans-serif;"><strong>Größe: </strong>32x 26x 18 cm</span></p>
<p><span style="font-family: tahoma, arial, helvetica, sans-serif;"><strong>Werkverzeichnis: </strong>Ötz/3/95</span></p>
<p>&nbsp;</td>
</tr>
<tr>
<td style="width: 50%; text-align: center;"><a href="https://thomas-bedel.de/walter-zimbrich/wp-content/uploads/sites/2/2025/04/Ötzis-Chalet-und-Bett.jpg"><img decoding="async" loading="lazy" class="size-thumbnail wp-image-772" src="https://thomas-bedel.de/walter-zimbrich/wp-content/uploads/sites/2/2025/04/Ötzis-Chalet-und-Bett-e1744236863212-150x150.jpg" alt="" width="150" height="150" /></a></td>
<td style="width: 50%;"><span style="font-family: tahoma, arial, helvetica, sans-serif;"><strong>Ötzis Chalet und Bett</strong></span></p>
<p><span style="font-family: tahoma, arial, helvetica, sans-serif;"><strong>Technik:</strong> Objektkasten, Holz bemalt</span></p>
<p><span style="font-family: tahoma, arial, helvetica, sans-serif;"><strong>Größe: </strong>20x 48x 10 cm</span></p>
<p><span style="font-family: tahoma, arial, helvetica, sans-serif;"><strong>Werkverzeichnis: </strong>Ötz/4/95</span></p>
<p>&nbsp;</td>
</tr>
<tr>
<td style="width: 50%;"><img decoding="async" loading="lazy" class="aligncenter size-thumbnail wp-image-2797" src="https://thomas-bedel.de/walter-zimbrich/wp-content/uploads/sites/2/2025/04/blanco-150x150.jpg" alt="" width="150" height="150" srcset="https://thomas-bedel.de/walter-zimbrich/wp-content/uploads/sites/2/2025/04/blanco-150x150.jpg 150w, https://thomas-bedel.de/walter-zimbrich/wp-content/uploads/sites/2/2025/04/blanco-298x300.jpg 298w, https://thomas-bedel.de/walter-zimbrich/wp-content/uploads/sites/2/2025/04/blanco.jpg 603w" sizes="(max-width: 150px) 100vw, 150px" /></td>
<td style="width: 50%;"><span style="font-family: tahoma, arial, helvetica, sans-serif;"><strong>Ötzis Schlitten, das Rad kannte er noch nicht</strong></span></p>
<p><span style="font-family: tahoma, arial, helvetica, sans-serif;"><strong>Technik:</strong> Objektkasten, Holz bemalt</span></p>
<p><span style="font-family: tahoma, arial, helvetica, sans-serif;"><strong>Größe: </strong>235x 22x 16 cm</span></p>
<p><span style="font-family: tahoma, arial, helvetica, sans-serif;"><strong>Werkverzeichnis: </strong>Ötz/5/95</span></p>
<p>&nbsp;</td>
</tr>
<tr>
<td style="width: 50%; text-align: center;"><a href="https://thomas-bedel.de/walter-zimbrich/wp-content/uploads/sites/2/2025/03/Ötzi-taut.jpg"><img decoding="async" loading="lazy" class="size-thumbnail wp-image-345" src="https://thomas-bedel.de/walter-zimbrich/wp-content/uploads/sites/2/2025/03/Ötzi-taut-e1744236645852-150x147.jpg" alt="" width="150" height="147" /></a></td>
<td style="width: 50%;"><span style="font-family: tahoma, arial, helvetica, sans-serif;"><strong>Ötzi taut</strong></span></p>
<p><span style="font-family: tahoma, arial, helvetica, sans-serif;"><strong>Technik:</strong> Objektkasten, Holz bemalt</span></p>
<p><span style="font-family: tahoma, arial, helvetica, sans-serif;"><strong>Größe: </strong>27x 35x 10 cm</span></p>
<p><span style="font-family: tahoma, arial, helvetica, sans-serif;"><strong>Werkverzeichnis: </strong>Ötz/6/95</span></p>
<p>&nbsp;</td>
</tr>
<tr>
<td style="width: 50%; text-align: center;"><a href="https://thomas-bedel.de/walter-zimbrich/wp-content/uploads/sites/2/2025/03/Die-Sonne-bleicht-Ötzis-Gebein.jpg"><img decoding="async" loading="lazy" class="size-thumbnail wp-image-346" src="https://thomas-bedel.de/walter-zimbrich/wp-content/uploads/sites/2/2025/03/Die-Sonne-bleicht-Ötzis-Gebein-e1744236577245-150x150.jpg" alt="" width="150" height="150" /></a></td>
<td style="width: 50%;"><span style="font-family: tahoma, arial, helvetica, sans-serif;"><strong>Die Sonne bleicht Ötzis Gebein</strong></span></p>
<p><span style="font-family: tahoma, arial, helvetica, sans-serif;"><strong>Technik:</strong> Objektkasten, Holz bemalt</span></p>
<p><span style="font-family: tahoma, arial, helvetica, sans-serif;"><strong>Größe: </strong>32x 26x 21 cm</span></p>
<p><span style="font-family: tahoma, arial, helvetica, sans-serif;"><strong>Werkverzeichnis: </strong>Ötz/7/95</span></p>
<p>&nbsp;</td>
</tr>
</tbody>
</table>

<p>Aufbruch mit den Siebensachen unterm Regenbogen Technik: Objektkasten, Holz bemalt Größe: 48x 19,5x 23 cm Werkverzeichnis: Ötz/1/95 &nbsp; Das Feuerzeug Technik: Objektkasten, Holz bemalt Größe: 48x 19,5x 23 cm Werkverzeichnis: Ötz/2/95 &nbsp; Ötzi mitten im Wald Technik: Objektkasten, Holz bemalt Größe: 32x 26x 18 cm Werkverzeichnis: Ötz/3/95 &nbsp; Ötzis Chalet und Bett Technik: Objektkasten, Holz bemalt Größe: 20x</p>
