{"id":5538,"date":"2026-03-02T10:34:40","date_gmt":"2026-03-02T09:34:40","guid":{"rendered":"https:\/\/thomas-bedel.de\/walter-zimbrich\/?page_id=5538"},"modified":"2026-03-03T16:13:38","modified_gmt":"2026-03-03T15:13:38","slug":"mejean","status":"publish","type":"page","link":"https:\/\/thomas-bedel.de\/walter-zimbrich\/mejean\/","title":{"rendered":"1990\/91 &#8211; M\u00e9jean"},"content":{"rendered":"<table style=\"border-collapse: collapse; width: 100%;\">\n<tbody>\n<tr>\n<td style=\"width: 50%; text-align: center;\"><a href=\"https:\/\/thomas-bedel.de\/walter-zimbrich\/wp-content\/uploads\/sites\/2\/2026\/03\/Mejean_1.jpg\"><img decoding=\"async\" loading=\"lazy\" class=\"size-thumbnail wp-image-5539\" src=\"https:\/\/thomas-bedel.de\/walter-zimbrich\/wp-content\/uploads\/sites\/2\/2026\/03\/Mejean_1-150x150.jpg\" alt=\"\" width=\"150\" height=\"150\" \/><\/a><\/td>\n<td style=\"width: 50%;\"><span style=\"font-family: tahoma, arial, helvetica, sans-serif;\"><strong>M\u00e9jean I<\/strong><\/span><\/p>\n<p><span style=\"font-family: tahoma, arial, helvetica, sans-serif;\"><strong>Technik:<\/strong> Acryl<\/span><\/p>\n<p><span style=\"font-family: tahoma, arial, helvetica, sans-serif;\"><strong>Gr\u00f6\u00dfe: <\/strong>60 x 84 cm<\/span><\/p>\n<p><span style=\"font-family: tahoma, arial, helvetica, sans-serif;\"><strong>Werkverzeichnis:\u00a0<\/strong>M\u00e9\/1\/90<\/span><\/p>\n<p>&nbsp;<\/td>\n<\/tr>\n<tr>\n<td style=\"width: 50%; text-align: center;\"><a href=\"https:\/\/thomas-bedel.de\/walter-zimbrich\/wp-content\/uploads\/sites\/2\/2026\/03\/Mejean_2.jpg\"><img decoding=\"async\" loading=\"lazy\" class=\"size-thumbnail wp-image-5540\" src=\"https:\/\/thomas-bedel.de\/walter-zimbrich\/wp-content\/uploads\/sites\/2\/2026\/03\/Mejean_2-150x150.jpg\" alt=\"\" width=\"150\" height=\"150\" \/><\/a><\/td>\n<td style=\"width: 50%;\"><span style=\"font-family: tahoma, arial, helvetica, sans-serif;\"><strong>M\u00e9jean II<\/strong><\/span><\/p>\n<p><span style=\"font-family: tahoma, arial, helvetica, sans-serif;\"><strong>Technik:<\/strong> Acryl<\/span><\/p>\n<p><span style=\"font-family: tahoma, arial, helvetica, sans-serif;\"><strong>Gr\u00f6\u00dfe: <\/strong>60 x 84 cm<\/span><\/p>\n<p><span style=\"font-family: tahoma, arial, helvetica, sans-serif;\"><strong>Werkverzeichnis:\u00a0<\/strong>M\u00e9\/2\/90<\/span><\/p>\n<p>&nbsp;<\/td>\n<\/tr>\n<tr>\n<td style=\"width: 50%; text-align: center;\"><a href=\"https:\/\/thomas-bedel.de\/walter-zimbrich\/wp-content\/uploads\/sites\/2\/2026\/03\/Mejean_3.jpg\"><img decoding=\"async\" loading=\"lazy\" class=\"size-thumbnail wp-image-5541\" src=\"https:\/\/thomas-bedel.de\/walter-zimbrich\/wp-content\/uploads\/sites\/2\/2026\/03\/Mejean_3-150x150.jpg\" alt=\"\" width=\"150\" height=\"150\" \/><\/a><\/td>\n<td style=\"width: 50%;\"><span style=\"font-family: tahoma, arial, helvetica, sans-serif;\"><strong>M\u00e9jean III<\/strong><\/span><\/p>\n<p><span style=\"font-family: tahoma, arial, helvetica, sans-serif;\"><strong>Technik:<\/strong> Acryl<\/span><\/p>\n<p><span style=\"font-family: tahoma, arial, helvetica, sans-serif;\"><strong>Gr\u00f6\u00dfe: <\/strong>60 x 84 cm<\/span><\/p>\n<p><span style=\"font-family: tahoma, arial, helvetica, sans-serif;\"><strong>Werkverzeichnis:\u00a0<\/strong>M\u00e9\/3\/90<\/span><\/p>\n<p>&nbsp;<\/td>\n<\/tr>\n<tr>\n<td style=\"width: 50%; text-align: center;\"><a href=\"https:\/\/thomas-bedel.de\/walter-zimbrich\/wp-content\/uploads\/sites\/2\/2026\/03\/Mejean_4.jpg\"><img decoding=\"async\" loading=\"lazy\" class=\"size-thumbnail wp-image-5542\" src=\"https:\/\/thomas-bedel.de\/walter-zimbrich\/wp-content\/uploads\/sites\/2\/2026\/03\/Mejean_4-150x150.jpg\" alt=\"\" width=\"150\" height=\"150\" \/><\/a><\/td>\n<td style=\"width: 50%;\"><span style=\"font-family: tahoma, arial, helvetica, sans-serif;\"><strong>M\u00e9jean IV<\/strong><\/span><\/p>\n<p><span style=\"font-family: tahoma, arial, helvetica, sans-serif;\"><strong>Technik:<\/strong> Acryl<\/span><\/p>\n<p><span style=\"font-family: tahoma, arial, helvetica, sans-serif;\"><strong>Gr\u00f6\u00dfe: <\/strong>60 x 84 cm<\/span><\/p>\n<p><span style=\"font-family: tahoma, arial, helvetica, sans-serif;\"><strong>Werkverzeichnis:\u00a0<\/strong>M\u00e9\/4\/90<\/span><\/p>\n<p>&nbsp;<\/td>\n<\/tr>\n<tr>\n<td style=\"width: 50%; text-align: center;\"><img decoding=\"async\" loading=\"lazy\" class=\"aligncenter size-thumbnail wp-image-4488\" src=\"https:\/\/thomas-bedel.de\/walter-zimbrich\/wp-content\/uploads\/sites\/2\/2025\/11\/blanco-150x150.jpg\" alt=\"\" width=\"150\" height=\"150\" srcset=\"https:\/\/thomas-bedel.de\/walter-zimbrich\/wp-content\/uploads\/sites\/2\/2025\/11\/blanco-150x150.jpg 150w, https:\/\/thomas-bedel.de\/walter-zimbrich\/wp-content\/uploads\/sites\/2\/2025\/11\/blanco-298x300.jpg 298w, https:\/\/thomas-bedel.de\/walter-zimbrich\/wp-content\/uploads\/sites\/2\/2025\/11\/blanco.jpg 603w\" sizes=\"(max-width: 150px) 100vw, 150px\" \/><\/td>\n<td style=\"width: 50%;\"><span style=\"font-family: tahoma, arial, helvetica, sans-serif;\"><strong>M\u00e9jean V<\/strong><\/span><\/p>\n<p><span style=\"font-family: tahoma, arial, helvetica, sans-serif;\"><strong>Technik:<\/strong> Acryl<\/span><\/p>\n<p><span style=\"font-family: tahoma, arial, helvetica, sans-serif;\"><strong>Gr\u00f6\u00dfe: <\/strong>60 x 84 cm<\/span><\/p>\n<p><span style=\"font-family: tahoma, arial, helvetica, sans-serif;\"><strong>Werkverzeichnis:\u00a0<\/strong>M\u00e9\/5\/90<\/span><\/p>\n<p>&nbsp;<\/td>\n<\/tr>\n<tr>\n<td style=\"width: 50%; text-align: center;\"><a href=\"https:\/\/thomas-bedel.de\/walter-zimbrich\/wp-content\/uploads\/sites\/2\/2026\/03\/Mejean_6.jpg\"><img decoding=\"async\" loading=\"lazy\" class=\"size-thumbnail wp-image-5543\" src=\"https:\/\/thomas-bedel.de\/walter-zimbrich\/wp-content\/uploads\/sites\/2\/2026\/03\/Mejean_6-150x150.jpg\" alt=\"\" width=\"150\" height=\"150\" \/><\/a><\/td>\n<td style=\"width: 50%;\"><span style=\"font-family: tahoma, arial, helvetica, sans-serif;\"><strong>M\u00e9jean VI<\/strong><\/span><\/p>\n<p><span style=\"font-family: tahoma, arial, helvetica, sans-serif;\"><strong>Technik:<\/strong> Acryl<\/span><\/p>\n<p><span style=\"font-family: tahoma, arial, helvetica, sans-serif;\"><strong>Gr\u00f6\u00dfe: <\/strong>60 x 84 cm<\/span><\/p>\n<p><span style=\"font-family: tahoma, arial, helvetica, sans-serif;\"><strong>Werkverzeichnis:\u00a0<\/strong>M\u00e9\/6\/90<\/span><\/p>\n<p>&nbsp;<\/td>\n<\/tr>\n<tr>\n<td style=\"width: 50%; text-align: center;\"><img decoding=\"async\" loading=\"lazy\" class=\"aligncenter size-thumbnail wp-image-4488\" src=\"https:\/\/thomas-bedel.de\/walter-zimbrich\/wp-content\/uploads\/sites\/2\/2025\/11\/blanco-150x150.jpg\" alt=\"\" width=\"150\" height=\"150\" srcset=\"https:\/\/thomas-bedel.de\/walter-zimbrich\/wp-content\/uploads\/sites\/2\/2025\/11\/blanco-150x150.jpg 150w, https:\/\/thomas-bedel.de\/walter-zimbrich\/wp-content\/uploads\/sites\/2\/2025\/11\/blanco-298x300.jpg 298w, https:\/\/thomas-bedel.de\/walter-zimbrich\/wp-content\/uploads\/sites\/2\/2025\/11\/blanco.jpg 603w\" sizes=\"(max-width: 150px) 100vw, 150px\" \/><\/td>\n<td style=\"width: 50%;\"><span style=\"font-family: tahoma, arial, helvetica, sans-serif;\"><strong>M\u00e9jean VII<\/strong><\/span><\/p>\n<p><span style=\"font-family: tahoma, arial, helvetica, sans-serif;\"><strong>Technik:<\/strong> Acryl<\/span><\/p>\n<p><span style=\"font-family: tahoma, arial, helvetica, sans-serif;\"><strong>Gr\u00f6\u00dfe: <\/strong>60 x 84 cm<\/span><\/p>\n<p><span style=\"font-family: tahoma, arial, helvetica, sans-serif;\"><strong>Werkverzeichnis:\u00a0<\/strong>M\u00e9\/7\/90<\/span><\/p>\n<p>&nbsp;<\/td>\n<\/tr>\n<tr>\n<td style=\"width: 50%; text-align: center;\"><a href=\"https:\/\/thomas-bedel.de\/walter-zimbrich\/wp-content\/uploads\/sites\/2\/2026\/03\/Mejean_8.jpg\"><img decoding=\"async\" loading=\"lazy\" class=\"size-thumbnail wp-image-5544\" src=\"https:\/\/thomas-bedel.de\/walter-zimbrich\/wp-content\/uploads\/sites\/2\/2026\/03\/Mejean_8-150x150.jpg\" alt=\"\" width=\"150\" height=\"150\" \/><\/a><\/td>\n<td style=\"width: 50%;\"><span style=\"font-family: tahoma, arial, helvetica, sans-serif;\"><strong>M\u00e9jean VIII<\/strong><\/span><\/p>\n<p><span style=\"font-family: tahoma, arial, helvetica, sans-serif;\"><strong>Technik:<\/strong> Acryl<\/span><\/p>\n<p><span style=\"font-family: tahoma, arial, helvetica, sans-serif;\"><strong>Gr\u00f6\u00dfe: <\/strong>60 x 84 cm<\/span><\/p>\n<p><span style=\"font-family: tahoma, arial, helvetica, sans-serif;\"><strong>Werkverzeichnis:\u00a0<\/strong>M\u00e9\/8\/90<\/span><\/p>\n<p>&nbsp;<\/td>\n<\/tr>\n<tr>\n<td style=\"width: 50%; text-align: center;\"><a href=\"https:\/\/thomas-bedel.de\/walter-zimbrich\/wp-content\/uploads\/sites\/2\/2026\/03\/Mejean_9.jpg\"><img decoding=\"async\" loading=\"lazy\" class=\"size-thumbnail wp-image-5545\" src=\"https:\/\/thomas-bedel.de\/walter-zimbrich\/wp-content\/uploads\/sites\/2\/2026\/03\/Mejean_9-150x150.jpg\" alt=\"\" width=\"150\" height=\"150\" \/><\/a><\/td>\n<td style=\"width: 50%;\"><span style=\"font-family: tahoma, arial, helvetica, sans-serif;\"><strong>M\u00e9jean IX<\/strong><\/span><\/p>\n<p><span style=\"font-family: tahoma, arial, helvetica, sans-serif;\"><strong>Technik:<\/strong> Acryl<\/span><\/p>\n<p><span style=\"font-family: tahoma, arial, helvetica, sans-serif;\"><strong>Gr\u00f6\u00dfe: <\/strong>60 x 84 cm<\/span><\/p>\n<p><span style=\"font-family: tahoma, arial, helvetica, sans-serif;\"><strong>Werkverzeichnis:\u00a0<\/strong>M\u00e9\/9\/90<\/span><\/p>\n<p>&nbsp;<\/td>\n<\/tr>\n<tr>\n<td style=\"width: 50%; text-align: center;\"><a href=\"https:\/\/thomas-bedel.de\/walter-zimbrich\/wp-content\/uploads\/sites\/2\/2026\/03\/Mejean_10.jpg\"><img decoding=\"async\" loading=\"lazy\" class=\"size-thumbnail wp-image-5546\" src=\"https:\/\/thomas-bedel.de\/walter-zimbrich\/wp-content\/uploads\/sites\/2\/2026\/03\/Mejean_10-150x150.jpg\" alt=\"\" width=\"150\" height=\"150\" \/><\/a><\/td>\n<td style=\"width: 50%;\"><span style=\"font-family: tahoma, arial, helvetica, sans-serif;\"><strong>M\u00e9jean X<\/strong><\/span><\/p>\n<p><span style=\"font-family: tahoma, arial, helvetica, sans-serif;\"><strong>Technik:<\/strong> Acryl<\/span><\/p>\n<p><span style=\"font-family: tahoma, arial, helvetica, sans-serif;\"><strong>Gr\u00f6\u00dfe: <\/strong>60 x 84 cm<\/span><\/p>\n<p><span style=\"font-family: tahoma, arial, helvetica, sans-serif;\"><strong>Werkverzeichnis:\u00a0<\/strong>M\u00e9\/10\/91<\/span><\/p>\n<p>&nbsp;<\/td>\n<\/tr>\n<\/tbody>\n<\/table>\n","protected":false},"excerpt":{"rendered":"<p>M\u00e9jean I Technik: Acryl Gr\u00f6\u00dfe: 60 x 84 cm Werkverzeichnis:\u00a0M\u00e9\/1\/90 &nbsp; M\u00e9jean II Technik: Acryl Gr\u00f6\u00dfe: 60 x 84 cm Werkverzeichnis:\u00a0M\u00e9\/2\/90 &nbsp; M\u00e9jean III Technik: Acryl Gr\u00f6\u00dfe: 60 x 84 cm Werkverzeichnis:\u00a0M\u00e9\/3\/90 &nbsp; M\u00e9jean IV Technik: Acryl Gr\u00f6\u00dfe: 60 x 84 cm Werkverzeichnis:\u00a0M\u00e9\/4\/90 &nbsp; M\u00e9jean V Technik: Acryl Gr\u00f6\u00dfe: 60 x 84 cm Werkverzeichnis:\u00a0M\u00e9\/5\/90 &nbsp;<\/p>\n","protected":false},"author":1,"featured_media":0,"parent":0,"menu_order":0,"comment_status":"closed","ping_status":"closed","template":"","meta":{"_coblocks_attr":"","_coblocks_dimensions":"","_coblocks_responsive_height":"","_coblocks_accordion_ie_support":"","_links_to":"","_links_to_target":""},"_links":{"self":[{"href":"https:\/\/thomas-bedel.de\/walter-zimbrich\/wp-json\/wp\/v2\/pages\/5538"}],"collection":[{"href":"https:\/\/thomas-bedel.de\/walter-zimbrich\/wp-json\/wp\/v2\/pages"}],"about":[{"href":"https:\/\/thomas-bedel.de\/walter-zimbrich\/wp-json\/wp\/v2\/types\/page"}],"author":[{"embeddable":true,"href":"https:\/\/thomas-bedel.de\/walter-zimbrich\/wp-json\/wp\/v2\/users\/1"}],"replies":[{"embeddable":true,"href":"https:\/\/thomas-bedel.de\/walter-zimbrich\/wp-json\/wp\/v2\/comments?post=5538"}],"version-history":[{"count":3,"href":"https:\/\/thomas-bedel.de\/walter-zimbrich\/wp-json\/wp\/v2\/pages\/5538\/revisions"}],"predecessor-version":[{"id":5776,"href":"https:\/\/thomas-bedel.de\/walter-zimbrich\/wp-json\/wp\/v2\/pages\/5538\/revisions\/5776"}],"wp:attachment":[{"href":"https:\/\/thomas-bedel.de\/walter-zimbrich\/wp-json\/wp\/v2\/media?parent=5538"}],"curies":[{"name":"wp","href":"https:\/\/api.w.org\/{rel}","templated":true}]}}

1990/91 &#8211; Méjean

<table style="border-collapse: collapse; width: 100%;">
<tbody>
<tr>
<td style="width: 50%; text-align: center;"><a href="https://thomas-bedel.de/walter-zimbrich/wp-content/uploads/sites/2/2026/03/Mejean_1.jpg"><img decoding="async" loading="lazy" class="size-thumbnail wp-image-5539" src="https://thomas-bedel.de/walter-zimbrich/wp-content/uploads/sites/2/2026/03/Mejean_1-150x150.jpg" alt="" width="150" height="150" /></a></td>
<td style="width: 50%;"><span style="font-family: tahoma, arial, helvetica, sans-serif;"><strong>Méjean I</strong></span></p>
<p><span style="font-family: tahoma, arial, helvetica, sans-serif;"><strong>Technik:</strong> Acryl</span></p>
<p><span style="font-family: tahoma, arial, helvetica, sans-serif;"><strong>Größe: </strong>60 x 84 cm</span></p>
<p><span style="font-family: tahoma, arial, helvetica, sans-serif;"><strong>Werkverzeichnis: </strong>Mé/1/90</span></p>
<p>&nbsp;</td>
</tr>
<tr>
<td style="width: 50%; text-align: center;"><a href="https://thomas-bedel.de/walter-zimbrich/wp-content/uploads/sites/2/2026/03/Mejean_2.jpg"><img decoding="async" loading="lazy" class="size-thumbnail wp-image-5540" src="https://thomas-bedel.de/walter-zimbrich/wp-content/uploads/sites/2/2026/03/Mejean_2-150x150.jpg" alt="" width="150" height="150" /></a></td>
<td style="width: 50%;"><span style="font-family: tahoma, arial, helvetica, sans-serif;"><strong>Méjean II</strong></span></p>
<p><span style="font-family: tahoma, arial, helvetica, sans-serif;"><strong>Technik:</strong> Acryl</span></p>
<p><span style="font-family: tahoma, arial, helvetica, sans-serif;"><strong>Größe: </strong>60 x 84 cm</span></p>
<p><span style="font-family: tahoma, arial, helvetica, sans-serif;"><strong>Werkverzeichnis: </strong>Mé/2/90</span></p>
<p>&nbsp;</td>
</tr>
<tr>
<td style="width: 50%; text-align: center;"><a href="https://thomas-bedel.de/walter-zimbrich/wp-content/uploads/sites/2/2026/03/Mejean_3.jpg"><img decoding="async" loading="lazy" class="size-thumbnail wp-image-5541" src="https://thomas-bedel.de/walter-zimbrich/wp-content/uploads/sites/2/2026/03/Mejean_3-150x150.jpg" alt="" width="150" height="150" /></a></td>
<td style="width: 50%;"><span style="font-family: tahoma, arial, helvetica, sans-serif;"><strong>Méjean III</strong></span></p>
<p><span style="font-family: tahoma, arial, helvetica, sans-serif;"><strong>Technik:</strong> Acryl</span></p>
<p><span style="font-family: tahoma, arial, helvetica, sans-serif;"><strong>Größe: </strong>60 x 84 cm</span></p>
<p><span style="font-family: tahoma, arial, helvetica, sans-serif;"><strong>Werkverzeichnis: </strong>Mé/3/90</span></p>
<p>&nbsp;</td>
</tr>
<tr>
<td style="width: 50%; text-align: center;"><a href="https://thomas-bedel.de/walter-zimbrich/wp-content/uploads/sites/2/2026/03/Mejean_4.jpg"><img decoding="async" loading="lazy" class="size-thumbnail wp-image-5542" src="https://thomas-bedel.de/walter-zimbrich/wp-content/uploads/sites/2/2026/03/Mejean_4-150x150.jpg" alt="" width="150" height="150" /></a></td>
<td style="width: 50%;"><span style="font-family: tahoma, arial, helvetica, sans-serif;"><strong>Méjean IV</strong></span></p>
<p><span style="font-family: tahoma, arial, helvetica, sans-serif;"><strong>Technik:</strong> Acryl</span></p>
<p><span style="font-family: tahoma, arial, helvetica, sans-serif;"><strong>Größe: </strong>60 x 84 cm</span></p>
<p><span style="font-family: tahoma, arial, helvetica, sans-serif;"><strong>Werkverzeichnis: </strong>Mé/4/90</span></p>
<p>&nbsp;</td>
</tr>
<tr>
<td style="width: 50%; text-align: center;"><img decoding="async" loading="lazy" class="aligncenter size-thumbnail wp-image-4488" src="https://thomas-bedel.de/walter-zimbrich/wp-content/uploads/sites/2/2025/11/blanco-150x150.jpg" alt="" width="150" height="150" srcset="https://thomas-bedel.de/walter-zimbrich/wp-content/uploads/sites/2/2025/11/blanco-150x150.jpg 150w, https://thomas-bedel.de/walter-zimbrich/wp-content/uploads/sites/2/2025/11/blanco-298x300.jpg 298w, https://thomas-bedel.de/walter-zimbrich/wp-content/uploads/sites/2/2025/11/blanco.jpg 603w" sizes="(max-width: 150px) 100vw, 150px" /></td>
<td style="width: 50%;"><span style="font-family: tahoma, arial, helvetica, sans-serif;"><strong>Méjean V</strong></span></p>
<p><span style="font-family: tahoma, arial, helvetica, sans-serif;"><strong>Technik:</strong> Acryl</span></p>
<p><span style="font-family: tahoma, arial, helvetica, sans-serif;"><strong>Größe: </strong>60 x 84 cm</span></p>
<p><span style="font-family: tahoma, arial, helvetica, sans-serif;"><strong>Werkverzeichnis: </strong>Mé/5/90</span></p>
<p>&nbsp;</td>
</tr>
<tr>
<td style="width: 50%; text-align: center;"><a href="https://thomas-bedel.de/walter-zimbrich/wp-content/uploads/sites/2/2026/03/Mejean_6.jpg"><img decoding="async" loading="lazy" class="size-thumbnail wp-image-5543" src="https://thomas-bedel.de/walter-zimbrich/wp-content/uploads/sites/2/2026/03/Mejean_6-150x150.jpg" alt="" width="150" height="150" /></a></td>
<td style="width: 50%;"><span style="font-family: tahoma, arial, helvetica, sans-serif;"><strong>Méjean VI</strong></span></p>
<p><span style="font-family: tahoma, arial, helvetica, sans-serif;"><strong>Technik:</strong> Acryl</span></p>
<p><span style="font-family: tahoma, arial, helvetica, sans-serif;"><strong>Größe: </strong>60 x 84 cm</span></p>
<p><span style="font-family: tahoma, arial, helvetica, sans-serif;"><strong>Werkverzeichnis: </strong>Mé/6/90</span></p>
<p>&nbsp;</td>
</tr>
<tr>
<td style="width: 50%; text-align: center;"><img decoding="async" loading="lazy" class="aligncenter size-thumbnail wp-image-4488" src="https://thomas-bedel.de/walter-zimbrich/wp-content/uploads/sites/2/2025/11/blanco-150x150.jpg" alt="" width="150" height="150" srcset="https://thomas-bedel.de/walter-zimbrich/wp-content/uploads/sites/2/2025/11/blanco-150x150.jpg 150w, https://thomas-bedel.de/walter-zimbrich/wp-content/uploads/sites/2/2025/11/blanco-298x300.jpg 298w, https://thomas-bedel.de/walter-zimbrich/wp-content/uploads/sites/2/2025/11/blanco.jpg 603w" sizes="(max-width: 150px) 100vw, 150px" /></td>
<td style="width: 50%;"><span style="font-family: tahoma, arial, helvetica, sans-serif;"><strong>Méjean VII</strong></span></p>
<p><span style="font-family: tahoma, arial, helvetica, sans-serif;"><strong>Technik:</strong> Acryl</span></p>
<p><span style="font-family: tahoma, arial, helvetica, sans-serif;"><strong>Größe: </strong>60 x 84 cm</span></p>
<p><span style="font-family: tahoma, arial, helvetica, sans-serif;"><strong>Werkverzeichnis: </strong>Mé/7/90</span></p>
<p>&nbsp;</td>
</tr>
<tr>
<td style="width: 50%; text-align: center;"><a href="https://thomas-bedel.de/walter-zimbrich/wp-content/uploads/sites/2/2026/03/Mejean_8.jpg"><img decoding="async" loading="lazy" class="size-thumbnail wp-image-5544" src="https://thomas-bedel.de/walter-zimbrich/wp-content/uploads/sites/2/2026/03/Mejean_8-150x150.jpg" alt="" width="150" height="150" /></a></td>
<td style="width: 50%;"><span style="font-family: tahoma, arial, helvetica, sans-serif;"><strong>Méjean VIII</strong></span></p>
<p><span style="font-family: tahoma, arial, helvetica, sans-serif;"><strong>Technik:</strong> Acryl</span></p>
<p><span style="font-family: tahoma, arial, helvetica, sans-serif;"><strong>Größe: </strong>60 x 84 cm</span></p>
<p><span style="font-family: tahoma, arial, helvetica, sans-serif;"><strong>Werkverzeichnis: </strong>Mé/8/90</span></p>
<p>&nbsp;</td>
</tr>
<tr>
<td style="width: 50%; text-align: center;"><a href="https://thomas-bedel.de/walter-zimbrich/wp-content/uploads/sites/2/2026/03/Mejean_9.jpg"><img decoding="async" loading="lazy" class="size-thumbnail wp-image-5545" src="https://thomas-bedel.de/walter-zimbrich/wp-content/uploads/sites/2/2026/03/Mejean_9-150x150.jpg" alt="" width="150" height="150" /></a></td>
<td style="width: 50%;"><span style="font-family: tahoma, arial, helvetica, sans-serif;"><strong>Méjean IX</strong></span></p>
<p><span style="font-family: tahoma, arial, helvetica, sans-serif;"><strong>Technik:</strong> Acryl</span></p>
<p><span style="font-family: tahoma, arial, helvetica, sans-serif;"><strong>Größe: </strong>60 x 84 cm</span></p>
<p><span style="font-family: tahoma, arial, helvetica, sans-serif;"><strong>Werkverzeichnis: </strong>Mé/9/90</span></p>
<p>&nbsp;</td>
</tr>
<tr>
<td style="width: 50%; text-align: center;"><a href="https://thomas-bedel.de/walter-zimbrich/wp-content/uploads/sites/2/2026/03/Mejean_10.jpg"><img decoding="async" loading="lazy" class="size-thumbnail wp-image-5546" src="https://thomas-bedel.de/walter-zimbrich/wp-content/uploads/sites/2/2026/03/Mejean_10-150x150.jpg" alt="" width="150" height="150" /></a></td>
<td style="width: 50%;"><span style="font-family: tahoma, arial, helvetica, sans-serif;"><strong>Méjean X</strong></span></p>
<p><span style="font-family: tahoma, arial, helvetica, sans-serif;"><strong>Technik:</strong> Acryl</span></p>
<p><span style="font-family: tahoma, arial, helvetica, sans-serif;"><strong>Größe: </strong>60 x 84 cm</span></p>
<p><span style="font-family: tahoma, arial, helvetica, sans-serif;"><strong>Werkverzeichnis: </strong>Mé/10/91</span></p>
<p>&nbsp;</td>
</tr>
</tbody>
</table>

<p>Méjean I Technik: Acryl Größe: 60 x 84 cm Werkverzeichnis: Mé/1/90 &nbsp; Méjean II Technik: Acryl Größe: 60 x 84 cm Werkverzeichnis: Mé/2/90 &nbsp; Méjean III Technik: Acryl Größe: 60 x 84 cm Werkverzeichnis: Mé/3/90 &nbsp; Méjean IV Technik: Acryl Größe: 60 x 84 cm Werkverzeichnis: Mé/4/90 &nbsp; Méjean V Technik: Acryl Größe: 60 x 84 cm Werkverzeichnis: Mé/5/90 &nbsp;</p>
